 {"id":9262,"date":"2020-02-03T11:15:24","date_gmt":"2020-02-03T09:15:24","guid":{"rendered":"http:\/\/gap47.astrosurf.com\/?page_id=9262"},"modified":"2020-02-03T11:24:53","modified_gmt":"2020-02-03T09:24:53","slug":"les-granules-du-soleil","status":"publish","type":"page","link":"https:\/\/gap47.astrosurf.com\/index.php\/les-granules-du-soleil\/","title":{"rendered":"Les granules du Soleil"},"content":{"rendered":"<p><strong><span style=\"font-family: arial, helvetica, sans-serif; font-size: 20px;\">Les granules de la surface du Soleil en haute r\u00e9solution<\/span><\/strong><\/p>\n<p>&nbsp;<\/p>\n<p style=\"text-align: justify;\"><span style=\"font-family: 'times new roman', times, serif; font-size: 20px;\">Pourquoi la surface du Soleil change-t-elle ? Pour nous aider \u00e0 le comprendre, la fondation am\u00e9ricaine pour la science a construit le t\u00e9lescope \u00ab Daniel K. Inouye \u00bb \u00e0 Hawa\u00ef. Le t\u00e9lescope Inouye dispose d\u2019un miroir plus grand qui permet de capturer des images avec une plus haute r\u00e9solution, \u00e0 un rythme plus rapide, avec plus de couleurs que jamais auparavant. On voit ici les premi\u00e8res images prises sur une p\u00e9riode de 10 minutes et rassembl\u00e9es dans une vid\u00e9o de 5 secondes. Cette vid\u00e9o capture sur le Soleil une zone d\u2019environ la taille de la Terre, o\u00f9 l\u2019on voit des \u00ab granules \u00bb de la taille d\u2019un pays, avec une r\u00e9solution de 30 km par pixel. Les centres des granules sont brillants en raison du jaillissement vers le haut du plasma solaire, tr\u00e8s chaud, tandis que les bords des granules sont plus sombres \u00e0 cause du plasma refroidi qui retombe. Quelques zones entre les granules sont tr\u00e8s brillantes car elles sont de curieuses fen\u00eatres magn\u00e9tiques vers l\u2019int\u00e9rieur du Soleil, profond et plus chaud. Comment est-ce que le magn\u00e9tisme du Soleil change constamment et affecte notre Terre distante, parmi d\u2019autres sujets, sera \u00e9tudi\u00e9 dans les ann\u00e9es \u00e0 venir en utilisant les donn\u00e9es du t\u00e9lescope Inouye.<\/span><\/p>\n<div style=\"width: 525px;\" class=\"wp-video\"><video class=\"wp-video-shortcode\" id=\"video-9262-1\" width=\"525\" height=\"295\" loop autoplay preload=\"metadata\" controls=\"controls\"><source type=\"video\/mp4\" src=\"http:\/\/gap47.astrosurf.com\/wp-content\/uploads\/2020\/02\/Solar-Granules-at-Record-High-Resolution.mp4?_=1\" \/><a href=\"http:\/\/gap47.astrosurf.com\/wp-content\/uploads\/2020\/02\/Solar-Granules-at-Record-High-Resolution.mp4\">http:\/\/gap47.astrosurf.com\/wp-content\/uploads\/2020\/02\/Solar-Granules-at-Record-High-Resolution.mp4<\/a><\/video><\/div>\n<p style=\"text-align: center;\"><em><span style=\"font-family: 'times new roman', times, serif; font-size: 16px;\">Credit : APOD, NSO, NSF, AURA, Inouye Solar Telescope<\/span><\/em><\/p>\n<p style=\"text-align: right;\"><span style=\"font-family: arial, helvetica, sans-serif; font-size: 16px;\">Traduction : Olivier Sabbagh<\/span><\/p>\n","protected":false},"excerpt":{"rendered":"<p>Les granules de la surface du Soleil en haute r\u00e9solution &nbsp; Pourquoi la surface du Soleil change-t-elle ? Pour nous aider \u00e0 le comprendre, la fondation am\u00e9ricaine pour la science a construit le t\u00e9lescope \u00ab Daniel K. Inouye \u00bb \u00e0 Hawa\u00ef. Le t\u00e9lescope Inouye dispose d\u2019un miroir plus grand qui permet de capturer des images &hellip; <\/p>\n<p class=\"link-more\"><a href=\"https:\/\/gap47.astrosurf.com\/index.php\/les-granules-du-soleil\/\" class=\"more-link\">Continuer la lecture<span class=\"screen-reader-text\"> de &laquo;&nbsp;Les granules du Soleil&nbsp;&raquo;<\/span><\/a><\/p>\n","protected":false},"author":5,"featured_media":0,"parent":0,"menu_order":0,"comment_status":"closed","ping_status":"closed","template":"","meta":{"_exactmetrics_skip_tracking":false,"_exactmetrics_sitenote_active":false,"_exactmetrics_sitenote_note":"","_exactmetrics_sitenote_category":0,"ngg_post_thumbnail":0,"footnotes":""},"class_list":["post-9262","page","type-page","status-publish","hentry"],"yoast_head":"<!-- This site is optimized with the Yoast SEO plugin v24.8.1 - https:\/\/yoast.com\/wordpress\/plugins\/seo\/ -->\n<title>Les granules du Soleil - L&#039;observatoire est ouvert aux visiteurs tous les vendredis soirs \u00e0 21 heures, jusqu&#039;au 3 juillet 2026 inclus, sans r\u00e9servation.<\/title>\n<meta name=\"robots\" content=\"index, follow, max-snippet:-1, max-image-preview:large, max-video-preview:-1\" \/>\n<link rel=\"canonical\" href=\"https:\/\/gap47.astrosurf.com\/index.php\/les-granules-du-soleil\/\" \/>\n<meta property=\"og:locale\" content=\"fr_FR\" \/>\n<meta property=\"og:type\" content=\"article\" \/>\n<meta property=\"og:title\" content=\"Les granules du Soleil - L&#039;observatoire est ouvert aux visiteurs tous les vendredis soirs \u00e0 21 heures, jusqu&#039;au 3 juillet 2026 inclus, sans r\u00e9servation.\" \/>\n<meta property=\"og:description\" content=\"Les granules de la surface du Soleil en haute r\u00e9solution &nbsp; Pourquoi la surface du Soleil change-t-elle ? Pour nous aider \u00e0 le comprendre, la fondation am\u00e9ricaine pour la science a construit le t\u00e9lescope \u00ab Daniel K. Inouye \u00bb \u00e0 Hawa\u00ef. Le t\u00e9lescope Inouye dispose d\u2019un miroir plus grand qui permet de capturer des images &hellip; Continuer la lecture de &laquo;&nbsp;Les granules du Soleil&nbsp;&raquo;\" \/>\n<meta property=\"og:url\" content=\"https:\/\/gap47.astrosurf.com\/index.php\/les-granules-du-soleil\/\" \/>\n<meta property=\"og:site_name\" content=\"L&#039;observatoire est ouvert aux visiteurs tous les vendredis soirs \u00e0 21 heures, jusqu&#039;au 3 juillet 2026 inclus, sans r\u00e9servation.\" \/>\n<meta property=\"article:publisher\" content=\"https:\/\/www.facebook.com\/astrogap47\/\" \/>\n<meta property=\"article:modified_time\" content=\"2020-02-03T09:24:53+00:00\" \/>\n<meta name=\"twitter:card\" content=\"summary_large_image\" \/>\n<meta name=\"twitter:label1\" content=\"Dur\u00e9e de lecture estim\u00e9e\" \/>\n\t<meta name=\"twitter:data1\" content=\"1 minute\" \/>\n<script type=\"application\/ld+json\" class=\"yoast-schema-graph\">{\"@context\":\"https:\/\/schema.org\",\"@graph\":[{\"@type\":\"WebPage\",\"@id\":\"https:\/\/gap47.astrosurf.com\/index.php\/les-granules-du-soleil\/\",\"url\":\"https:\/\/gap47.astrosurf.com\/index.php\/les-granules-du-soleil\/\",\"name\":\"Les granules du Soleil - L&#039;observatoire est ouvert aux visiteurs tous les vendredis soirs \u00e0 21 heures, jusqu&#039;au 3 juillet 2026 inclus, sans r\u00e9servation.\",\"isPartOf\":{\"@id\":\"https:\/\/gap47.astrosurf.com\/#website\"},\"datePublished\":\"2020-02-03T09:15:24+00:00\",\"dateModified\":\"2020-02-03T09:24:53+00:00\",\"breadcrumb\":{\"@id\":\"https:\/\/gap47.astrosurf.com\/index.php\/les-granules-du-soleil\/#breadcrumb\"},\"inLanguage\":\"fr-FR\",\"potentialAction\":[{\"@type\":\"ReadAction\",\"target\":[\"https:\/\/gap47.astrosurf.com\/index.php\/les-granules-du-soleil\/\"]}]},{\"@type\":\"BreadcrumbList\",\"@id\":\"https:\/\/gap47.astrosurf.com\/index.php\/les-granules-du-soleil\/#breadcrumb\",\"itemListElement\":[{\"@type\":\"ListItem\",\"position\":1,\"name\":\"Accueil\",\"item\":\"https:\/\/gap47.astrosurf.com\/\"},{\"@type\":\"ListItem\",\"position\":2,\"name\":\"Les granules du Soleil\"}]},{\"@type\":\"WebSite\",\"@id\":\"https:\/\/gap47.astrosurf.com\/#website\",\"url\":\"https:\/\/gap47.astrosurf.com\/\",\"name\":\"De janvier \u00e0 fin juin 2024, le GAP47 sera ouvert aux visiteurs tous les vendredis \u00e0 21h sans r\u00e9servation, \u00e0 l'exception du vendredi 26 janvier o\u00f9 l'observatoire sera ferm\u00e9 au public.\",\"description\":\"Groupe d&#039;Astronomie Populaire du Lot-et-Garonne, \u00e0 Montayral\",\"potentialAction\":[{\"@type\":\"SearchAction\",\"target\":{\"@type\":\"EntryPoint\",\"urlTemplate\":\"https:\/\/gap47.astrosurf.com\/?s={search_term_string}\"},\"query-input\":{\"@type\":\"PropertyValueSpecification\",\"valueRequired\":true,\"valueName\":\"search_term_string\"}}],\"inLanguage\":\"fr-FR\"}]}<\/script>\n<!-- \/ Yoast SEO plugin. -->","yoast_head_json":{"title":"Les granules du Soleil - L&#039;observatoire est ouvert aux visiteurs tous les vendredis soirs \u00e0 21 heures, jusqu&#039;au 3 juillet 2026 inclus, sans r\u00e9servation.","robots":{"index":"index","follow":"follow","max-snippet":"max-snippet:-1","max-image-preview":"max-image-preview:large","max-video-preview":"max-video-preview:-1"},"canonical":"https:\/\/gap47.astrosurf.com\/index.php\/les-granules-du-soleil\/","og_locale":"fr_FR","og_type":"article","og_title":"Les granules du Soleil - L&#039;observatoire est ouvert aux visiteurs tous les vendredis soirs \u00e0 21 heures, jusqu&#039;au 3 juillet 2026 inclus, sans r\u00e9servation.","og_description":"Les granules de la surface du Soleil en haute r\u00e9solution &nbsp; Pourquoi la surface du Soleil change-t-elle ? Pour nous aider \u00e0 le comprendre, la fondation am\u00e9ricaine pour la science a construit le t\u00e9lescope \u00ab Daniel K. Inouye \u00bb \u00e0 Hawa\u00ef. Le t\u00e9lescope Inouye dispose d\u2019un miroir plus grand qui permet de capturer des images &hellip; Continuer la lecture de &laquo;&nbsp;Les granules du Soleil&nbsp;&raquo;","og_url":"https:\/\/gap47.astrosurf.com\/index.php\/les-granules-du-soleil\/","og_site_name":"L&#039;observatoire est ouvert aux visiteurs tous les vendredis soirs \u00e0 21 heures, jusqu&#039;au 3 juillet 2026 inclus, sans r\u00e9servation.","article_publisher":"https:\/\/www.facebook.com\/astrogap47\/","article_modified_time":"2020-02-03T09:24:53+00:00","twitter_card":"summary_large_image","twitter_misc":{"Dur\u00e9e de lecture estim\u00e9e":"1 minute"},"schema":{"@context":"https:\/\/schema.org","@graph":[{"@type":"WebPage","@id":"https:\/\/gap47.astrosurf.com\/index.php\/les-granules-du-soleil\/","url":"https:\/\/gap47.astrosurf.com\/index.php\/les-granules-du-soleil\/","name":"Les granules du Soleil - L&#039;observatoire est ouvert aux visiteurs tous les vendredis soirs \u00e0 21 heures, jusqu&#039;au 3 juillet 2026 inclus, sans r\u00e9servation.","isPartOf":{"@id":"https:\/\/gap47.astrosurf.com\/#website"},"datePublished":"2020-02-03T09:15:24+00:00","dateModified":"2020-02-03T09:24:53+00:00","breadcrumb":{"@id":"https:\/\/gap47.astrosurf.com\/index.php\/les-granules-du-soleil\/#breadcrumb"},"inLanguage":"fr-FR","potentialAction":[{"@type":"ReadAction","target":["https:\/\/gap47.astrosurf.com\/index.php\/les-granules-du-soleil\/"]}]},{"@type":"BreadcrumbList","@id":"https:\/\/gap47.astrosurf.com\/index.php\/les-granules-du-soleil\/#breadcrumb","itemListElement":[{"@type":"ListItem","position":1,"name":"Accueil","item":"https:\/\/gap47.astrosurf.com\/"},{"@type":"ListItem","position":2,"name":"Les granules du Soleil"}]},{"@type":"WebSite","@id":"https:\/\/gap47.astrosurf.com\/#website","url":"https:\/\/gap47.astrosurf.com\/","name":"De janvier \u00e0 fin juin 2024, le GAP47 sera ouvert aux visiteurs tous les vendredis \u00e0 21h sans r\u00e9servation, \u00e0 l'exception du vendredi 26 janvier o\u00f9 l'observatoire sera ferm\u00e9 au public.","description":"Groupe d&#039;Astronomie Populaire du Lot-et-Garonne, \u00e0 Montayral","potentialAction":[{"@type":"SearchAction","target":{"@type":"EntryPoint","urlTemplate":"https:\/\/gap47.astrosurf.com\/?s={search_term_string}"},"query-input":{"@type":"PropertyValueSpecification","valueRequired":true,"valueName":"search_term_string"}}],"inLanguage":"fr-FR"}]}},"_links":{"self":[{"href":"https:\/\/gap47.astrosurf.com\/index.php\/wp-json\/wp\/v2\/pages\/9262","targetHints":{"allow":["GET"]}}],"collection":[{"href":"https:\/\/gap47.astrosurf.com\/index.php\/wp-json\/wp\/v2\/pages"}],"about":[{"href":"https:\/\/gap47.astrosurf.com\/index.php\/wp-json\/wp\/v2\/types\/page"}],"author":[{"embeddable":true,"href":"https:\/\/gap47.astrosurf.com\/index.php\/wp-json\/wp\/v2\/users\/5"}],"replies":[{"embeddable":true,"href":"https:\/\/gap47.astrosurf.com\/index.php\/wp-json\/wp\/v2\/comments?post=9262"}],"version-history":[{"count":5,"href":"https:\/\/gap47.astrosurf.com\/index.php\/wp-json\/wp\/v2\/pages\/9262\/revisions"}],"predecessor-version":[{"id":9269,"href":"https:\/\/gap47.astrosurf.com\/index.php\/wp-json\/wp\/v2\/pages\/9262\/revisions\/9269"}],"wp:attachment":[{"href":"https:\/\/gap47.astrosurf.com\/index.php\/wp-json\/wp\/v2\/media?parent=9262"}],"curies":[{"name":"wp","href":"https:\/\/api.w.org\/{rel}","templated":true}]}}