 {"id":9056,"date":"2019-12-28T16:39:10","date_gmt":"2019-12-28T14:39:10","guid":{"rendered":"http:\/\/gap47.astrosurf.com\/?page_id=9056"},"modified":"2019-12-28T16:53:21","modified_gmt":"2019-12-28T14:53:21","slug":"phobos-par-mars-express","status":"publish","type":"page","link":"https:\/\/gap47.astrosurf.com\/index.php\/phobos-par-mars-express\/","title":{"rendered":"Phobos par Mars Express"},"content":{"rendered":"<p style=\"text-align: center;\"><span style=\"font-family: arial, helvetica, sans-serif; font-size: 24px;\"><strong>Mars Express montre les phases de Phobos<\/strong><\/span><\/p>\n<p style=\"text-align: center;\"><strong><span style=\"color: #008000;\">ESA &#8211; 2019 12 12<\/span><\/strong><\/p>\n<p style=\"text-align: center;\">&nbsp;<\/p>\n<p style=\"text-align: justify;\"><span style=\"font-family: 'times new roman', times, serif; font-size: 20px;\">La sonde Mars Express de l\u2019ESA a r\u00e9cemment pris de photos de Phobos alors que cette lune passait devant la cam\u00e9ra de la sonde, capturant ainsi des vues d\u00e9taill\u00e9es du corps, petit et irr\u00e9gulier sous diff\u00e9rents angles et \u00e9tapes de son survol. Cette s\u00e9quence comprend 41 images prises par la camera \u00e0 haute-r\u00e9solution le 17 Novembre 2019 lors de l\u2019orbite 20 076, quand Phobos est pass\u00e9 pr\u00e8s de Mars Express \u00e0 une distance de 2.400 km. Les images ont une r\u00e9solution de 21 m\/pixel.<\/span><\/p>\n<p style=\"text-align: justify;\"><span style=\"font-family: 'times new roman', times, serif; font-size: 20px;\">Cette opportunit\u00e9 a permis \u00e0 la sonde de photographier de nombreuses caract\u00e9ristiques \u00e0 la surface de cette lune. Parmi elles, un grand nombre de crat\u00e8res d\u2019impact (dont le grand crat\u00e8re Stickney), mais on peut voir aussi un grand nombre de marques lin\u00e9aires et de sillons.<\/span><\/p>\n<div style=\"width: 428px;\" class=\"wp-video\"><video class=\"wp-video-shortcode\" id=\"video-9056-1\" width=\"428\" height=\"432\" autoplay preload=\"metadata\" controls=\"controls\"><source type=\"video\/mp4\" src=\"http:\/\/gap47.astrosurf.com\/wp-content\/uploads\/2019\/12\/1912_037_AR_EN.mp4?_=1\" \/><a href=\"http:\/\/gap47.astrosurf.com\/wp-content\/uploads\/2019\/12\/1912_037_AR_EN.mp4\">http:\/\/gap47.astrosurf.com\/wp-content\/uploads\/2019\/12\/1912_037_AR_EN.mp4<\/a><\/video><\/div>\n<p style=\"text-align: justify;\"><span style=\"font-family: 'times new roman', times, serif; font-size: 20px;\">Cette animation montre Phobos sous de nombreux angles diff\u00e9rents \u2013 on voit cette lune en rotation et lentement \u00eatre \u00e9clair\u00e9e avant qu\u2019elle ne retourne dans l\u2019obscurit\u00e9. Le l\u00e9ger mouvement de bas en haut est caus\u00e9 par l\u2019oscillation de Mars Express. Cela illustre joliment le concept \u00ab&nbsp;d\u2019angle de phase&nbsp;\u00bb : l\u2019angle entre une source lumineuse (dans ce cas le Soleil) et l\u2019observateur (Mars Express), vu depuis l\u2019objet-cible lui-m\u00eame (Phobos). L\u2019angle de phase initial est \u00e0 17\u00b0, tombe \u00e0 presque 0\u00b0 \u00e0 mi-chemin avec Phobos \u00e9clair\u00e9 au maximum, puis remonte \u00e0 15\u00b0 \u00e0 la fin de l\u2019animation.<\/span><\/p>\n<p style=\"text-align: justify;\"><span style=\"font-family: 'times new roman', times, serif; font-size: 20px;\">Cette disposition du Soleil, de Mars Express et de Phobos o\u00f9 ce dernier est observ\u00e9 avec un angle de phase de presque 0\u00b0 est tr\u00e8s rare et n\u2019arrive que trois fois par an au maximum. Les autres opportunit\u00e9s d\u2019avoir un angle de phase inf\u00e9rieur \u00e0 1\u00b0 n\u2019arriveront qu\u2019en avril et septembre 2020. Donc, Mars Express saisit toutes les opportunit\u00e9s de voir cette petite lune sous cet angle, pour mieux mettre en lumi\u00e8re ses propri\u00e9t\u00e9s, son comportement et son origine possible, ses caract\u00e9ristiques orbitales et son emplacement dans l\u2019espace, et fasse la preuve de son potentiel dans la r\u00e9alisation de sa mission.<\/span><\/p>\n<p style=\"text-align: center;\">&nbsp;<\/p>\n<p style=\"text-align: right;\"><span style=\"font-family: arial, helvetica, sans-serif; font-size: 16px;\">Traduction&nbsp;: Olivier Sabbagh<\/span><\/p>\n<p style=\"text-align: center;\">&nbsp;<\/p>\n","protected":false},"excerpt":{"rendered":"<p>Mars Express montre les phases de Phobos ESA &#8211; 2019 12 12 &nbsp; La sonde Mars Express de l\u2019ESA a r\u00e9cemment pris de photos de Phobos alors que cette lune passait devant la cam\u00e9ra de la sonde, capturant ainsi des vues d\u00e9taill\u00e9es du corps, petit et irr\u00e9gulier sous diff\u00e9rents angles et \u00e9tapes de son survol. &hellip; <\/p>\n<p class=\"link-more\"><a href=\"https:\/\/gap47.astrosurf.com\/index.php\/phobos-par-mars-express\/\" class=\"more-link\">Continuer la lecture<span class=\"screen-reader-text\"> de &laquo;&nbsp;Phobos par Mars Express&nbsp;&raquo;<\/span><\/a><\/p>\n","protected":false},"author":5,"featured_media":0,"parent":0,"menu_order":0,"comment_status":"closed","ping_status":"closed","template":"","meta":{"_exactmetrics_skip_tracking":false,"_exactmetrics_sitenote_active":false,"_exactmetrics_sitenote_note":"","_exactmetrics_sitenote_category":0,"ngg_post_thumbnail":0,"footnotes":""},"class_list":["post-9056","page","type-page","status-publish","hentry"],"yoast_head":"<!-- This site is optimized with the Yoast SEO plugin v24.8.1 - https:\/\/yoast.com\/wordpress\/plugins\/seo\/ -->\n<title>Phobos par Mars Express - L&#039;observatoire est ouvert aux visiteurs tous les vendredis soirs \u00e0 21 heures, jusqu&#039;au 3 juillet 2026 inclus, sans r\u00e9servation.<\/title>\n<meta name=\"robots\" content=\"index, follow, max-snippet:-1, max-image-preview:large, max-video-preview:-1\" \/>\n<link rel=\"canonical\" href=\"https:\/\/gap47.astrosurf.com\/index.php\/phobos-par-mars-express\/\" \/>\n<meta property=\"og:locale\" content=\"fr_FR\" \/>\n<meta property=\"og:type\" content=\"article\" \/>\n<meta property=\"og:title\" content=\"Phobos par Mars Express - L&#039;observatoire est ouvert aux visiteurs tous les vendredis soirs \u00e0 21 heures, jusqu&#039;au 3 juillet 2026 inclus, sans r\u00e9servation.\" \/>\n<meta property=\"og:description\" content=\"Mars Express montre les phases de Phobos ESA &#8211; 2019 12 12 &nbsp; La sonde Mars Express de l\u2019ESA a r\u00e9cemment pris de photos de Phobos alors que cette lune passait devant la cam\u00e9ra de la sonde, capturant ainsi des vues d\u00e9taill\u00e9es du corps, petit et irr\u00e9gulier sous diff\u00e9rents angles et \u00e9tapes de son survol. &hellip; Continuer la lecture de &laquo;&nbsp;Phobos par Mars Express&nbsp;&raquo;\" \/>\n<meta property=\"og:url\" content=\"https:\/\/gap47.astrosurf.com\/index.php\/phobos-par-mars-express\/\" \/>\n<meta property=\"og:site_name\" content=\"L&#039;observatoire est ouvert aux visiteurs tous les vendredis soirs \u00e0 21 heures, jusqu&#039;au 3 juillet 2026 inclus, sans r\u00e9servation.\" \/>\n<meta property=\"article:publisher\" content=\"https:\/\/www.facebook.com\/astrogap47\/\" \/>\n<meta property=\"article:modified_time\" content=\"2019-12-28T14:53:21+00:00\" \/>\n<meta name=\"twitter:card\" content=\"summary_large_image\" \/>\n<meta name=\"twitter:label1\" content=\"Dur\u00e9e de lecture estim\u00e9e\" \/>\n\t<meta name=\"twitter:data1\" content=\"2 minutes\" \/>\n<script type=\"application\/ld+json\" class=\"yoast-schema-graph\">{\"@context\":\"https:\/\/schema.org\",\"@graph\":[{\"@type\":\"WebPage\",\"@id\":\"https:\/\/gap47.astrosurf.com\/index.php\/phobos-par-mars-express\/\",\"url\":\"https:\/\/gap47.astrosurf.com\/index.php\/phobos-par-mars-express\/\",\"name\":\"Phobos par Mars Express - L&#039;observatoire est ouvert aux visiteurs tous les vendredis soirs \u00e0 21 heures, jusqu&#039;au 3 juillet 2026 inclus, sans r\u00e9servation.\",\"isPartOf\":{\"@id\":\"https:\/\/gap47.astrosurf.com\/#website\"},\"datePublished\":\"2019-12-28T14:39:10+00:00\",\"dateModified\":\"2019-12-28T14:53:21+00:00\",\"breadcrumb\":{\"@id\":\"https:\/\/gap47.astrosurf.com\/index.php\/phobos-par-mars-express\/#breadcrumb\"},\"inLanguage\":\"fr-FR\",\"potentialAction\":[{\"@type\":\"ReadAction\",\"target\":[\"https:\/\/gap47.astrosurf.com\/index.php\/phobos-par-mars-express\/\"]}]},{\"@type\":\"BreadcrumbList\",\"@id\":\"https:\/\/gap47.astrosurf.com\/index.php\/phobos-par-mars-express\/#breadcrumb\",\"itemListElement\":[{\"@type\":\"ListItem\",\"position\":1,\"name\":\"Accueil\",\"item\":\"https:\/\/gap47.astrosurf.com\/\"},{\"@type\":\"ListItem\",\"position\":2,\"name\":\"Phobos par Mars Express\"}]},{\"@type\":\"WebSite\",\"@id\":\"https:\/\/gap47.astrosurf.com\/#website\",\"url\":\"https:\/\/gap47.astrosurf.com\/\",\"name\":\"De janvier \u00e0 fin juin 2024, le GAP47 sera ouvert aux visiteurs tous les vendredis \u00e0 21h sans r\u00e9servation, \u00e0 l'exception du vendredi 26 janvier o\u00f9 l'observatoire sera ferm\u00e9 au public.\",\"description\":\"Groupe d&#039;Astronomie Populaire du Lot-et-Garonne, \u00e0 Montayral\",\"potentialAction\":[{\"@type\":\"SearchAction\",\"target\":{\"@type\":\"EntryPoint\",\"urlTemplate\":\"https:\/\/gap47.astrosurf.com\/?s={search_term_string}\"},\"query-input\":{\"@type\":\"PropertyValueSpecification\",\"valueRequired\":true,\"valueName\":\"search_term_string\"}}],\"inLanguage\":\"fr-FR\"}]}<\/script>\n<!-- \/ Yoast SEO plugin. -->","yoast_head_json":{"title":"Phobos par Mars Express - L&#039;observatoire est ouvert aux visiteurs tous les vendredis soirs \u00e0 21 heures, jusqu&#039;au 3 juillet 2026 inclus, sans r\u00e9servation.","robots":{"index":"index","follow":"follow","max-snippet":"max-snippet:-1","max-image-preview":"max-image-preview:large","max-video-preview":"max-video-preview:-1"},"canonical":"https:\/\/gap47.astrosurf.com\/index.php\/phobos-par-mars-express\/","og_locale":"fr_FR","og_type":"article","og_title":"Phobos par Mars Express - L&#039;observatoire est ouvert aux visiteurs tous les vendredis soirs \u00e0 21 heures, jusqu&#039;au 3 juillet 2026 inclus, sans r\u00e9servation.","og_description":"Mars Express montre les phases de Phobos ESA &#8211; 2019 12 12 &nbsp; La sonde Mars Express de l\u2019ESA a r\u00e9cemment pris de photos de Phobos alors que cette lune passait devant la cam\u00e9ra de la sonde, capturant ainsi des vues d\u00e9taill\u00e9es du corps, petit et irr\u00e9gulier sous diff\u00e9rents angles et \u00e9tapes de son survol. &hellip; Continuer la lecture de &laquo;&nbsp;Phobos par Mars Express&nbsp;&raquo;","og_url":"https:\/\/gap47.astrosurf.com\/index.php\/phobos-par-mars-express\/","og_site_name":"L&#039;observatoire est ouvert aux visiteurs tous les vendredis soirs \u00e0 21 heures, jusqu&#039;au 3 juillet 2026 inclus, sans r\u00e9servation.","article_publisher":"https:\/\/www.facebook.com\/astrogap47\/","article_modified_time":"2019-12-28T14:53:21+00:00","twitter_card":"summary_large_image","twitter_misc":{"Dur\u00e9e de lecture estim\u00e9e":"2 minutes"},"schema":{"@context":"https:\/\/schema.org","@graph":[{"@type":"WebPage","@id":"https:\/\/gap47.astrosurf.com\/index.php\/phobos-par-mars-express\/","url":"https:\/\/gap47.astrosurf.com\/index.php\/phobos-par-mars-express\/","name":"Phobos par Mars Express - L&#039;observatoire est ouvert aux visiteurs tous les vendredis soirs \u00e0 21 heures, jusqu&#039;au 3 juillet 2026 inclus, sans r\u00e9servation.","isPartOf":{"@id":"https:\/\/gap47.astrosurf.com\/#website"},"datePublished":"2019-12-28T14:39:10+00:00","dateModified":"2019-12-28T14:53:21+00:00","breadcrumb":{"@id":"https:\/\/gap47.astrosurf.com\/index.php\/phobos-par-mars-express\/#breadcrumb"},"inLanguage":"fr-FR","potentialAction":[{"@type":"ReadAction","target":["https:\/\/gap47.astrosurf.com\/index.php\/phobos-par-mars-express\/"]}]},{"@type":"BreadcrumbList","@id":"https:\/\/gap47.astrosurf.com\/index.php\/phobos-par-mars-express\/#breadcrumb","itemListElement":[{"@type":"ListItem","position":1,"name":"Accueil","item":"https:\/\/gap47.astrosurf.com\/"},{"@type":"ListItem","position":2,"name":"Phobos par Mars Express"}]},{"@type":"WebSite","@id":"https:\/\/gap47.astrosurf.com\/#website","url":"https:\/\/gap47.astrosurf.com\/","name":"De janvier \u00e0 fin juin 2024, le GAP47 sera ouvert aux visiteurs tous les vendredis \u00e0 21h sans r\u00e9servation, \u00e0 l'exception du vendredi 26 janvier o\u00f9 l'observatoire sera ferm\u00e9 au public.","description":"Groupe d&#039;Astronomie Populaire du Lot-et-Garonne, \u00e0 Montayral","potentialAction":[{"@type":"SearchAction","target":{"@type":"EntryPoint","urlTemplate":"https:\/\/gap47.astrosurf.com\/?s={search_term_string}"},"query-input":{"@type":"PropertyValueSpecification","valueRequired":true,"valueName":"search_term_string"}}],"inLanguage":"fr-FR"}]}},"_links":{"self":[{"href":"https:\/\/gap47.astrosurf.com\/index.php\/wp-json\/wp\/v2\/pages\/9056","targetHints":{"allow":["GET"]}}],"collection":[{"href":"https:\/\/gap47.astrosurf.com\/index.php\/wp-json\/wp\/v2\/pages"}],"about":[{"href":"https:\/\/gap47.astrosurf.com\/index.php\/wp-json\/wp\/v2\/types\/page"}],"author":[{"embeddable":true,"href":"https:\/\/gap47.astrosurf.com\/index.php\/wp-json\/wp\/v2\/users\/5"}],"replies":[{"embeddable":true,"href":"https:\/\/gap47.astrosurf.com\/index.php\/wp-json\/wp\/v2\/comments?post=9056"}],"version-history":[{"count":5,"href":"https:\/\/gap47.astrosurf.com\/index.php\/wp-json\/wp\/v2\/pages\/9056\/revisions"}],"predecessor-version":[{"id":9063,"href":"https:\/\/gap47.astrosurf.com\/index.php\/wp-json\/wp\/v2\/pages\/9056\/revisions\/9063"}],"wp:attachment":[{"href":"https:\/\/gap47.astrosurf.com\/index.php\/wp-json\/wp\/v2\/media?parent=9056"}],"curies":[{"name":"wp","href":"https:\/\/api.w.org\/{rel}","templated":true}]}}