 {"id":8887,"date":"2019-12-05T14:57:38","date_gmt":"2019-12-05T12:57:38","guid":{"rendered":"http:\/\/gap47.astrosurf.com\/?page_id=8887"},"modified":"2019-12-05T15:43:55","modified_gmt":"2019-12-05T13:43:55","slug":"planete-geante-et-naine-blanche","status":"publish","type":"page","link":"https:\/\/gap47.astrosurf.com\/index.php\/planete-geante-et-naine-blanche\/","title":{"rendered":"Une plan\u00e8te g\u00e9ante autour d&rsquo;une naine blanche"},"content":{"rendered":"<p style=\"text-align: center;\"><span style=\"font-family: arial, helvetica, sans-serif; font-size: 24px;\"><strong>Premi\u00e8re d\u00e9couverte d\u2019une plan\u00e8te g\u00e9ante <\/strong><strong>autour d\u2019une naine blanche<\/strong><\/span><\/p>\n<p style=\"margin: 0cm; margin-bottom: .0001pt; text-align: center;\" align=\"center\"><span style=\"color: #0000ff;\"><strong><span style=\"font-size: 20px; font-family: 'times new roman', times, serif;\">Des observations de l\u2019ESO sugg\u00e8rent que cette exoplan\u00e8te de type Neptune s\u2019\u00e9vapore<\/span><\/strong><\/span><\/p>\n<p>&nbsp;<\/p>\n<p><a href=\"http:\/\/gap47.astrosurf.com\/wp-content\/uploads\/2019\/12\/eso1919b.jpg\"><img loading=\"lazy\" decoding=\"async\" class=\"wp-image-8892 size-full\" src=\"http:\/\/gap47.astrosurf.com\/wp-content\/uploads\/2019\/12\/eso1919b.jpg\" alt=\"\" width=\"2400\" height=\"1471\" srcset=\"https:\/\/gap47.astrosurf.com\/wp-content\/uploads\/2019\/12\/eso1919b.jpg 2400w, https:\/\/gap47.astrosurf.com\/wp-content\/uploads\/2019\/12\/eso1919b-300x184.jpg 300w, https:\/\/gap47.astrosurf.com\/wp-content\/uploads\/2019\/12\/eso1919b-768x471.jpg 768w, https:\/\/gap47.astrosurf.com\/wp-content\/uploads\/2019\/12\/eso1919b-1958x1200.jpg 1958w\" sizes=\"auto, (max-width: 767px) 89vw, (max-width: 1000px) 54vw, (max-width: 1071px) 543px, 580px\" \/><\/a><\/p>\n<p><span style=\"font-size: 20px; font-family: 'times new roman', times, serif;\">Gr\u00e2ce au Very Large Telescope de l\u2019ESO, des chercheurs ont, pour la toute premi\u00e8re fois, d\u00e9tect\u00e9 la pr\u00e9sence d\u2019une plan\u00e8te g\u00e9ante \u00e0 proximit\u00e9 d\u2019une \u00e9toile de type naine blanche. La plan\u00e8te orbite \u00e0 si grande proximit\u00e9 de la naine blanche chaude, vestige d\u2019une \u00e9toile semblable au Soleil, que son atmosph\u00e8re s\u2019\u00e9chappe progressivement, se condensant en un disque de gaz en p\u00e9riph\u00e9rie de l\u2019\u00e9toile. Ce syst\u00e8me unique \u00e9voque la probable destin\u00e9e de notre propre Syst\u00e8me Solaire.<\/span><\/p>\n<p><span style=\"font-size: 20px; font-family: 'times new roman', times, serif;\">\u00ab&nbsp;<em>Cette d\u00e9couverte fut compl\u00e8tement fortuite<\/em>&nbsp;\u00bb d\u00e9clare Boris G\u00e4nsicke de l\u2019Universit\u00e9 de Warwick au Royaume-Uni, qui a pilot\u00e9 cette \u00e9tude dont les r\u00e9sultats paraissent ce jour dans la revue Nature. L\u2019\u00e9quipe a scrut\u00e9 l\u2019environnement de 7000 naines blanches observ\u00e9es dans le cadre du Sloan Digital Sky Survey, et isol\u00e9 l\u2019une d\u2019elles, en apparence diff\u00e9rente des autres. L\u2019analyse des faibles variations de lumi\u00e8re \u00e9mise par l\u2019\u00e9toile a permis \u00e0 l\u2019\u00e9quipe de mettre en \u00e9vidence les traces d\u2019\u00e9l\u00e9ments chimiques en quantit\u00e9s jusqu\u2019\u00e0 pr\u00e9sent inobserv\u00e9es au sein d\u2019une naine blanche. \u00ab&nbsp;<em>Nous pressentions que ce syst\u00e8me pr\u00e9sentait un caract\u00e8re exceptionnel, et nous avons suppos\u00e9 qu\u2019il pourrait constituer le vestige d\u2019un syst\u00e8me plan\u00e9taire&nbsp;\u00bb<\/em>.<\/span><\/p>\n<p><span style=\"font-size: 20px; font-family: 'times new roman', times, serif;\">Afin de mieux cerner les propri\u00e9t\u00e9s de cette \u00e9toile atypique baptis\u00e9e WDJ0914+1914, l\u2019\u00e9quipe l\u2019a analys\u00e9e au moyen de l\u2019instrument X&nbsp;shooter install\u00e9 sur le Very Large Telescope de l\u2019ESO dans le d\u00e9sert chilien de l\u2019Atacama. Ces observations de suivi ont confirm\u00e9 la pr\u00e9sence d\u2019hydrog\u00e8ne, d\u2019oxyg\u00e8ne et de souffre dans l\u2019environnement de la naine blanche. L\u2019\u00e9tude d\u00e9taill\u00e9e du spectre acquis par X&nbsp;shooter a permis \u00e0 l\u2019\u00e9quipe de localiser ces \u00e9l\u00e9ments, non pas dans l\u2019atmosph\u00e8re stellaire, mais au sein d\u2019un disque de gaz tourbillonnant autour de la naine blanche.<\/span><\/p>\n<p><span style=\"font-size: 20px; font-family: 'times new roman', times, serif;\">\u00ab&nbsp;<em>Quelques semaines de r\u00e9flexion furent n\u00e9cessaires pour aboutir \u00e0 la seule conclusion plausible : la cr\u00e9ation de ce disque doit r\u00e9sulter de l\u2019\u00e9vaporation d\u2019une plan\u00e8te g\u00e9ante<\/em>&nbsp;\u00bb, avance Matthias Schreiber de l\u2019Universit\u00e9 de Valparaiso au Chili, auteur des simulations num\u00e9riques de l\u2019\u00e9volution pass\u00e9e et \u00e0 venir de ce syst\u00e8me.<\/span><\/p>\n<p><span style=\"font-size: 20px; font-family: 'times new roman', times, serif;\">Les quantit\u00e9s d\u2019hydrog\u00e8ne, d\u2019oxyg\u00e8ne et de souffre d\u00e9tect\u00e9es sont semblables \u00e0 celles caract\u00e9risant les couches atmosph\u00e9riques profondes des plan\u00e8tes glac\u00e9es et g\u00e9antes telles Neptune et Uranus. Dans l\u2019\u00e9ventualit\u00e9 o\u00f9 une telle plan\u00e8te orbiterait \u00e0 proximit\u00e9 directe d\u2019une naine blanche chaude, l\u2019intense rayonnement ultraviolet en provenance de l\u2019\u00e9toile expulserait ses enveloppes externes et une partie du gaz \u00e9ject\u00e9 se concentrerait en un disque tourbillonnant autour de la naine blanche. Telle est ce que pensent avoir d\u00e9tect\u00e9 les scientifiques autour de WDJ0914+1914 : La premi\u00e8re plan\u00e8te s\u2019\u00e9vaporant au cours de son orbite autour d\u2019une naine blanche.<\/span><\/p>\n<p><span style=\"font-size: 20px; font-family: 'times new roman', times, serif;\">En combinant les donn\u00e9es d\u2019observations aux mod\u00e8les th\u00e9oriques, l\u2019\u00e9quipe d\u2019astronomes du Royaume-Uni, du Chili et d\u2019Allemagne fut en mesure de dresser le portrait le plus fid\u00e8le possible de ce syst\u00e8me unique. La naine blanche est caract\u00e9ris\u00e9e par de faibles dimensions et une temp\u00e9rature de surface \u00e9lev\u00e9e, avoisinant les 28 000 \u00b0C, ce qui repr\u00e9sente cinq fois la temp\u00e9rature de notre Soleil. Par opposition, la plan\u00e8te appara\u00eet glac\u00e9e et g\u00e9ante \u2013 au moins deux fois plus \u00e9tendue que l\u2019\u00e9toile. Parce qu\u2019elle est en orbite autour de la naine blanche chaude \u00e0 faible distance, effectuant une r\u00e9volution compl\u00e8te en 10 jours seulement, les photons hautement \u00e9nerg\u00e9tiques \u00e9mis par l\u2019\u00e9toile expulsent progressivement l\u2019atmosph\u00e8re plan\u00e9taire. La plupart du gaz s\u2019\u00e9chappe, le reste se retrouve pi\u00e9g\u00e9 au sein d\u2019un disque tourbillonnant vers l\u2019\u00e9toile \u00e0 la vitesse de 3000 tonnes par seconde. C\u2019est pr\u00e9cis\u00e9ment la pr\u00e9sence de ce disque qui r\u00e9v\u00e8le l\u2019existence de cette plan\u00e8te de type Neptune.<\/span><\/p>\n<p><span style=\"font-size: 20px; font-family: 'times new roman', times, serif;\">\u00ab&nbsp;<em>C\u2019est la toute premi\u00e8re fois que nous sommes en mesure de d\u00e9terminer les quantit\u00e9s de gaz tels l\u2019oxyg\u00e8ne et le souffre pr\u00e9sents dans le disque, ce qui nous renseigne sur la composition des atmosph\u00e8res exoplan\u00e9taires<\/em>&nbsp;\u00bb pr\u00e9cise Odette Toloza de l\u2019Universit\u00e9 de Warwick, qui a d\u00e9velopp\u00e9 un mod\u00e8le simulant le disque de gaz environnant la naine blanche. \u00ab&nbsp;<em>Cette d\u00e9couverte permet en outre d\u2019affiner notre compr\u00e9hension de la destin\u00e9e finale des syst\u00e8mes plan\u00e9taires<\/em>&nbsp;\u00bb, ajoute Boris G\u00e4nsicke.<\/span><\/p>\n<p><span style=\"font-size: 20px; font-family: 'times new roman', times, serif;\">Les \u00e9toiles semblables \u00e0 notre Soleil consument l\u2019hydrog\u00e8ne composant leurs noyaux durant la majeure partie de leur existence. Lorsque ce carburant vient \u00e0 manquer, elles se transforment en g\u00e9antes rouges : leurs volumes augmentant consid\u00e9rablement, elles engloutissent les plan\u00e8tes les plus proches. Dans le cas du Syst\u00e8me Solaire, Mercure, V\u00e9nus et la Terre se verront absorber par le Soleil devenu g\u00e9ante rouge d\u2019ici 5 milliards d\u2019ann\u00e9es. Puis, les \u00e9toiles de type Soleil perdent leurs enveloppes externes. Subsiste alors leur seul noyau consum\u00e9, une naine blanche. Ces vestiges stellaires peuvent \u00eatre environn\u00e9s de plan\u00e8tes. Nombre de ces syst\u00e8mes stellaires sont suppos\u00e9s exister dans notre galaxie. Toutefois, les scientifiques n\u2019avaient pas encore d\u00e9couvert les preuves de la survie d\u2019une plan\u00e8te g\u00e9ante en p\u00e9riph\u00e9rie d\u2019une naine blanche. La d\u00e9tection d\u2019une exoplan\u00e8te en orbite autour de WDJ0914+1914, \u00e0 quelque 1500 ann\u00e9es-lumi\u00e8re dans la constellation du Cancer, pourrait bien constituer la premi\u00e8re d\u2019une longue s\u00e9rie de d\u00e9couvertes de ce type de syst\u00e8me.<\/span><\/p>\n<p><span style=\"font-size: 20px; font-family: 'times new roman', times, serif;\">Aux dires des chercheurs, l\u2019exoplan\u00e8te d\u00e9couverte au moyen de l\u2019instrument X-shooter de l\u2019ESO orbite la naine blanche \u00e0 quelque 10 millions de kilom\u00e8tres seulement, ce qui repr\u00e9sente quinze rayons solaires, et correspond aux enveloppes internes profondes de la g\u00e9ante rouge. L\u2019actuelle position occup\u00e9e par cette plan\u00e8te sugg\u00e8re que cette derni\u00e8re migra en direction de l\u2019\u00e9toile apr\u00e8s qu\u2019elle se fut transform\u00e9e en naine blanche. Cette nouvelle orbite pourrait r\u00e9sulter d\u2019interactions gravitationnelles avec d\u2019autres plan\u00e8tes du m\u00eame syst\u00e8me, ce qui laisse entrevoir la possibilit\u00e9 que d\u2019autres plan\u00e8tes aient surv\u00e9cu aux phases \u00e9volutives de leur \u00e9toile h\u00f4te.<\/span><\/p>\n<p><span style=\"font-size: 20px; font-family: 'times new roman', times, serif;\">\u201cR\u00e9cemment encore, une minorit\u00e9 d\u2019astronomes se pr\u00e9occupaient du sort des plan\u00e8tes situ\u00e9es en p\u00e9riph\u00e9rie d\u2019\u00e9toiles en fin de vie. Cette d\u00e9couverte d\u2019une plan\u00e8te orbitant \u00e0 grande proximit\u00e9 d\u2019un noyau stellaire consum\u00e9 renforce l\u2019id\u00e9e que l\u2019Univers challenge constamment les id\u00e9es \u00e9tablies qui constellent notre esprit\u201d, conclut Boris G\u00e4nsicke.<\/span><\/p>\n<p style=\"text-align: center;\"><em><strong><span style=\"font-family: arial, helvetica, sans-serif; font-size: 20px;\">Voir ci-dessous une animation explicative de ce ph\u00e9nom\u00e8ne&nbsp; \u2193&nbsp;<\/span><\/strong><\/em><\/p>\n<div style=\"width: 525px;\" class=\"wp-video\"><video class=\"wp-video-shortcode\" id=\"video-8887-1\" width=\"525\" height=\"295\" preload=\"metadata\" controls=\"controls\"><source type=\"video\/mp4\" src=\"http:\/\/gap47.astrosurf.com\/wp-content\/uploads\/2019\/12\/Artist_s-animation-of-the-WDJ09141914-system.mp4?_=1\" \/><a href=\"http:\/\/gap47.astrosurf.com\/wp-content\/uploads\/2019\/12\/Artist_s-animation-of-the-WDJ09141914-system.mp4\">http:\/\/gap47.astrosurf.com\/wp-content\/uploads\/2019\/12\/Artist_s-animation-of-the-WDJ09141914-system.mp4<\/a><\/video><\/div>\n<figure id=\"attachment_8891\" aria-describedby=\"caption-attachment-8891\" style=\"width: 1280px\" class=\"wp-caption aligncenter\"><a href=\"http:\/\/gap47.astrosurf.com\/wp-content\/uploads\/2019\/12\/Cancer.jpg\"><img loading=\"lazy\" decoding=\"async\" class=\"wp-image-8891 size-full\" src=\"http:\/\/gap47.astrosurf.com\/wp-content\/uploads\/2019\/12\/Cancer.jpg\" alt=\"\" width=\"1280\" height=\"1300\" srcset=\"https:\/\/gap47.astrosurf.com\/wp-content\/uploads\/2019\/12\/Cancer.jpg 1280w, https:\/\/gap47.astrosurf.com\/wp-content\/uploads\/2019\/12\/Cancer-295x300.jpg 295w, https:\/\/gap47.astrosurf.com\/wp-content\/uploads\/2019\/12\/Cancer-768x780.jpg 768w, https:\/\/gap47.astrosurf.com\/wp-content\/uploads\/2019\/12\/Cancer-1182x1200.jpg 1182w\" sizes=\"auto, (max-width: 767px) 89vw, (max-width: 1000px) 54vw, (max-width: 1071px) 543px, 580px\" \/><\/a><figcaption id=\"caption-attachment-8891\" class=\"wp-caption-text\"><span style=\"color: #000000;\"><span style=\"font-family: 'times new roman', times, serif; font-size: 16px;\"><em>Sur cette carte figure la localisation de WDJ0914+1914 dans la constellation du Cancer. La plupart des \u00e9toiles visibles \u00e0 l\u2019\u0153il nu par temps clair et par nuit sombre est repr\u00e9sent\u00e9, un cercle de couleur rouge entoure WDJ0914+1914. Cette naine blanche est l\u2019h\u00f4te d\u2019une exoplan\u00e8te de type Neptune en cours d\u2019\u00e9vaporation. Il s\u2019agit de la toute premi\u00e8re plan\u00e8te g\u00e9ante d\u00e9couverte autour d\u2019une naine blanche. <\/em><\/span><span style=\"font-family: 'times new roman', times, serif; font-size: 16px;\"><strong><em>Cr\u00e9dit : <\/em><\/strong><em>ESO, IAU and Sky &amp; Telescope<\/em><\/span><\/span><\/figcaption><\/figure>\n<hr>\n<p>&nbsp;<\/p>\n","protected":false},"excerpt":{"rendered":"<p>Premi\u00e8re d\u00e9couverte d\u2019une plan\u00e8te g\u00e9ante autour d\u2019une naine blanche Des observations de l\u2019ESO sugg\u00e8rent que cette exoplan\u00e8te de type Neptune s\u2019\u00e9vapore &nbsp; Gr\u00e2ce au Very Large Telescope de l\u2019ESO, des chercheurs ont, pour la toute premi\u00e8re fois, d\u00e9tect\u00e9 la pr\u00e9sence d\u2019une plan\u00e8te g\u00e9ante \u00e0 proximit\u00e9 d\u2019une \u00e9toile de type naine blanche. La plan\u00e8te orbite \u00e0 &hellip; <\/p>\n<p class=\"link-more\"><a href=\"https:\/\/gap47.astrosurf.com\/index.php\/planete-geante-et-naine-blanche\/\" class=\"more-link\">Continuer la lecture<span class=\"screen-reader-text\"> de &laquo;&nbsp;Une plan\u00e8te g\u00e9ante autour d&rsquo;une naine blanche&nbsp;&raquo;<\/span><\/a><\/p>\n","protected":false},"author":5,"featured_media":0,"parent":0,"menu_order":0,"comment_status":"closed","ping_status":"closed","template":"","meta":{"_exactmetrics_skip_tracking":false,"_exactmetrics_sitenote_active":false,"_exactmetrics_sitenote_note":"","_exactmetrics_sitenote_category":0,"ngg_post_thumbnail":0,"footnotes":""},"class_list":["post-8887","page","type-page","status-publish","hentry"],"yoast_head":"<!-- This site is optimized with the Yoast SEO plugin v24.8.1 - https:\/\/yoast.com\/wordpress\/plugins\/seo\/ -->\n<title>Une plan\u00e8te g\u00e9ante autour d&#039;une naine blanche - L&#039;observatoire est ouvert aux visiteurs tous les vendredis soirs \u00e0 21 heures, jusqu&#039;au 3 juillet 2026 inclus, sans r\u00e9servation.<\/title>\n<meta name=\"robots\" content=\"index, follow, max-snippet:-1, max-image-preview:large, max-video-preview:-1\" \/>\n<link rel=\"canonical\" href=\"https:\/\/gap47.astrosurf.com\/index.php\/planete-geante-et-naine-blanche\/\" \/>\n<meta property=\"og:locale\" content=\"fr_FR\" \/>\n<meta property=\"og:type\" content=\"article\" \/>\n<meta property=\"og:title\" content=\"Une plan\u00e8te g\u00e9ante autour d&#039;une naine blanche - L&#039;observatoire est ouvert aux visiteurs tous les vendredis soirs \u00e0 21 heures, jusqu&#039;au 3 juillet 2026 inclus, sans r\u00e9servation.\" \/>\n<meta property=\"og:description\" content=\"Premi\u00e8re d\u00e9couverte d\u2019une plan\u00e8te g\u00e9ante autour d\u2019une naine blanche Des observations de l\u2019ESO sugg\u00e8rent que cette exoplan\u00e8te de type Neptune s\u2019\u00e9vapore &nbsp; Gr\u00e2ce au Very Large Telescope de l\u2019ESO, des chercheurs ont, pour la toute premi\u00e8re fois, d\u00e9tect\u00e9 la pr\u00e9sence d\u2019une plan\u00e8te g\u00e9ante \u00e0 proximit\u00e9 d\u2019une \u00e9toile de type naine blanche. La plan\u00e8te orbite \u00e0 &hellip; Continuer la lecture de &laquo;&nbsp;Une plan\u00e8te g\u00e9ante autour d&rsquo;une naine blanche&nbsp;&raquo;\" \/>\n<meta property=\"og:url\" content=\"https:\/\/gap47.astrosurf.com\/index.php\/planete-geante-et-naine-blanche\/\" \/>\n<meta property=\"og:site_name\" content=\"L&#039;observatoire est ouvert aux visiteurs tous les vendredis soirs \u00e0 21 heures, jusqu&#039;au 3 juillet 2026 inclus, sans r\u00e9servation.\" \/>\n<meta property=\"article:publisher\" content=\"https:\/\/www.facebook.com\/astrogap47\/\" \/>\n<meta property=\"article:modified_time\" content=\"2019-12-05T13:43:55+00:00\" \/>\n<meta property=\"og:image\" content=\"http:\/\/gap47.astrosurf.com\/wp-content\/uploads\/2019\/12\/eso1919b.jpg\" \/>\n<meta name=\"twitter:card\" content=\"summary_large_image\" \/>\n<meta name=\"twitter:label1\" content=\"Dur\u00e9e de lecture estim\u00e9e\" \/>\n\t<meta name=\"twitter:data1\" content=\"7 minutes\" \/>\n<script type=\"application\/ld+json\" class=\"yoast-schema-graph\">{\"@context\":\"https:\/\/schema.org\",\"@graph\":[{\"@type\":\"WebPage\",\"@id\":\"https:\/\/gap47.astrosurf.com\/index.php\/planete-geante-et-naine-blanche\/\",\"url\":\"https:\/\/gap47.astrosurf.com\/index.php\/planete-geante-et-naine-blanche\/\",\"name\":\"Une plan\u00e8te g\u00e9ante autour d'une naine blanche - L&#039;observatoire est ouvert aux visiteurs tous les vendredis soirs \u00e0 21 heures, jusqu&#039;au 3 juillet 2026 inclus, sans r\u00e9servation.\",\"isPartOf\":{\"@id\":\"https:\/\/gap47.astrosurf.com\/#website\"},\"primaryImageOfPage\":{\"@id\":\"https:\/\/gap47.astrosurf.com\/index.php\/planete-geante-et-naine-blanche\/#primaryimage\"},\"image\":{\"@id\":\"https:\/\/gap47.astrosurf.com\/index.php\/planete-geante-et-naine-blanche\/#primaryimage\"},\"thumbnailUrl\":\"http:\/\/gap47.astrosurf.com\/wp-content\/uploads\/2019\/12\/eso1919b.jpg\",\"datePublished\":\"2019-12-05T12:57:38+00:00\",\"dateModified\":\"2019-12-05T13:43:55+00:00\",\"breadcrumb\":{\"@id\":\"https:\/\/gap47.astrosurf.com\/index.php\/planete-geante-et-naine-blanche\/#breadcrumb\"},\"inLanguage\":\"fr-FR\",\"potentialAction\":[{\"@type\":\"ReadAction\",\"target\":[\"https:\/\/gap47.astrosurf.com\/index.php\/planete-geante-et-naine-blanche\/\"]}]},{\"@type\":\"ImageObject\",\"inLanguage\":\"fr-FR\",\"@id\":\"https:\/\/gap47.astrosurf.com\/index.php\/planete-geante-et-naine-blanche\/#primaryimage\",\"url\":\"http:\/\/gap47.astrosurf.com\/wp-content\/uploads\/2019\/12\/eso1919b.jpg\",\"contentUrl\":\"http:\/\/gap47.astrosurf.com\/wp-content\/uploads\/2019\/12\/eso1919b.jpg\"},{\"@type\":\"BreadcrumbList\",\"@id\":\"https:\/\/gap47.astrosurf.com\/index.php\/planete-geante-et-naine-blanche\/#breadcrumb\",\"itemListElement\":[{\"@type\":\"ListItem\",\"position\":1,\"name\":\"Accueil\",\"item\":\"https:\/\/gap47.astrosurf.com\/\"},{\"@type\":\"ListItem\",\"position\":2,\"name\":\"Une plan\u00e8te g\u00e9ante autour d&#8217;une naine blanche\"}]},{\"@type\":\"WebSite\",\"@id\":\"https:\/\/gap47.astrosurf.com\/#website\",\"url\":\"https:\/\/gap47.astrosurf.com\/\",\"name\":\"De janvier \u00e0 fin juin 2024, le GAP47 sera ouvert aux visiteurs tous les vendredis \u00e0 21h sans r\u00e9servation, \u00e0 l'exception du vendredi 26 janvier o\u00f9 l'observatoire sera ferm\u00e9 au public.\",\"description\":\"Groupe d&#039;Astronomie Populaire du Lot-et-Garonne, \u00e0 Montayral\",\"potentialAction\":[{\"@type\":\"SearchAction\",\"target\":{\"@type\":\"EntryPoint\",\"urlTemplate\":\"https:\/\/gap47.astrosurf.com\/?s={search_term_string}\"},\"query-input\":{\"@type\":\"PropertyValueSpecification\",\"valueRequired\":true,\"valueName\":\"search_term_string\"}}],\"inLanguage\":\"fr-FR\"}]}<\/script>\n<!-- \/ Yoast SEO plugin. -->","yoast_head_json":{"title":"Une plan\u00e8te g\u00e9ante autour d'une naine blanche - L&#039;observatoire est ouvert aux visiteurs tous les vendredis soirs \u00e0 21 heures, jusqu&#039;au 3 juillet 2026 inclus, sans r\u00e9servation.","robots":{"index":"index","follow":"follow","max-snippet":"max-snippet:-1","max-image-preview":"max-image-preview:large","max-video-preview":"max-video-preview:-1"},"canonical":"https:\/\/gap47.astrosurf.com\/index.php\/planete-geante-et-naine-blanche\/","og_locale":"fr_FR","og_type":"article","og_title":"Une plan\u00e8te g\u00e9ante autour d'une naine blanche - L&#039;observatoire est ouvert aux visiteurs tous les vendredis soirs \u00e0 21 heures, jusqu&#039;au 3 juillet 2026 inclus, sans r\u00e9servation.","og_description":"Premi\u00e8re d\u00e9couverte d\u2019une plan\u00e8te g\u00e9ante autour d\u2019une naine blanche Des observations de l\u2019ESO sugg\u00e8rent que cette exoplan\u00e8te de type Neptune s\u2019\u00e9vapore &nbsp; Gr\u00e2ce au Very Large Telescope de l\u2019ESO, des chercheurs ont, pour la toute premi\u00e8re fois, d\u00e9tect\u00e9 la pr\u00e9sence d\u2019une plan\u00e8te g\u00e9ante \u00e0 proximit\u00e9 d\u2019une \u00e9toile de type naine blanche. La plan\u00e8te orbite \u00e0 &hellip; Continuer la lecture de &laquo;&nbsp;Une plan\u00e8te g\u00e9ante autour d&rsquo;une naine blanche&nbsp;&raquo;","og_url":"https:\/\/gap47.astrosurf.com\/index.php\/planete-geante-et-naine-blanche\/","og_site_name":"L&#039;observatoire est ouvert aux visiteurs tous les vendredis soirs \u00e0 21 heures, jusqu&#039;au 3 juillet 2026 inclus, sans r\u00e9servation.","article_publisher":"https:\/\/www.facebook.com\/astrogap47\/","article_modified_time":"2019-12-05T13:43:55+00:00","og_image":[{"url":"http:\/\/gap47.astrosurf.com\/wp-content\/uploads\/2019\/12\/eso1919b.jpg","type":"","width":"","height":""}],"twitter_card":"summary_large_image","twitter_misc":{"Dur\u00e9e de lecture estim\u00e9e":"7 minutes"},"schema":{"@context":"https:\/\/schema.org","@graph":[{"@type":"WebPage","@id":"https:\/\/gap47.astrosurf.com\/index.php\/planete-geante-et-naine-blanche\/","url":"https:\/\/gap47.astrosurf.com\/index.php\/planete-geante-et-naine-blanche\/","name":"Une plan\u00e8te g\u00e9ante autour d'une naine blanche - L&#039;observatoire est ouvert aux visiteurs tous les vendredis soirs \u00e0 21 heures, jusqu&#039;au 3 juillet 2026 inclus, sans r\u00e9servation.","isPartOf":{"@id":"https:\/\/gap47.astrosurf.com\/#website"},"primaryImageOfPage":{"@id":"https:\/\/gap47.astrosurf.com\/index.php\/planete-geante-et-naine-blanche\/#primaryimage"},"image":{"@id":"https:\/\/gap47.astrosurf.com\/index.php\/planete-geante-et-naine-blanche\/#primaryimage"},"thumbnailUrl":"http:\/\/gap47.astrosurf.com\/wp-content\/uploads\/2019\/12\/eso1919b.jpg","datePublished":"2019-12-05T12:57:38+00:00","dateModified":"2019-12-05T13:43:55+00:00","breadcrumb":{"@id":"https:\/\/gap47.astrosurf.com\/index.php\/planete-geante-et-naine-blanche\/#breadcrumb"},"inLanguage":"fr-FR","potentialAction":[{"@type":"ReadAction","target":["https:\/\/gap47.astrosurf.com\/index.php\/planete-geante-et-naine-blanche\/"]}]},{"@type":"ImageObject","inLanguage":"fr-FR","@id":"https:\/\/gap47.astrosurf.com\/index.php\/planete-geante-et-naine-blanche\/#primaryimage","url":"http:\/\/gap47.astrosurf.com\/wp-content\/uploads\/2019\/12\/eso1919b.jpg","contentUrl":"http:\/\/gap47.astrosurf.com\/wp-content\/uploads\/2019\/12\/eso1919b.jpg"},{"@type":"BreadcrumbList","@id":"https:\/\/gap47.astrosurf.com\/index.php\/planete-geante-et-naine-blanche\/#breadcrumb","itemListElement":[{"@type":"ListItem","position":1,"name":"Accueil","item":"https:\/\/gap47.astrosurf.com\/"},{"@type":"ListItem","position":2,"name":"Une plan\u00e8te g\u00e9ante autour d&#8217;une naine blanche"}]},{"@type":"WebSite","@id":"https:\/\/gap47.astrosurf.com\/#website","url":"https:\/\/gap47.astrosurf.com\/","name":"De janvier \u00e0 fin juin 2024, le GAP47 sera ouvert aux visiteurs tous les vendredis \u00e0 21h sans r\u00e9servation, \u00e0 l'exception du vendredi 26 janvier o\u00f9 l'observatoire sera ferm\u00e9 au public.","description":"Groupe d&#039;Astronomie Populaire du Lot-et-Garonne, \u00e0 Montayral","potentialAction":[{"@type":"SearchAction","target":{"@type":"EntryPoint","urlTemplate":"https:\/\/gap47.astrosurf.com\/?s={search_term_string}"},"query-input":{"@type":"PropertyValueSpecification","valueRequired":true,"valueName":"search_term_string"}}],"inLanguage":"fr-FR"}]}},"_links":{"self":[{"href":"https:\/\/gap47.astrosurf.com\/index.php\/wp-json\/wp\/v2\/pages\/8887","targetHints":{"allow":["GET"]}}],"collection":[{"href":"https:\/\/gap47.astrosurf.com\/index.php\/wp-json\/wp\/v2\/pages"}],"about":[{"href":"https:\/\/gap47.astrosurf.com\/index.php\/wp-json\/wp\/v2\/types\/page"}],"author":[{"embeddable":true,"href":"https:\/\/gap47.astrosurf.com\/index.php\/wp-json\/wp\/v2\/users\/5"}],"replies":[{"embeddable":true,"href":"https:\/\/gap47.astrosurf.com\/index.php\/wp-json\/wp\/v2\/comments?post=8887"}],"version-history":[{"count":5,"href":"https:\/\/gap47.astrosurf.com\/index.php\/wp-json\/wp\/v2\/pages\/8887\/revisions"}],"predecessor-version":[{"id":8889,"href":"https:\/\/gap47.astrosurf.com\/index.php\/wp-json\/wp\/v2\/pages\/8887\/revisions\/8889"}],"wp:attachment":[{"href":"https:\/\/gap47.astrosurf.com\/index.php\/wp-json\/wp\/v2\/media?parent=8887"}],"curies":[{"name":"wp","href":"https:\/\/api.w.org\/{rel}","templated":true}]}}