 {"id":8784,"date":"2019-09-11T19:10:28","date_gmt":"2019-09-11T17:10:28","guid":{"rendered":"http:\/\/gap47.astrosurf.com\/?page_id=8784"},"modified":"2019-09-11T19:22:13","modified_gmt":"2019-09-11T17:22:13","slug":"eclats-lumineux-sur-un-trou-noir","status":"publish","type":"page","link":"https:\/\/gap47.astrosurf.com\/index.php\/eclats-lumineux-sur-un-trou-noir\/","title":{"rendered":"Eclats lumineux sur un trou noir"},"content":{"rendered":"<p style=\"text-align: center;\"><strong><span style=\"font-family: arial, helvetica, sans-serif; font-size: 20px;\">2019 09 11 \u2013 ESA<\/span><\/strong><\/p>\n<p style=\"text-align: center;\"><span style=\"font-family: 'times new roman', times, serif; font-size: 20px;\"><strong>Des \u00e9clats p\u00e9riodiques peuvent projeter de la lumi\u00e8re <\/strong><strong>sur le disque d\u2019accr\u00e9tion d\u2019un trou noir<\/strong><\/span><\/p>\n<p style=\"text-align: center;\"><a href=\"http:\/\/gap47.astrosurf.com\/wp-content\/uploads\/2019\/09\/Black_hole_at_the_core_of_distant_galaxy_periodically_brightens_up.gif\"><img loading=\"lazy\" decoding=\"async\" class=\"aligncenter wp-image-8788\" src=\"http:\/\/gap47.astrosurf.com\/wp-content\/uploads\/2019\/09\/Black_hole_at_the_core_of_distant_galaxy_periodically_brightens_up-300x200.gif\" alt=\"\" width=\"1200\" height=\"801\"><\/a><span style=\"font-family: 'times new roman', times, serif;\"><em>Un trou noir au c\u0153ur de l\u2019augmentation de luminosit\u00e9 d\u2019une galaxie distante <\/em><\/span><\/p>\n<p><span style=\"font-family: 'times new roman', times, serif; font-size: 20px;\">Voici une vue en rayons-X du trou noir au c\u0153ur de la galaxie \u00e9loign\u00e9e GSN 069, \u00e0 environ 250 millions d\u2019ann\u00e9es-lumi\u00e8re, reposant sur les donn\u00e9es de l\u2019observatoire XMM-Newton de l\u2019ESA.&nbsp;La partie sup\u00e9rieure de l\u2019animation montre les observations actuelles et, le graphe de la partie basse montre les variations de l\u2019intensit\u00e9 des rayons-X de la source par rapport \u00e0 son plancher \u00ab&nbsp;dormant&nbsp;\u00bb.<\/span><\/p>\n<p><span style=\"font-family: 'times new roman', times, serif; font-size: 20px;\">Cette animation est bas\u00e9e sur pr\u00e8s de 40 heures d\u2019observations de cette source, qui produit des flashes jamais vus auparavant, appel\u00e9es \u00ab&nbsp;\u00c9ruptions Quasi P\u00e9riodiques&nbsp;\u00bb (QPE en anglais) toutes les 9 heures. La s\u00e9quence a \u00e9t\u00e9 acc\u00e9l\u00e9r\u00e9e \u00e0 des fins d\u2019illustration ; chaque point du graphe correspond \u00e0 3 minutes d\u2019exposition de XMM-Newton.<\/span><\/p>\n<p><span style=\"font-family: 'times new roman', times, serif; font-size: 20px;\">Ces sursauts ont \u00e9t\u00e9 d\u00e9tect\u00e9s pour la premi\u00e8re fois le 24 d\u00e9cembre 2018, quand la source a \u00e9t\u00e9 le siege d\u2019une augmentation de luminosit\u00e9 d\u2019un facteur 1 \u00e0 100, puis a diminu\u00e9 jusqu\u2019\u00e0 son niveau normal dans l\u2019heure qui suivait et est remont\u00e9e \u00e0 nouveau 9 heures plus tard.<\/span><\/p>\n<p><span style=\"font-family: 'times new roman', times, serif; font-size: 20px;\">Bien que jamais observ\u00e9 auparavant, les scientifiques pensent que des sursauts p\u00e9riodiques comme celui-ci sont communs dans l\u2019Univers.<\/span><\/p>\n<p><span style=\"font-family: 'times new roman', times, serif; font-size: 20px;\">\u00ab&nbsp;Ce fut totalement inattendu&nbsp;\u00bb, dit Giovanni Miniutti, du Centre d\u2019Astrobiolog\u00ede de Madrid en Espagne, auteur principal de la publication faite aujourd\u2019hui dans le magazine <em>Nature<\/em>.<\/span><\/p>\n<p><span style=\"font-family: 'times new roman', times, serif; font-size: 20px;\">\u00ab&nbsp;Les trous noirs g\u00e9ants vacillent r\u00e9guli\u00e8rement comme une bougie, mais les changements rapides et r\u00e9p\u00e9t\u00e9s observ\u00e9s dans GSN 069 depuis d\u00e9cembre sont quelque chose de compl\u00e8tement nouveau&nbsp;\u00bb.<\/span><\/p>\n<p><span style=\"font-family: 'times new roman', times, serif; font-size: 20px;\">Des observations ult\u00e9rieures, r\u00e9alis\u00e9es par XMM-Newton ainsi que par l\u2019observatoire Chandra de la NASA en rayons-X, dans les mois suivants ont confirm\u00e9 que ce trou noir distant continuait \u00e0 la m\u00eame cadence, \u00e9mettant des sursauts p\u00e9riodiques toutes les 9 heures. Les chercheurs appelent cela des \u00c9ruptions Quasi P\u00e9riodiques&nbsp;\u00bb (QPE).<\/span><\/p>\n<p><a href=\"http:\/\/gap47.astrosurf.com\/wp-content\/uploads\/2019\/09\/Optical_and_X-ray_view_of_active_galaxy_GSN_069.gif\"><img loading=\"lazy\" decoding=\"async\" class=\"aligncenter wp-image-8789\" src=\"http:\/\/gap47.astrosurf.com\/wp-content\/uploads\/2019\/09\/Optical_and_X-ray_view_of_active_galaxy_GSN_069-298x300.gif\" alt=\"\" width=\"800\" height=\"805\" srcset=\"https:\/\/gap47.astrosurf.com\/wp-content\/uploads\/2019\/09\/Optical_and_X-ray_view_of_active_galaxy_GSN_069-298x300.gif 298w, https:\/\/gap47.astrosurf.com\/wp-content\/uploads\/2019\/09\/Optical_and_X-ray_view_of_active_galaxy_GSN_069-150x150.gif 150w, https:\/\/gap47.astrosurf.com\/wp-content\/uploads\/2019\/09\/Optical_and_X-ray_view_of_active_galaxy_GSN_069-100x100.gif 100w\" sizes=\"auto, (max-width: 767px) 89vw, (max-width: 1000px) 54vw, (max-width: 1071px) 543px, 580px\" \/><\/a><\/p>\n<p><span style=\"font-family: 'times new roman', times, serif; font-size: 20px;\">L\u2019image principale de ce graphique repr\u00e9sente la lumi\u00e8re visible, prise par le \u00ab&nbsp;Digitized Sky Survey&nbsp;\u00bb autour de la galaxie GSN 069. Le plus petit encadr\u00e9 donne un time-lapse des donn\u00e9es de Chandra sur une p\u00e9riode de 20 heures les&nbsp;14 et 15 f\u00e9vrier 2019. La s\u00e9quence est en boucle pour montrer l\u2019\u00e9volution de la luminosit\u00e9 de la source au centre de GSN 069 qui change r\u00e9guli\u00e8rement dans cette animation.<\/span><\/p>\n<p><span style=\"font-family: 'times new roman', times, serif; font-size: 20px;\">L\u2019observatoire XMM-Newton de l\u2019ESA en rayons-X a \u00e9t\u00e9 le premier \u00e0 d\u00e9couvrir ce ph\u00e9nom\u00e8ne en d\u00e9tectant deux sursauts s\u2019par\u00e9s de 9 heures le 24 d\u00e9cembre 2018. Les scientifiques ont, par la suite, observ\u00e9 d\u2019autres sursauts similaires.<\/span><\/p>\n<p><span style=\"font-family: 'times new roman', times, serif; font-size: 20px;\">\u00ab&nbsp;Les \u00e9missions de rayons-X viennent de la mati\u00e8re accr\u00e9t\u00e9e dans le trou noir et qui s\u2019\u00e9chauffe dans le processus&nbsp;\u00bb, explique Giovanni.<\/span><\/p>\n<p><span style=\"font-family: 'times new roman', times, serif; font-size: 20px;\">\u00ab&nbsp;Il y a des diff\u00e9rents m\u00e9canismes dans le disque d\u2019accr\u00e9tion qui peuvent provoquer ce type de signal quasi p\u00e9riodique, potentiellement li\u00e9s aux instabilit\u00e9s dans le flot de l\u2019accr\u00e9tion proche du trou noir central&nbsp;\u00bb.<\/span><\/p>\n<p><span style=\"font-family: 'times new roman', times, serif; font-size: 20px;\">\u00ab&nbsp;Ou bien les \u00e9ruptions peuvent \u00eatre dues \u00e0 l\u2019interaction entre la mati\u00e8re du disque avec un autre corps, un autre trou noir ou le r\u00e9manent d\u2019une \u00e9toile pr\u00e9alablement disloqu\u00e9e par le trou noir&nbsp;\u00bb.<\/span><\/p>\n<p><span style=\"font-family: 'times new roman', times, serif; font-size: 20px;\">Il est possible que ce ph\u00e9nom\u00e8ne n\u2019ait pas \u00e9t\u00e9 identifi\u00e9 plus t\u00f4t car la plupart des trous noirs au centre des galaxies lointaines, avec des masses allant de millions \u00e0 milliards de fois celle de notre Soleil, sont beaucoup plus grandes que celle de GSN 069, dont le trou noir n\u2019est \u00ab\u00a0seulement que 400.000 fois plus massif que notre Soleil\u00a0\u00bb.<\/span><\/p>\n<p><span style=\"font-family: 'times new roman', times, serif; font-size: 20px;\">Plus les trous noirs sont grands et massifs, plus leurs fluctuations lumineuses sont lentes, et ces trous noirs n\u2019entrent pas en \u00e9ruption toutes les 9 heures, mais avec des d\u00e9lais de plusieurs mois, voire plusieurs ann\u00e9es. Cela rendrait leur d\u00e9tection improbable car les observations ne durent pas aussi longtemps.<\/span><\/p>\n<p><span style=\"font-family: 'times new roman', times, serif; font-size: 20px;\">Et il y a plus encore. Les \u00e9ruptions quasi-p\u00e9riodique comme cette trouv\u00e9e dans GSN 069 pourraient nous fournir un cadre naturel pour interpr\u00e9ter des mod\u00e8les d\u00e9routants observ\u00e9s dans un nombre significatif de trous noirs actifs, dont la luminosit\u00e9 semble changer trop vite pour \u00eatre facilement expliqu\u00e9e par les mod\u00e8les th\u00e9oriques actuels.<\/span><\/p>\n<p><span style=\"font-family: 'times new roman', times, serif; font-size: 20px;\">\u00ab&nbsp;Nous connaissons beaucoup de trous noirs massifs dont la luminosit\u00e9 augmente ou diminue par de tr\u00e8s grands facteurs, jours ou mois, alors qu\u2019on s\u2019attend \u00e0 ce qu\u2019ils varient \u00e0 une vitesse plus lente&nbsp;\u00bb, dit Giovanni.<\/span><\/p>\n<p><span style=\"font-family: 'times new roman', times, serif; font-size: 20px;\">\u00ab Mais, si quelques-unes de ces \u201cvariabilit\u00e9s\u201d correspondent \u00e0 l\u2019augmentation ou \u00e0 la diminution des phases d\u2019\u00e9ruption, semblables \u00e0 celle d\u00e9couverte dans GSN 069, alors la variabilit\u00e9 rapide de ces syst\u00e8mes, qui appara\u00eet aujourd\u2019hui comme impossible, pourrait d\u00e9sormais \u00eatre prise en compte. De nouvelles donn\u00e9es et des \u00e9tudes ult\u00e9rieures nous diront si cette analogie tient r\u00e9ellement \u00bb.<\/span><\/p>\n<p>&nbsp;<\/p>\n<p style=\"text-align: right;\"><span style=\"font-family: arial, helvetica, sans-serif; font-size: 14px;\">\u00a9 ESA &#8211; Traduction : Olivier Sabbagh<\/span><\/p>\n<hr>\n<p>&nbsp;<\/p>\n","protected":false},"excerpt":{"rendered":"<p>2019 09 11 \u2013 ESA Des \u00e9clats p\u00e9riodiques peuvent projeter de la lumi\u00e8re sur le disque d\u2019accr\u00e9tion d\u2019un trou noir Un trou noir au c\u0153ur de l\u2019augmentation de luminosit\u00e9 d\u2019une galaxie distante Voici une vue en rayons-X du trou noir au c\u0153ur de la galaxie \u00e9loign\u00e9e GSN 069, \u00e0 environ 250 millions d\u2019ann\u00e9es-lumi\u00e8re, reposant sur &hellip; <\/p>\n<p class=\"link-more\"><a href=\"https:\/\/gap47.astrosurf.com\/index.php\/eclats-lumineux-sur-un-trou-noir\/\" class=\"more-link\">Continuer la lecture<span class=\"screen-reader-text\"> de &laquo;&nbsp;Eclats lumineux sur un trou noir&nbsp;&raquo;<\/span><\/a><\/p>\n","protected":false},"author":5,"featured_media":0,"parent":0,"menu_order":0,"comment_status":"closed","ping_status":"closed","template":"","meta":{"_exactmetrics_skip_tracking":false,"_exactmetrics_sitenote_active":false,"_exactmetrics_sitenote_note":"","_exactmetrics_sitenote_category":0,"ngg_post_thumbnail":0,"footnotes":""},"class_list":["post-8784","page","type-page","status-publish","hentry"],"yoast_head":"<!-- This site is optimized with the Yoast SEO plugin v24.8.1 - https:\/\/yoast.com\/wordpress\/plugins\/seo\/ -->\n<title>Eclats lumineux sur un trou noir - L&#039;observatoire est ouvert aux visiteurs tous les vendredis soirs \u00e0 21 heures, jusqu&#039;au 3 juillet 2026 inclus, sans r\u00e9servation.<\/title>\n<meta name=\"robots\" content=\"index, follow, max-snippet:-1, max-image-preview:large, max-video-preview:-1\" \/>\n<link rel=\"canonical\" href=\"https:\/\/gap47.astrosurf.com\/index.php\/eclats-lumineux-sur-un-trou-noir\/\" \/>\n<meta property=\"og:locale\" content=\"fr_FR\" \/>\n<meta property=\"og:type\" content=\"article\" \/>\n<meta property=\"og:title\" content=\"Eclats lumineux sur un trou noir - L&#039;observatoire est ouvert aux visiteurs tous les vendredis soirs \u00e0 21 heures, jusqu&#039;au 3 juillet 2026 inclus, sans r\u00e9servation.\" \/>\n<meta property=\"og:description\" content=\"2019 09 11 \u2013 ESA Des \u00e9clats p\u00e9riodiques peuvent projeter de la lumi\u00e8re sur le disque d\u2019accr\u00e9tion d\u2019un trou noir Un trou noir au c\u0153ur de l\u2019augmentation de luminosit\u00e9 d\u2019une galaxie distante Voici une vue en rayons-X du trou noir au c\u0153ur de la galaxie \u00e9loign\u00e9e GSN 069, \u00e0 environ 250 millions d\u2019ann\u00e9es-lumi\u00e8re, reposant sur &hellip; Continuer la lecture de &laquo;&nbsp;Eclats lumineux sur un trou noir&nbsp;&raquo;\" \/>\n<meta property=\"og:url\" content=\"https:\/\/gap47.astrosurf.com\/index.php\/eclats-lumineux-sur-un-trou-noir\/\" \/>\n<meta property=\"og:site_name\" content=\"L&#039;observatoire est ouvert aux visiteurs tous les vendredis soirs \u00e0 21 heures, jusqu&#039;au 3 juillet 2026 inclus, sans r\u00e9servation.\" \/>\n<meta property=\"article:publisher\" content=\"https:\/\/www.facebook.com\/astrogap47\/\" \/>\n<meta property=\"article:modified_time\" content=\"2019-09-11T17:22:13+00:00\" \/>\n<meta property=\"og:image\" content=\"http:\/\/gap47.astrosurf.com\/wp-content\/uploads\/2019\/09\/Black_hole_at_the_core_of_distant_galaxy_periodically_brightens_up-300x200.gif\" \/>\n<meta name=\"twitter:card\" content=\"summary_large_image\" \/>\n<meta name=\"twitter:label1\" content=\"Dur\u00e9e de lecture estim\u00e9e\" \/>\n\t<meta name=\"twitter:data1\" content=\"4 minutes\" \/>\n<script type=\"application\/ld+json\" class=\"yoast-schema-graph\">{\"@context\":\"https:\/\/schema.org\",\"@graph\":[{\"@type\":\"WebPage\",\"@id\":\"https:\/\/gap47.astrosurf.com\/index.php\/eclats-lumineux-sur-un-trou-noir\/\",\"url\":\"https:\/\/gap47.astrosurf.com\/index.php\/eclats-lumineux-sur-un-trou-noir\/\",\"name\":\"Eclats lumineux sur un trou noir - L&#039;observatoire est ouvert aux visiteurs tous les vendredis soirs \u00e0 21 heures, jusqu&#039;au 3 juillet 2026 inclus, sans r\u00e9servation.\",\"isPartOf\":{\"@id\":\"https:\/\/gap47.astrosurf.com\/#website\"},\"primaryImageOfPage\":{\"@id\":\"https:\/\/gap47.astrosurf.com\/index.php\/eclats-lumineux-sur-un-trou-noir\/#primaryimage\"},\"image\":{\"@id\":\"https:\/\/gap47.astrosurf.com\/index.php\/eclats-lumineux-sur-un-trou-noir\/#primaryimage\"},\"thumbnailUrl\":\"http:\/\/gap47.astrosurf.com\/wp-content\/uploads\/2019\/09\/Black_hole_at_the_core_of_distant_galaxy_periodically_brightens_up-300x200.gif\",\"datePublished\":\"2019-09-11T17:10:28+00:00\",\"dateModified\":\"2019-09-11T17:22:13+00:00\",\"breadcrumb\":{\"@id\":\"https:\/\/gap47.astrosurf.com\/index.php\/eclats-lumineux-sur-un-trou-noir\/#breadcrumb\"},\"inLanguage\":\"fr-FR\",\"potentialAction\":[{\"@type\":\"ReadAction\",\"target\":[\"https:\/\/gap47.astrosurf.com\/index.php\/eclats-lumineux-sur-un-trou-noir\/\"]}]},{\"@type\":\"ImageObject\",\"inLanguage\":\"fr-FR\",\"@id\":\"https:\/\/gap47.astrosurf.com\/index.php\/eclats-lumineux-sur-un-trou-noir\/#primaryimage\",\"url\":\"https:\/\/gap47.astrosurf.com\/wp-content\/uploads\/2019\/09\/Black_hole_at_the_core_of_distant_galaxy_periodically_brightens_up.gif\",\"contentUrl\":\"https:\/\/gap47.astrosurf.com\/wp-content\/uploads\/2019\/09\/Black_hole_at_the_core_of_distant_galaxy_periodically_brightens_up.gif\",\"width\":650,\"height\":434},{\"@type\":\"BreadcrumbList\",\"@id\":\"https:\/\/gap47.astrosurf.com\/index.php\/eclats-lumineux-sur-un-trou-noir\/#breadcrumb\",\"itemListElement\":[{\"@type\":\"ListItem\",\"position\":1,\"name\":\"Accueil\",\"item\":\"https:\/\/gap47.astrosurf.com\/\"},{\"@type\":\"ListItem\",\"position\":2,\"name\":\"Eclats lumineux sur un trou noir\"}]},{\"@type\":\"WebSite\",\"@id\":\"https:\/\/gap47.astrosurf.com\/#website\",\"url\":\"https:\/\/gap47.astrosurf.com\/\",\"name\":\"De janvier \u00e0 fin juin 2024, le GAP47 sera ouvert aux visiteurs tous les vendredis \u00e0 21h sans r\u00e9servation, \u00e0 l'exception du vendredi 26 janvier o\u00f9 l'observatoire sera ferm\u00e9 au public.\",\"description\":\"Groupe d&#039;Astronomie Populaire du Lot-et-Garonne, \u00e0 Montayral\",\"potentialAction\":[{\"@type\":\"SearchAction\",\"target\":{\"@type\":\"EntryPoint\",\"urlTemplate\":\"https:\/\/gap47.astrosurf.com\/?s={search_term_string}\"},\"query-input\":{\"@type\":\"PropertyValueSpecification\",\"valueRequired\":true,\"valueName\":\"search_term_string\"}}],\"inLanguage\":\"fr-FR\"}]}<\/script>\n<!-- \/ Yoast SEO plugin. -->","yoast_head_json":{"title":"Eclats lumineux sur un trou noir - L&#039;observatoire est ouvert aux visiteurs tous les vendredis soirs \u00e0 21 heures, jusqu&#039;au 3 juillet 2026 inclus, sans r\u00e9servation.","robots":{"index":"index","follow":"follow","max-snippet":"max-snippet:-1","max-image-preview":"max-image-preview:large","max-video-preview":"max-video-preview:-1"},"canonical":"https:\/\/gap47.astrosurf.com\/index.php\/eclats-lumineux-sur-un-trou-noir\/","og_locale":"fr_FR","og_type":"article","og_title":"Eclats lumineux sur un trou noir - L&#039;observatoire est ouvert aux visiteurs tous les vendredis soirs \u00e0 21 heures, jusqu&#039;au 3 juillet 2026 inclus, sans r\u00e9servation.","og_description":"2019 09 11 \u2013 ESA Des \u00e9clats p\u00e9riodiques peuvent projeter de la lumi\u00e8re sur le disque d\u2019accr\u00e9tion d\u2019un trou noir Un trou noir au c\u0153ur de l\u2019augmentation de luminosit\u00e9 d\u2019une galaxie distante Voici une vue en rayons-X du trou noir au c\u0153ur de la galaxie \u00e9loign\u00e9e GSN 069, \u00e0 environ 250 millions d\u2019ann\u00e9es-lumi\u00e8re, reposant sur &hellip; Continuer la lecture de &laquo;&nbsp;Eclats lumineux sur un trou noir&nbsp;&raquo;","og_url":"https:\/\/gap47.astrosurf.com\/index.php\/eclats-lumineux-sur-un-trou-noir\/","og_site_name":"L&#039;observatoire est ouvert aux visiteurs tous les vendredis soirs \u00e0 21 heures, jusqu&#039;au 3 juillet 2026 inclus, sans r\u00e9servation.","article_publisher":"https:\/\/www.facebook.com\/astrogap47\/","article_modified_time":"2019-09-11T17:22:13+00:00","og_image":[{"url":"http:\/\/gap47.astrosurf.com\/wp-content\/uploads\/2019\/09\/Black_hole_at_the_core_of_distant_galaxy_periodically_brightens_up-300x200.gif","type":"","width":"","height":""}],"twitter_card":"summary_large_image","twitter_misc":{"Dur\u00e9e de lecture estim\u00e9e":"4 minutes"},"schema":{"@context":"https:\/\/schema.org","@graph":[{"@type":"WebPage","@id":"https:\/\/gap47.astrosurf.com\/index.php\/eclats-lumineux-sur-un-trou-noir\/","url":"https:\/\/gap47.astrosurf.com\/index.php\/eclats-lumineux-sur-un-trou-noir\/","name":"Eclats lumineux sur un trou noir - L&#039;observatoire est ouvert aux visiteurs tous les vendredis soirs \u00e0 21 heures, jusqu&#039;au 3 juillet 2026 inclus, sans r\u00e9servation.","isPartOf":{"@id":"https:\/\/gap47.astrosurf.com\/#website"},"primaryImageOfPage":{"@id":"https:\/\/gap47.astrosurf.com\/index.php\/eclats-lumineux-sur-un-trou-noir\/#primaryimage"},"image":{"@id":"https:\/\/gap47.astrosurf.com\/index.php\/eclats-lumineux-sur-un-trou-noir\/#primaryimage"},"thumbnailUrl":"http:\/\/gap47.astrosurf.com\/wp-content\/uploads\/2019\/09\/Black_hole_at_the_core_of_distant_galaxy_periodically_brightens_up-300x200.gif","datePublished":"2019-09-11T17:10:28+00:00","dateModified":"2019-09-11T17:22:13+00:00","breadcrumb":{"@id":"https:\/\/gap47.astrosurf.com\/index.php\/eclats-lumineux-sur-un-trou-noir\/#breadcrumb"},"inLanguage":"fr-FR","potentialAction":[{"@type":"ReadAction","target":["https:\/\/gap47.astrosurf.com\/index.php\/eclats-lumineux-sur-un-trou-noir\/"]}]},{"@type":"ImageObject","inLanguage":"fr-FR","@id":"https:\/\/gap47.astrosurf.com\/index.php\/eclats-lumineux-sur-un-trou-noir\/#primaryimage","url":"https:\/\/gap47.astrosurf.com\/wp-content\/uploads\/2019\/09\/Black_hole_at_the_core_of_distant_galaxy_periodically_brightens_up.gif","contentUrl":"https:\/\/gap47.astrosurf.com\/wp-content\/uploads\/2019\/09\/Black_hole_at_the_core_of_distant_galaxy_periodically_brightens_up.gif","width":650,"height":434},{"@type":"BreadcrumbList","@id":"https:\/\/gap47.astrosurf.com\/index.php\/eclats-lumineux-sur-un-trou-noir\/#breadcrumb","itemListElement":[{"@type":"ListItem","position":1,"name":"Accueil","item":"https:\/\/gap47.astrosurf.com\/"},{"@type":"ListItem","position":2,"name":"Eclats lumineux sur un trou noir"}]},{"@type":"WebSite","@id":"https:\/\/gap47.astrosurf.com\/#website","url":"https:\/\/gap47.astrosurf.com\/","name":"De janvier \u00e0 fin juin 2024, le GAP47 sera ouvert aux visiteurs tous les vendredis \u00e0 21h sans r\u00e9servation, \u00e0 l'exception du vendredi 26 janvier o\u00f9 l'observatoire sera ferm\u00e9 au public.","description":"Groupe d&#039;Astronomie Populaire du Lot-et-Garonne, \u00e0 Montayral","potentialAction":[{"@type":"SearchAction","target":{"@type":"EntryPoint","urlTemplate":"https:\/\/gap47.astrosurf.com\/?s={search_term_string}"},"query-input":{"@type":"PropertyValueSpecification","valueRequired":true,"valueName":"search_term_string"}}],"inLanguage":"fr-FR"}]}},"_links":{"self":[{"href":"https:\/\/gap47.astrosurf.com\/index.php\/wp-json\/wp\/v2\/pages\/8784","targetHints":{"allow":["GET"]}}],"collection":[{"href":"https:\/\/gap47.astrosurf.com\/index.php\/wp-json\/wp\/v2\/pages"}],"about":[{"href":"https:\/\/gap47.astrosurf.com\/index.php\/wp-json\/wp\/v2\/types\/page"}],"author":[{"embeddable":true,"href":"https:\/\/gap47.astrosurf.com\/index.php\/wp-json\/wp\/v2\/users\/5"}],"replies":[{"embeddable":true,"href":"https:\/\/gap47.astrosurf.com\/index.php\/wp-json\/wp\/v2\/comments?post=8784"}],"version-history":[{"count":4,"href":"https:\/\/gap47.astrosurf.com\/index.php\/wp-json\/wp\/v2\/pages\/8784\/revisions"}],"predecessor-version":[{"id":8791,"href":"https:\/\/gap47.astrosurf.com\/index.php\/wp-json\/wp\/v2\/pages\/8784\/revisions\/8791"}],"wp:attachment":[{"href":"https:\/\/gap47.astrosurf.com\/index.php\/wp-json\/wp\/v2\/media?parent=8784"}],"curies":[{"name":"wp","href":"https:\/\/api.w.org\/{rel}","templated":true}]}}