 {"id":8659,"date":"2019-08-07T16:41:28","date_gmt":"2019-08-07T14:41:28","guid":{"rendered":"http:\/\/gap47.astrosurf.com\/?page_id=8659"},"modified":"2019-08-07T17:20:44","modified_gmt":"2019-08-07T15:20:44","slug":"soleil-et-iss","status":"publish","type":"page","link":"https:\/\/gap47.astrosurf.com\/index.php\/soleil-et-iss\/","title":{"rendered":"Soleil et ISS"},"content":{"rendered":"<p style=\"text-align: center;\"><span style=\"font-family: 'times new roman', times, serif; font-size: 20px;\">Une photo assez rare de la Station Spatiale Internationale (ISS) qui passe devant le Soleil.<\/span><\/p>\n<p style=\"text-align: center;\"><span style=\"font-family: 'times new roman', times, serif; font-size: 20px;\">Il s&rsquo;agit en fait d&rsquo;une vid\u00e9o, prise \u00e0 30 images par seconde, qui ont \u00e9t\u00e9 empil\u00e9es pour arriver \u00e0 cette \u00ab\u00a0photo\u00a0\u00bb.<\/span><\/p>\n<p style=\"text-align: center;\"><span style=\"font-family: 'times new roman', times, serif; font-size: 20px;\"><strong>La dur\u00e9e totale du passage de l&rsquo;ISS devant le soleil n&rsquo;a \u00e9t\u00e9 que de 0,8 seconde !!<\/strong><\/span><\/p>\n<p><img loading=\"lazy\" decoding=\"async\" class=\"aligncenter wp-image-8662 size-full\" src=\"http:\/\/gap47.astrosurf.com\/wp-content\/uploads\/2019\/08\/ISS_transiting_the_Sun.jpg\" alt=\"\" width=\"2000\" height=\"1333\" srcset=\"https:\/\/gap47.astrosurf.com\/wp-content\/uploads\/2019\/08\/ISS_transiting_the_Sun.jpg 2000w, https:\/\/gap47.astrosurf.com\/wp-content\/uploads\/2019\/08\/ISS_transiting_the_Sun-300x200.jpg 300w, https:\/\/gap47.astrosurf.com\/wp-content\/uploads\/2019\/08\/ISS_transiting_the_Sun-768x512.jpg 768w, https:\/\/gap47.astrosurf.com\/wp-content\/uploads\/2019\/08\/ISS_transiting_the_Sun-1800x1200.jpg 1800w\" sizes=\"auto, (max-width: 767px) 89vw, (max-width: 1000px) 54vw, (max-width: 1071px) 543px, 580px\" \/><\/p>\n<p style=\"text-align: center;\"><em><span style=\"font-family: 'times new roman', times, serif;\">Photo de Javier Manteca, astronome amateur espagnol, prise le 2 ao\u00fbt 2019 \u00e0 17h10 \u00e0 Fuenlabrada, en Espagne.<\/span><\/em><\/p>\n<hr>\n<p>&nbsp;<\/p>\n","protected":false},"excerpt":{"rendered":"<p>Une photo assez rare de la Station Spatiale Internationale (ISS) qui passe devant le Soleil. Il s&rsquo;agit en fait d&rsquo;une vid\u00e9o, prise \u00e0 30 images par seconde, qui ont \u00e9t\u00e9 empil\u00e9es pour arriver \u00e0 cette \u00ab\u00a0photo\u00a0\u00bb. La dur\u00e9e totale du passage de l&rsquo;ISS devant le soleil n&rsquo;a \u00e9t\u00e9 que de 0,8 seconde !! Photo de &hellip; <\/p>\n<p class=\"link-more\"><a href=\"https:\/\/gap47.astrosurf.com\/index.php\/soleil-et-iss\/\" class=\"more-link\">Continuer la lecture<span class=\"screen-reader-text\"> de &laquo;&nbsp;Soleil et ISS&nbsp;&raquo;<\/span><\/a><\/p>\n","protected":false},"author":5,"featured_media":0,"parent":0,"menu_order":0,"comment_status":"closed","ping_status":"closed","template":"","meta":{"_exactmetrics_skip_tracking":false,"_exactmetrics_sitenote_active":false,"_exactmetrics_sitenote_note":"","_exactmetrics_sitenote_category":0,"ngg_post_thumbnail":0,"footnotes":""},"class_list":["post-8659","page","type-page","status-publish","hentry"],"yoast_head":"<!-- This site is optimized with the Yoast SEO plugin v24.8.1 - https:\/\/yoast.com\/wordpress\/plugins\/seo\/ -->\n<title>Soleil et ISS - L&#039;observatoire est ouvert aux visiteurs tous les vendredis soirs \u00e0 21 heures, jusqu&#039;au 3 juillet 2026 inclus, sans r\u00e9servation.<\/title>\n<meta name=\"robots\" content=\"index, follow, max-snippet:-1, max-image-preview:large, max-video-preview:-1\" \/>\n<link rel=\"canonical\" href=\"https:\/\/gap47.astrosurf.com\/index.php\/soleil-et-iss\/\" \/>\n<meta property=\"og:locale\" content=\"fr_FR\" \/>\n<meta property=\"og:type\" content=\"article\" \/>\n<meta property=\"og:title\" content=\"Soleil et ISS - L&#039;observatoire est ouvert aux visiteurs tous les vendredis soirs \u00e0 21 heures, jusqu&#039;au 3 juillet 2026 inclus, sans r\u00e9servation.\" \/>\n<meta property=\"og:description\" content=\"Une photo assez rare de la Station Spatiale Internationale (ISS) qui passe devant le Soleil. Il s&rsquo;agit en fait d&rsquo;une vid\u00e9o, prise \u00e0 30 images par seconde, qui ont \u00e9t\u00e9 empil\u00e9es pour arriver \u00e0 cette \u00ab\u00a0photo\u00a0\u00bb. La dur\u00e9e totale du passage de l&rsquo;ISS devant le soleil n&rsquo;a \u00e9t\u00e9 que de 0,8 seconde !! Photo de &hellip; Continuer la lecture de &laquo;&nbsp;Soleil et ISS&nbsp;&raquo;\" \/>\n<meta property=\"og:url\" content=\"https:\/\/gap47.astrosurf.com\/index.php\/soleil-et-iss\/\" \/>\n<meta property=\"og:site_name\" content=\"L&#039;observatoire est ouvert aux visiteurs tous les vendredis soirs \u00e0 21 heures, jusqu&#039;au 3 juillet 2026 inclus, sans r\u00e9servation.\" \/>\n<meta property=\"article:publisher\" content=\"https:\/\/www.facebook.com\/astrogap47\/\" \/>\n<meta property=\"article:modified_time\" content=\"2019-08-07T15:20:44+00:00\" \/>\n<meta property=\"og:image\" content=\"http:\/\/gap47.astrosurf.com\/wp-content\/uploads\/2019\/08\/ISS_transiting_the_Sun.jpg\" \/>\n<meta name=\"twitter:card\" content=\"summary_large_image\" \/>\n<script type=\"application\/ld+json\" class=\"yoast-schema-graph\">{\"@context\":\"https:\/\/schema.org\",\"@graph\":[{\"@type\":\"WebPage\",\"@id\":\"https:\/\/gap47.astrosurf.com\/index.php\/soleil-et-iss\/\",\"url\":\"https:\/\/gap47.astrosurf.com\/index.php\/soleil-et-iss\/\",\"name\":\"Soleil et ISS - L&#039;observatoire est ouvert aux visiteurs tous les vendredis soirs \u00e0 21 heures, jusqu&#039;au 3 juillet 2026 inclus, sans r\u00e9servation.\",\"isPartOf\":{\"@id\":\"https:\/\/gap47.astrosurf.com\/#website\"},\"primaryImageOfPage\":{\"@id\":\"https:\/\/gap47.astrosurf.com\/index.php\/soleil-et-iss\/#primaryimage\"},\"image\":{\"@id\":\"https:\/\/gap47.astrosurf.com\/index.php\/soleil-et-iss\/#primaryimage\"},\"thumbnailUrl\":\"http:\/\/gap47.astrosurf.com\/wp-content\/uploads\/2019\/08\/ISS_transiting_the_Sun.jpg\",\"datePublished\":\"2019-08-07T14:41:28+00:00\",\"dateModified\":\"2019-08-07T15:20:44+00:00\",\"breadcrumb\":{\"@id\":\"https:\/\/gap47.astrosurf.com\/index.php\/soleil-et-iss\/#breadcrumb\"},\"inLanguage\":\"fr-FR\",\"potentialAction\":[{\"@type\":\"ReadAction\",\"target\":[\"https:\/\/gap47.astrosurf.com\/index.php\/soleil-et-iss\/\"]}]},{\"@type\":\"ImageObject\",\"inLanguage\":\"fr-FR\",\"@id\":\"https:\/\/gap47.astrosurf.com\/index.php\/soleil-et-iss\/#primaryimage\",\"url\":\"https:\/\/gap47.astrosurf.com\/wp-content\/uploads\/2019\/08\/ISS_transiting_the_Sun.jpg\",\"contentUrl\":\"https:\/\/gap47.astrosurf.com\/wp-content\/uploads\/2019\/08\/ISS_transiting_the_Sun.jpg\",\"width\":2000,\"height\":1333},{\"@type\":\"BreadcrumbList\",\"@id\":\"https:\/\/gap47.astrosurf.com\/index.php\/soleil-et-iss\/#breadcrumb\",\"itemListElement\":[{\"@type\":\"ListItem\",\"position\":1,\"name\":\"Accueil\",\"item\":\"https:\/\/gap47.astrosurf.com\/\"},{\"@type\":\"ListItem\",\"position\":2,\"name\":\"Soleil et ISS\"}]},{\"@type\":\"WebSite\",\"@id\":\"https:\/\/gap47.astrosurf.com\/#website\",\"url\":\"https:\/\/gap47.astrosurf.com\/\",\"name\":\"De janvier \u00e0 fin juin 2024, le GAP47 sera ouvert aux visiteurs tous les vendredis \u00e0 21h sans r\u00e9servation, \u00e0 l'exception du vendredi 26 janvier o\u00f9 l'observatoire sera ferm\u00e9 au public.\",\"description\":\"Groupe d&#039;Astronomie Populaire du Lot-et-Garonne, \u00e0 Montayral\",\"potentialAction\":[{\"@type\":\"SearchAction\",\"target\":{\"@type\":\"EntryPoint\",\"urlTemplate\":\"https:\/\/gap47.astrosurf.com\/?s={search_term_string}\"},\"query-input\":{\"@type\":\"PropertyValueSpecification\",\"valueRequired\":true,\"valueName\":\"search_term_string\"}}],\"inLanguage\":\"fr-FR\"}]}<\/script>\n<!-- \/ Yoast SEO plugin. -->","yoast_head_json":{"title":"Soleil et ISS - L&#039;observatoire est ouvert aux visiteurs tous les vendredis soirs \u00e0 21 heures, jusqu&#039;au 3 juillet 2026 inclus, sans r\u00e9servation.","robots":{"index":"index","follow":"follow","max-snippet":"max-snippet:-1","max-image-preview":"max-image-preview:large","max-video-preview":"max-video-preview:-1"},"canonical":"https:\/\/gap47.astrosurf.com\/index.php\/soleil-et-iss\/","og_locale":"fr_FR","og_type":"article","og_title":"Soleil et ISS - L&#039;observatoire est ouvert aux visiteurs tous les vendredis soirs \u00e0 21 heures, jusqu&#039;au 3 juillet 2026 inclus, sans r\u00e9servation.","og_description":"Une photo assez rare de la Station Spatiale Internationale (ISS) qui passe devant le Soleil. Il s&rsquo;agit en fait d&rsquo;une vid\u00e9o, prise \u00e0 30 images par seconde, qui ont \u00e9t\u00e9 empil\u00e9es pour arriver \u00e0 cette \u00ab\u00a0photo\u00a0\u00bb. La dur\u00e9e totale du passage de l&rsquo;ISS devant le soleil n&rsquo;a \u00e9t\u00e9 que de 0,8 seconde !! Photo de &hellip; Continuer la lecture de &laquo;&nbsp;Soleil et ISS&nbsp;&raquo;","og_url":"https:\/\/gap47.astrosurf.com\/index.php\/soleil-et-iss\/","og_site_name":"L&#039;observatoire est ouvert aux visiteurs tous les vendredis soirs \u00e0 21 heures, jusqu&#039;au 3 juillet 2026 inclus, sans r\u00e9servation.","article_publisher":"https:\/\/www.facebook.com\/astrogap47\/","article_modified_time":"2019-08-07T15:20:44+00:00","og_image":[{"url":"http:\/\/gap47.astrosurf.com\/wp-content\/uploads\/2019\/08\/ISS_transiting_the_Sun.jpg","type":"","width":"","height":""}],"twitter_card":"summary_large_image","schema":{"@context":"https:\/\/schema.org","@graph":[{"@type":"WebPage","@id":"https:\/\/gap47.astrosurf.com\/index.php\/soleil-et-iss\/","url":"https:\/\/gap47.astrosurf.com\/index.php\/soleil-et-iss\/","name":"Soleil et ISS - L&#039;observatoire est ouvert aux visiteurs tous les vendredis soirs \u00e0 21 heures, jusqu&#039;au 3 juillet 2026 inclus, sans r\u00e9servation.","isPartOf":{"@id":"https:\/\/gap47.astrosurf.com\/#website"},"primaryImageOfPage":{"@id":"https:\/\/gap47.astrosurf.com\/index.php\/soleil-et-iss\/#primaryimage"},"image":{"@id":"https:\/\/gap47.astrosurf.com\/index.php\/soleil-et-iss\/#primaryimage"},"thumbnailUrl":"http:\/\/gap47.astrosurf.com\/wp-content\/uploads\/2019\/08\/ISS_transiting_the_Sun.jpg","datePublished":"2019-08-07T14:41:28+00:00","dateModified":"2019-08-07T15:20:44+00:00","breadcrumb":{"@id":"https:\/\/gap47.astrosurf.com\/index.php\/soleil-et-iss\/#breadcrumb"},"inLanguage":"fr-FR","potentialAction":[{"@type":"ReadAction","target":["https:\/\/gap47.astrosurf.com\/index.php\/soleil-et-iss\/"]}]},{"@type":"ImageObject","inLanguage":"fr-FR","@id":"https:\/\/gap47.astrosurf.com\/index.php\/soleil-et-iss\/#primaryimage","url":"https:\/\/gap47.astrosurf.com\/wp-content\/uploads\/2019\/08\/ISS_transiting_the_Sun.jpg","contentUrl":"https:\/\/gap47.astrosurf.com\/wp-content\/uploads\/2019\/08\/ISS_transiting_the_Sun.jpg","width":2000,"height":1333},{"@type":"BreadcrumbList","@id":"https:\/\/gap47.astrosurf.com\/index.php\/soleil-et-iss\/#breadcrumb","itemListElement":[{"@type":"ListItem","position":1,"name":"Accueil","item":"https:\/\/gap47.astrosurf.com\/"},{"@type":"ListItem","position":2,"name":"Soleil et ISS"}]},{"@type":"WebSite","@id":"https:\/\/gap47.astrosurf.com\/#website","url":"https:\/\/gap47.astrosurf.com\/","name":"De janvier \u00e0 fin juin 2024, le GAP47 sera ouvert aux visiteurs tous les vendredis \u00e0 21h sans r\u00e9servation, \u00e0 l'exception du vendredi 26 janvier o\u00f9 l'observatoire sera ferm\u00e9 au public.","description":"Groupe d&#039;Astronomie Populaire du Lot-et-Garonne, \u00e0 Montayral","potentialAction":[{"@type":"SearchAction","target":{"@type":"EntryPoint","urlTemplate":"https:\/\/gap47.astrosurf.com\/?s={search_term_string}"},"query-input":{"@type":"PropertyValueSpecification","valueRequired":true,"valueName":"search_term_string"}}],"inLanguage":"fr-FR"}]}},"_links":{"self":[{"href":"https:\/\/gap47.astrosurf.com\/index.php\/wp-json\/wp\/v2\/pages\/8659","targetHints":{"allow":["GET"]}}],"collection":[{"href":"https:\/\/gap47.astrosurf.com\/index.php\/wp-json\/wp\/v2\/pages"}],"about":[{"href":"https:\/\/gap47.astrosurf.com\/index.php\/wp-json\/wp\/v2\/types\/page"}],"author":[{"embeddable":true,"href":"https:\/\/gap47.astrosurf.com\/index.php\/wp-json\/wp\/v2\/users\/5"}],"replies":[{"embeddable":true,"href":"https:\/\/gap47.astrosurf.com\/index.php\/wp-json\/wp\/v2\/comments?post=8659"}],"version-history":[{"count":8,"href":"https:\/\/gap47.astrosurf.com\/index.php\/wp-json\/wp\/v2\/pages\/8659\/revisions"}],"predecessor-version":[{"id":8669,"href":"https:\/\/gap47.astrosurf.com\/index.php\/wp-json\/wp\/v2\/pages\/8659\/revisions\/8669"}],"wp:attachment":[{"href":"https:\/\/gap47.astrosurf.com\/index.php\/wp-json\/wp\/v2\/media?parent=8659"}],"curies":[{"name":"wp","href":"https:\/\/api.w.org\/{rel}","templated":true}]}}