 {"id":8598,"date":"2019-05-24T20:52:39","date_gmt":"2019-05-24T18:52:39","guid":{"rendered":"http:\/\/gap47.astrosurf.com\/?page_id=8598"},"modified":"2019-05-25T18:39:22","modified_gmt":"2019-05-25T16:39:22","slug":"bennu","status":"publish","type":"page","link":"https:\/\/gap47.astrosurf.com\/index.php\/bennu\/","title":{"rendered":"Bennu"},"content":{"rendered":"<p style=\"text-align: center;\"><span style=\"font-size: 24px;\"><strong><span style=\"font-family: 'times new roman', times, serif;\">APOD 2019 05 24 \u2013 L&rsquo;ast\u00e9ro\u00efde Bennu<\/span><\/strong><\/span><\/p>\n<p style=\"text-align: center;\"><span style=\"font-family: 'times new roman', times, serif; font-size: 14px;\">Image Credit: NASA, Goddard Space Flight Center, University of Arizona<\/span><\/p>\n<p><img loading=\"lazy\" decoding=\"async\" class=\"aligncenter wp-image-8599\" src=\"http:\/\/gap47.astrosurf.com\/wp-content\/uploads\/2019\/05\/Bennu-300x300.jpg\" alt=\"\" width=\"1000\" height=\"1000\" srcset=\"https:\/\/gap47.astrosurf.com\/wp-content\/uploads\/2019\/05\/Bennu-300x300.jpg 300w, https:\/\/gap47.astrosurf.com\/wp-content\/uploads\/2019\/05\/Bennu-150x150.jpg 150w, https:\/\/gap47.astrosurf.com\/wp-content\/uploads\/2019\/05\/Bennu-100x100.jpg 100w, https:\/\/gap47.astrosurf.com\/wp-content\/uploads\/2019\/05\/Bennu.jpg 510w\" sizes=\"auto, (max-width: 767px) 89vw, (max-width: 1000px) 54vw, (max-width: 1071px) 543px, 580px\" \/><\/p>\n<p><span style=\"font-family: 'times new roman', times, serif; font-size: 20px;\">Une abondance de rochers recouvre la surface de l\u2019ast\u00e9ro\u00efde 101995 Bennu dans ce plan rapproch\u00e9 et spectaculaire pris par la sonde OSIRIS-Rex. Cette photo a \u00e9t\u00e9 prise le 28 mars 2019 depuis une distance de 3,4 km, le champ de vision est d\u2019environ 50 m\u00e8tres. Le rocher de couleur claire tout en haut mesure 4,80 m. Cet ast\u00e9ro\u00efde est probablement de type \u00ab&nbsp;amas de gravats&nbsp;\u00bb et mesure moins de 500 m\u00e8tres dans sa plus grande dimension. \u00c9tablissant la cartographie de cet ast\u00e9ro\u00efde proche de la Terre depuis d\u00e9cembre 2018, la mission OSIRIS-Rex de la NASA planifie une man\u0153uvre de \u00ab&nbsp;Touch and Go&nbsp;\u00bb consistant \u00e0 se poser bri\u00e8vement \u00e0 la surface de l\u2019objet pour recueillir quelques \u00e9chantillons de la surface accident\u00e9e de Bennu, puis de les ramener sur Terre en septembre 2023. Des scientifiques ont \u00e9t\u00e9 invit\u00e9s \u00e0 faire un choix des \u00e9chantillons \u00e0 pr\u00e9lever.<\/span><\/p>\n<p style=\"text-align: right;\">Traduction&nbsp;: Olivier Sabbagh<\/p>\n<p>&nbsp;<\/p>\n<p><img loading=\"lazy\" decoding=\"async\" class=\"aligncenter wp-image-8612 size-full\" src=\"http:\/\/gap47.astrosurf.com\/wp-content\/uploads\/2019\/05\/Bennu.gif\" alt=\"\" width=\"800\" height=\"800\"><\/p>\n<p style=\"text-align: center;\"><em><span class=\"mw-mmv-title\" style=\"font-family: 'times new roman', times, serif;\">Time-lapse r\u00e9alis\u00e9 \u00e0 partir de 36 photos de Bennu prises par la cam\u00e9ra PolyCam \u00e0 une distance d&rsquo;environ 80 km sur une dur\u00e9e de 4 heures 18 minutes.<\/span><\/em><\/p>\n<p><span style=\"font-family: arial, helvetica, sans-serif; font-size: 16px;\"><strong>NDT<\/strong>&nbsp;: <strong>OSIRIS-REx<\/strong> (<em>Origins-Spectral Interpretation-Resource Identification-Security-Regolith Explorer<\/em>) est une mission de la NASA (l&rsquo;agence spatiale am\u00e9ricaine), qui doit \u00e9tudier l&rsquo;ast\u00e9ro\u00efde Bennu et ramener un \u00e9chantillon de son sol sur Terre. La sonde spatiale a \u00e9t\u00e9 lanc\u00e9e le 8 septembre 2016 par une fus\u00e9e Atlas V 411. B\u00e9nou est un ast\u00e9ro\u00efde de type Apollon dont l&rsquo;orbite croise celle de la Terre (ast\u00e9ro\u00efde g\u00e9ocroiseur).<\/span><\/p>\n<p><span style=\"font-family: arial, helvetica, sans-serif; font-size: 16px;\">Les instruments (cam\u00e9ras, spectrom\u00e8tre, altim\u00e8tre) de la sonde spatiale doivent \u00e9galement permettre de r\u00e9unir <em>in situ<\/em> des donn\u00e9es qui permettront d&rsquo;am\u00e9liorer nos connaissances sur le processus de formation du Syst\u00e8me solaire. La r\u00e9cup\u00e9ration sur Terre d&rsquo;un \u00e9chantillon du sol de l&rsquo;ast\u00e9ro\u00efde permettra, gr\u00e2ce \u00e0 la puissance des instruments des laboratoires, d&rsquo;isoler les composants primordiaux du syst\u00e8me solaire que l&rsquo;ast\u00e9ro\u00efde a th\u00e9oriquement pr\u00e9serv\u00e9.<\/span><\/p>\n<p><span style=\"font-family: arial, helvetica, sans-serif; font-size: 16px;\">Les ast\u00e9ro\u00efdes sont les t\u00e9moins de la formation du Syst\u00e8me solaire \u00e0 partir du nuage de gaz originel. Leur composition est pratiquement inchang\u00e9e depuis leur cr\u00e9ation, contrairement \u00e0 celle des autres corps du Syst\u00e8me solaire comme les plan\u00e8tes. Aussi les ast\u00e9ro\u00efdes contiennent-ils des informations in\u00e9dites sur le processus de formation du Syst\u00e8me solaire, qui pourraient \u00eatre r\u00e9v\u00e9l\u00e9es par l&rsquo;analyse d&rsquo;un \u00e9chantillon de sol bien choisi. Il se pourrait \u00e9galement que les ast\u00e9ro\u00efdes porteurs de mol\u00e9cules organiques et d&rsquo;acides amin\u00e9s aient jou\u00e9 un r\u00f4le d\u00e9cisif dans l&rsquo;apparition de la vie sur la Terre, en r\u00e9ensemen\u00e7ant sa surface st\u00e9rilis\u00e9e par le grand bombardement tardif. Une mission spatiale effectuant une \u00e9tude <em>in situ<\/em> est envisageable, mais les instruments, que peut emporter un engin spatial, ont des capacit\u00e9s limit\u00e9es, car leur masse ne peut exc\u00e9der quelques dizaines de kilogrammes. Seule une mission ramenant un \u00e9chantillon de sol sur Terre permet de tirer des informations pr\u00e9cises, gr\u00e2ce \u00e0 la puissance des instruments des laboratoires.<\/span><\/p>\n<p>&nbsp;<\/p>\n<p><strong><span style=\"font-family: arial, helvetica, sans-serif; font-size: 16px;\">Les objectifs de la mission OSIRIS-REx sont les suivants&nbsp;:<\/span><\/strong><\/p>\n<ul>\n<li><span style=\"font-family: arial, helvetica, sans-serif; font-size: 16px;\">Ramener sur Terre un \u00e9chantillon de r\u00e9golithe d&rsquo;un ast\u00e9ro\u00efde, pour en \u00e9tudier la nature, la gen\u00e8se et d\u00e9terminer ses composants min\u00e9raux et organiques. Le retour d&rsquo;un \u00e9chantillon sur Terre permet d&rsquo;effectuer des analyses avec une pr\u00e9cision beaucoup plus importante que ce que permet l&rsquo;\u00e9tude par des instruments embarqu\u00e9s, dont la taille et donc la sophistication sont limit\u00e9es. Une fois sur Terre, on peut manipuler l&rsquo;\u00e9chantillon et modifier les conditions exp\u00e9rimentales en exploitant les progr\u00e8s de la technologie et de la connaissance&nbsp;;<\/span><\/li>\n<li><span style=\"font-family: arial, helvetica, sans-serif; font-size: 16px;\">\u00c9tablir une carte des caract\u00e9ristiques g\u00e9n\u00e9rales, chimiques et min\u00e9ralogiques d&rsquo;un ast\u00e9ro\u00efde primitif pour reconstituer son histoire g\u00e9ologique et son \u00e9volution, ainsi que pour fournir le contexte des \u00e9chantillons&nbsp;;<\/span><\/li>\n<li><span style=\"font-family: arial, helvetica, sans-serif; font-size: 16px;\">Caract\u00e9riser la texture, la morphologie, les composants et les propri\u00e9t\u00e9s spectrales du r\u00e9golithe du site sur lequel l&rsquo;\u00e9chantillon est pr\u00e9lev\u00e9, avec une r\u00e9solution inf\u00e9rieure au millim\u00e8tre&nbsp;;<\/span><\/li>\n<li><span style=\"font-family: arial, helvetica, sans-serif; font-size: 16px;\">Mesurer l&rsquo;effet Yarkovsky. L&rsquo;orbite des objets c\u00e9lestes circulant dans le Syst\u00e8me solaire est d\u00e9termin\u00e9e par l&rsquo;influence du Soleil et des plan\u00e8tes les plus massives. Les scientifiques ont une bonne connaissance des orbites futures de ces corps, ce qui permet de pr\u00e9voir avec pr\u00e9cision l&rsquo;orbite des objets de plus petite taille. Toutefois, l&rsquo;orbite des objets de faible masse (moins de 20&nbsp;kilom\u00e8tres de diam\u00e8tre) est \u00e9galement influenc\u00e9e par l&rsquo;effet Yarkovsky: cette force, non gravitationnelle, r\u00e9sulte de la restitution sous forme de rayonnement infrarouge de l&rsquo;\u00e9nergie solaire absorb\u00e9e par la surface du petit corps c\u00e9leste. Faute d&rsquo;une mod\u00e9lisation pr\u00e9cise de l&rsquo;influence de cette pouss\u00e9e, il est difficile de d\u00e9terminer l&rsquo;orbite des petits corps sur le long terme et donc de pr\u00e9voir les risques de collision avec la Terre lorsque ces objets circulent sur une orbite proche de notre plan\u00e8te. Un des objectifs de la mission est de d\u00e9terminer les caract\u00e9ristiques de l&rsquo;ast\u00e9ro\u00efde qui influent sur la d\u00e9viation exerc\u00e9e par l&rsquo;effet Yarkovsky.<\/span><\/li>\n<\/ul>\n<p><img loading=\"lazy\" decoding=\"async\" class=\"aligncenter wp-image-8600\" src=\"http:\/\/gap47.astrosurf.com\/wp-content\/uploads\/2019\/05\/orbite-Bennu-300x199.jpg\" alt=\"\" width=\"1000\" height=\"665\" srcset=\"https:\/\/gap47.astrosurf.com\/wp-content\/uploads\/2019\/05\/orbite-Bennu-300x199.jpg 300w, https:\/\/gap47.astrosurf.com\/wp-content\/uploads\/2019\/05\/orbite-Bennu.jpg 510w\" sizes=\"auto, (max-width: 767px) 89vw, (max-width: 1000px) 54vw, (max-width: 1071px) 543px, 580px\" \/><\/p>\n<p style=\"text-align: center;\"><span style=\"font-family: 'times new roman', times, serif;\"><em>Orbite de l\u2019ast\u00e9ro\u00efde Bennu<\/em><\/span><\/p>\n<p><img loading=\"lazy\" decoding=\"async\" class=\"aligncenter wp-image-8601\" src=\"http:\/\/gap47.astrosurf.com\/wp-content\/uploads\/2019\/05\/Sche\u0301ma-Bennu-300x179.jpg\" alt=\"\" width=\"1000\" height=\"596\" srcset=\"https:\/\/gap47.astrosurf.com\/wp-content\/uploads\/2019\/05\/Sche\u0301ma-Bennu-300x179.jpg 300w, https:\/\/gap47.astrosurf.com\/wp-content\/uploads\/2019\/05\/Sche\u0301ma-Bennu.jpg 510w\" sizes=\"auto, (max-width: 767px) 89vw, (max-width: 1000px) 54vw, (max-width: 1071px) 543px, 580px\" \/><\/p>\n<p style=\"text-align: center;\"><span style=\"font-family: 'times new roman', times, serif;\"><em>Diagramme de la sonde spatiale OSIRIS-REx&nbsp;: <strong>A<\/strong>&nbsp;: capsule \u00e9chantillon SRC&nbsp;; <strong>B<\/strong>&nbsp;: syst\u00e8me de pr\u00e9l\u00e8vement TAGSAM&nbsp;; <strong>C<\/strong>&nbsp;: structure d\u00e9riv\u00e9e de celle de MRO&nbsp;; <strong>D<\/strong>&nbsp;: panneaux solaire de 8,5&nbsp;m<sup>2<\/sup>&nbsp;; <strong>E<\/strong>&nbsp;: antenne grand gain de 2&nbsp;m\u00e8tres de diam\u00e8tre&nbsp;; <strong>F<\/strong>&nbsp;: moteurs-fus\u00e9es de 200&nbsp;N de pouss\u00e9e&nbsp;; <strong>G<\/strong>&nbsp;: viseurs d&rsquo;\u00e9toiles&nbsp;; <strong>H<\/strong>&nbsp;: antenne moyen gain&nbsp;; <strong>I<\/strong>&nbsp;: articulation des panneaux solaires avec deux degr\u00e9s de libert\u00e9&nbsp;; <strong>J<\/strong>&nbsp;: antenne faible gain&nbsp;; <strong>K<\/strong>&nbsp;: r\u00e9servoir d&rsquo;h\u00e9lium&nbsp;; <strong>1<\/strong>&nbsp;: Lidar&nbsp;; <strong>2<\/strong>&nbsp;: altim\u00e8tre OLA&nbsp;; <strong>3<\/strong>&nbsp;: cam\u00e9ras OCAMS&nbsp;; <strong>4<\/strong>&nbsp;: spectrom\u00e8tre OTES&nbsp;; <strong>5<\/strong>&nbsp;: spectrom\u00e8tre infrarouge OVIRS.<\/em><\/span><\/p>\n<hr>\n<p>&nbsp;<\/p>\n","protected":false},"excerpt":{"rendered":"<p>APOD 2019 05 24 \u2013 L&rsquo;ast\u00e9ro\u00efde Bennu Image Credit: NASA, Goddard Space Flight Center, University of Arizona Une abondance de rochers recouvre la surface de l\u2019ast\u00e9ro\u00efde 101995 Bennu dans ce plan rapproch\u00e9 et spectaculaire pris par la sonde OSIRIS-Rex. Cette photo a \u00e9t\u00e9 prise le 28 mars 2019 depuis une distance de 3,4 km, le &hellip; <\/p>\n<p class=\"link-more\"><a href=\"https:\/\/gap47.astrosurf.com\/index.php\/bennu\/\" class=\"more-link\">Continuer la lecture<span class=\"screen-reader-text\"> de &laquo;&nbsp;Bennu&nbsp;&raquo;<\/span><\/a><\/p>\n","protected":false},"author":5,"featured_media":0,"parent":0,"menu_order":0,"comment_status":"closed","ping_status":"closed","template":"","meta":{"_exactmetrics_skip_tracking":false,"_exactmetrics_sitenote_active":false,"_exactmetrics_sitenote_note":"","_exactmetrics_sitenote_category":0,"ngg_post_thumbnail":0,"footnotes":""},"class_list":["post-8598","page","type-page","status-publish","hentry"],"yoast_head":"<!-- This site is optimized with the Yoast SEO plugin v24.8.1 - https:\/\/yoast.com\/wordpress\/plugins\/seo\/ -->\n<title>Bennu - L&#039;observatoire est ouvert aux visiteurs tous les vendredis soirs \u00e0 21 heures, jusqu&#039;au 3 juillet 2026 inclus, sans r\u00e9servation.<\/title>\n<meta name=\"robots\" content=\"index, follow, max-snippet:-1, max-image-preview:large, max-video-preview:-1\" \/>\n<link rel=\"canonical\" href=\"https:\/\/gap47.astrosurf.com\/index.php\/bennu\/\" \/>\n<meta property=\"og:locale\" content=\"fr_FR\" \/>\n<meta property=\"og:type\" content=\"article\" \/>\n<meta property=\"og:title\" content=\"Bennu - L&#039;observatoire est ouvert aux visiteurs tous les vendredis soirs \u00e0 21 heures, jusqu&#039;au 3 juillet 2026 inclus, sans r\u00e9servation.\" \/>\n<meta property=\"og:description\" content=\"APOD 2019 05 24 \u2013 L&rsquo;ast\u00e9ro\u00efde Bennu Image Credit: NASA, Goddard Space Flight Center, University of Arizona Une abondance de rochers recouvre la surface de l\u2019ast\u00e9ro\u00efde 101995 Bennu dans ce plan rapproch\u00e9 et spectaculaire pris par la sonde OSIRIS-Rex. Cette photo a \u00e9t\u00e9 prise le 28 mars 2019 depuis une distance de 3,4 km, le &hellip; Continuer la lecture de &laquo;&nbsp;Bennu&nbsp;&raquo;\" \/>\n<meta property=\"og:url\" content=\"https:\/\/gap47.astrosurf.com\/index.php\/bennu\/\" \/>\n<meta property=\"og:site_name\" content=\"L&#039;observatoire est ouvert aux visiteurs tous les vendredis soirs \u00e0 21 heures, jusqu&#039;au 3 juillet 2026 inclus, sans r\u00e9servation.\" \/>\n<meta property=\"article:publisher\" content=\"https:\/\/www.facebook.com\/astrogap47\/\" \/>\n<meta property=\"article:modified_time\" content=\"2019-05-25T16:39:22+00:00\" \/>\n<meta property=\"og:image\" content=\"http:\/\/gap47.astrosurf.com\/wp-content\/uploads\/2019\/05\/Bennu-300x300.jpg\" \/>\n<meta name=\"twitter:card\" content=\"summary_large_image\" \/>\n<meta name=\"twitter:label1\" content=\"Dur\u00e9e de lecture estim\u00e9e\" \/>\n\t<meta name=\"twitter:data1\" content=\"5 minutes\" \/>\n<script type=\"application\/ld+json\" class=\"yoast-schema-graph\">{\"@context\":\"https:\/\/schema.org\",\"@graph\":[{\"@type\":\"WebPage\",\"@id\":\"https:\/\/gap47.astrosurf.com\/index.php\/bennu\/\",\"url\":\"https:\/\/gap47.astrosurf.com\/index.php\/bennu\/\",\"name\":\"Bennu - L&#039;observatoire est ouvert aux visiteurs tous les vendredis soirs \u00e0 21 heures, jusqu&#039;au 3 juillet 2026 inclus, sans r\u00e9servation.\",\"isPartOf\":{\"@id\":\"https:\/\/gap47.astrosurf.com\/#website\"},\"primaryImageOfPage\":{\"@id\":\"https:\/\/gap47.astrosurf.com\/index.php\/bennu\/#primaryimage\"},\"image\":{\"@id\":\"https:\/\/gap47.astrosurf.com\/index.php\/bennu\/#primaryimage\"},\"thumbnailUrl\":\"http:\/\/gap47.astrosurf.com\/wp-content\/uploads\/2019\/05\/Bennu-300x300.jpg\",\"datePublished\":\"2019-05-24T18:52:39+00:00\",\"dateModified\":\"2019-05-25T16:39:22+00:00\",\"breadcrumb\":{\"@id\":\"https:\/\/gap47.astrosurf.com\/index.php\/bennu\/#breadcrumb\"},\"inLanguage\":\"fr-FR\",\"potentialAction\":[{\"@type\":\"ReadAction\",\"target\":[\"https:\/\/gap47.astrosurf.com\/index.php\/bennu\/\"]}]},{\"@type\":\"ImageObject\",\"inLanguage\":\"fr-FR\",\"@id\":\"https:\/\/gap47.astrosurf.com\/index.php\/bennu\/#primaryimage\",\"url\":\"https:\/\/gap47.astrosurf.com\/wp-content\/uploads\/2019\/05\/Bennu.jpg\",\"contentUrl\":\"https:\/\/gap47.astrosurf.com\/wp-content\/uploads\/2019\/05\/Bennu.jpg\",\"width\":510,\"height\":510},{\"@type\":\"BreadcrumbList\",\"@id\":\"https:\/\/gap47.astrosurf.com\/index.php\/bennu\/#breadcrumb\",\"itemListElement\":[{\"@type\":\"ListItem\",\"position\":1,\"name\":\"Accueil\",\"item\":\"https:\/\/gap47.astrosurf.com\/\"},{\"@type\":\"ListItem\",\"position\":2,\"name\":\"Bennu\"}]},{\"@type\":\"WebSite\",\"@id\":\"https:\/\/gap47.astrosurf.com\/#website\",\"url\":\"https:\/\/gap47.astrosurf.com\/\",\"name\":\"De janvier \u00e0 fin juin 2024, le GAP47 sera ouvert aux visiteurs tous les vendredis \u00e0 21h sans r\u00e9servation, \u00e0 l'exception du vendredi 26 janvier o\u00f9 l'observatoire sera ferm\u00e9 au public.\",\"description\":\"Groupe d&#039;Astronomie Populaire du Lot-et-Garonne, \u00e0 Montayral\",\"potentialAction\":[{\"@type\":\"SearchAction\",\"target\":{\"@type\":\"EntryPoint\",\"urlTemplate\":\"https:\/\/gap47.astrosurf.com\/?s={search_term_string}\"},\"query-input\":{\"@type\":\"PropertyValueSpecification\",\"valueRequired\":true,\"valueName\":\"search_term_string\"}}],\"inLanguage\":\"fr-FR\"}]}<\/script>\n<!-- \/ Yoast SEO plugin. -->","yoast_head_json":{"title":"Bennu - L&#039;observatoire est ouvert aux visiteurs tous les vendredis soirs \u00e0 21 heures, jusqu&#039;au 3 juillet 2026 inclus, sans r\u00e9servation.","robots":{"index":"index","follow":"follow","max-snippet":"max-snippet:-1","max-image-preview":"max-image-preview:large","max-video-preview":"max-video-preview:-1"},"canonical":"https:\/\/gap47.astrosurf.com\/index.php\/bennu\/","og_locale":"fr_FR","og_type":"article","og_title":"Bennu - L&#039;observatoire est ouvert aux visiteurs tous les vendredis soirs \u00e0 21 heures, jusqu&#039;au 3 juillet 2026 inclus, sans r\u00e9servation.","og_description":"APOD 2019 05 24 \u2013 L&rsquo;ast\u00e9ro\u00efde Bennu Image Credit: NASA, Goddard Space Flight Center, University of Arizona Une abondance de rochers recouvre la surface de l\u2019ast\u00e9ro\u00efde 101995 Bennu dans ce plan rapproch\u00e9 et spectaculaire pris par la sonde OSIRIS-Rex. Cette photo a \u00e9t\u00e9 prise le 28 mars 2019 depuis une distance de 3,4 km, le &hellip; Continuer la lecture de &laquo;&nbsp;Bennu&nbsp;&raquo;","og_url":"https:\/\/gap47.astrosurf.com\/index.php\/bennu\/","og_site_name":"L&#039;observatoire est ouvert aux visiteurs tous les vendredis soirs \u00e0 21 heures, jusqu&#039;au 3 juillet 2026 inclus, sans r\u00e9servation.","article_publisher":"https:\/\/www.facebook.com\/astrogap47\/","article_modified_time":"2019-05-25T16:39:22+00:00","og_image":[{"url":"http:\/\/gap47.astrosurf.com\/wp-content\/uploads\/2019\/05\/Bennu-300x300.jpg","type":"","width":"","height":""}],"twitter_card":"summary_large_image","twitter_misc":{"Dur\u00e9e de lecture estim\u00e9e":"5 minutes"},"schema":{"@context":"https:\/\/schema.org","@graph":[{"@type":"WebPage","@id":"https:\/\/gap47.astrosurf.com\/index.php\/bennu\/","url":"https:\/\/gap47.astrosurf.com\/index.php\/bennu\/","name":"Bennu - L&#039;observatoire est ouvert aux visiteurs tous les vendredis soirs \u00e0 21 heures, jusqu&#039;au 3 juillet 2026 inclus, sans r\u00e9servation.","isPartOf":{"@id":"https:\/\/gap47.astrosurf.com\/#website"},"primaryImageOfPage":{"@id":"https:\/\/gap47.astrosurf.com\/index.php\/bennu\/#primaryimage"},"image":{"@id":"https:\/\/gap47.astrosurf.com\/index.php\/bennu\/#primaryimage"},"thumbnailUrl":"http:\/\/gap47.astrosurf.com\/wp-content\/uploads\/2019\/05\/Bennu-300x300.jpg","datePublished":"2019-05-24T18:52:39+00:00","dateModified":"2019-05-25T16:39:22+00:00","breadcrumb":{"@id":"https:\/\/gap47.astrosurf.com\/index.php\/bennu\/#breadcrumb"},"inLanguage":"fr-FR","potentialAction":[{"@type":"ReadAction","target":["https:\/\/gap47.astrosurf.com\/index.php\/bennu\/"]}]},{"@type":"ImageObject","inLanguage":"fr-FR","@id":"https:\/\/gap47.astrosurf.com\/index.php\/bennu\/#primaryimage","url":"https:\/\/gap47.astrosurf.com\/wp-content\/uploads\/2019\/05\/Bennu.jpg","contentUrl":"https:\/\/gap47.astrosurf.com\/wp-content\/uploads\/2019\/05\/Bennu.jpg","width":510,"height":510},{"@type":"BreadcrumbList","@id":"https:\/\/gap47.astrosurf.com\/index.php\/bennu\/#breadcrumb","itemListElement":[{"@type":"ListItem","position":1,"name":"Accueil","item":"https:\/\/gap47.astrosurf.com\/"},{"@type":"ListItem","position":2,"name":"Bennu"}]},{"@type":"WebSite","@id":"https:\/\/gap47.astrosurf.com\/#website","url":"https:\/\/gap47.astrosurf.com\/","name":"De janvier \u00e0 fin juin 2024, le GAP47 sera ouvert aux visiteurs tous les vendredis \u00e0 21h sans r\u00e9servation, \u00e0 l'exception du vendredi 26 janvier o\u00f9 l'observatoire sera ferm\u00e9 au public.","description":"Groupe d&#039;Astronomie Populaire du Lot-et-Garonne, \u00e0 Montayral","potentialAction":[{"@type":"SearchAction","target":{"@type":"EntryPoint","urlTemplate":"https:\/\/gap47.astrosurf.com\/?s={search_term_string}"},"query-input":{"@type":"PropertyValueSpecification","valueRequired":true,"valueName":"search_term_string"}}],"inLanguage":"fr-FR"}]}},"_links":{"self":[{"href":"https:\/\/gap47.astrosurf.com\/index.php\/wp-json\/wp\/v2\/pages\/8598","targetHints":{"allow":["GET"]}}],"collection":[{"href":"https:\/\/gap47.astrosurf.com\/index.php\/wp-json\/wp\/v2\/pages"}],"about":[{"href":"https:\/\/gap47.astrosurf.com\/index.php\/wp-json\/wp\/v2\/types\/page"}],"author":[{"embeddable":true,"href":"https:\/\/gap47.astrosurf.com\/index.php\/wp-json\/wp\/v2\/users\/5"}],"replies":[{"embeddable":true,"href":"https:\/\/gap47.astrosurf.com\/index.php\/wp-json\/wp\/v2\/comments?post=8598"}],"version-history":[{"count":5,"href":"https:\/\/gap47.astrosurf.com\/index.php\/wp-json\/wp\/v2\/pages\/8598\/revisions"}],"predecessor-version":[{"id":8613,"href":"https:\/\/gap47.astrosurf.com\/index.php\/wp-json\/wp\/v2\/pages\/8598\/revisions\/8613"}],"wp:attachment":[{"href":"https:\/\/gap47.astrosurf.com\/index.php\/wp-json\/wp\/v2\/media?parent=8598"}],"curies":[{"name":"wp","href":"https:\/\/api.w.org\/{rel}","templated":true}]}}