 {"id":8430,"date":"2019-04-09T21:33:48","date_gmt":"2019-04-09T19:33:48","guid":{"rendered":"http:\/\/gap47.astrosurf.com\/?page_id=8430"},"modified":"2019-12-17T17:18:56","modified_gmt":"2019-12-17T15:18:56","slug":"transits-et-rencontres","status":"publish","type":"page","link":"https:\/\/gap47.astrosurf.com\/index.php\/ressources\/nos-photos\/transits-et-rencontres\/","title":{"rendered":"Photos de Transits et de Rencontres"},"content":{"rendered":"<p><span style=\"color: #0000ff;\"><strong><span style=\"font-family: arial, helvetica, sans-serif; font-size: 20px;\">1) Qu&rsquo;est-ce qu&rsquo;un Transit ?<\/span><\/strong><\/span><\/p>\n<p><span style=\"font-family: 'times new roman', times, serif; font-size: 20px;\">C&rsquo;est quand une plan\u00e8te int\u00e9rieure (Mercure ou V\u00e9nus) passe exactement devant le Soleil, pour nous qui sommes sur la Terre. C&rsquo;est impossible pour les plan\u00e8tes ext\u00e9rieures (de Mars \u00e0 Neptune), elles ne peuvent pas passer entre nous et le Soleil.&nbsp;<\/span><\/p>\n<p><span style=\"font-family: 'times new roman', times, serif; font-size: 20px;\"><strong>a) Les transits de V\u00e9nus<\/strong> sont tr\u00e8s rares : en moyenne 2 par si\u00e8cle. <\/span><span style=\"font-family: times new roman,times,serif; font-size: 20px;\">Les \u00e9carts r\u00e9guliers entre les transits de V\u00e9nus sont les suivants : 8&nbsp;ans &#8211; 105&nbsp;ans &#8211; 8&nbsp;ans &#8211; 122&nbsp;ans &#8211; 8&nbsp;ans &#8211; 105&nbsp;ans &#8211; 8&nbsp;ans &#8211; 122&nbsp;ans &#8211; etc. La derni\u00e8re fois c&rsquo;\u00e9tait en 1882. Au XX\u00b0 si\u00e8cle, aucun. Au XXI\u00b0 si\u00e8cle c&rsquo;\u00e9tait pour 2004 et 2012, mais en 2012 le transit \u00e9tait quasiment invisible depuis la France et, de surcro\u00eet, un ciel nuageux nous aurait emp\u00each\u00e9 de voir quoi que ce soit. Rendez-vous pour les prochains transits de V\u00e9nus, en 2117 et 2125 !<\/span><\/p>\n<p><span style=\"font-family: 'times new roman', times, serif; font-size: 20px;\"><strong>b) Les transits de Mercure<\/strong> sont moins rares (13 ou 14 par si\u00e8cle, les prochains en 2019, 2032, 2039, 2049\u2026). Ils sont moins spectaculaires que les transits de V\u00e9nus car Mercure est une plan\u00e8te beaucoup plus petite que V\u00e9nus quand elle passe devant le disque solaire.<\/span><\/p>\n<p><span style=\"font-family: 'times new roman', times, serif; font-size: 20px;\"><strong>c) Les doubles transits simultan\u00e9s de V\u00e9nus et de Mercure<\/strong> : ils sont rarissimes : le prochain sera le 26 juillet 69.163 et le suivant en 224.508 !<\/span><\/p>\n<p style=\"text-align: center;\"><a href=\"http:\/\/gap47.astrosurf.com\/index.php\/astro-debutants\/lecons\/les-transits\/\" target=\"_blank\" rel=\"noopener noreferrer\"><span style=\"font-size: 20px;\"><strong><span style=\"font-family: arial, helvetica, sans-serif;\">Pour voir les tableaux des transits (pass\u00e9s et futurs) de V\u00e9nus et de Mercure, vous pouvez cliquer ici !<\/span><\/strong><\/span><\/a><\/p>\n<p style=\"text-align: center;\"><span style=\"font-size: 24px; font-family: arial,helvetica,sans-serif;\"><span style=\"font-family: 'times new roman', times, serif; color: #008000;\"><strong>Le Transit de V\u00e9nus du 8 Juin 2004 <\/strong><span style=\"font-size: 20px;\">(7h20-13h30)<\/span><\/span><strong><br \/>\n<\/strong><\/span><\/p>\n<p style=\"text-align: center;\"><span style=\"font-family: times new roman,times,serif; font-size: 20px;\">Il ne fallait pas manquer l&rsquo;\u00e9v\u00e8nement ! C&rsquo;est tellement rare !&nbsp;<\/span><\/p>\n<p style=\"text-align: center;\"><span style=\"font-size: 20px;\"><em><span style=\"font-family: 'times new roman', times, serif;\">Pr\u00e9paration des instruments&nbsp; \u2193<\/span><\/em><\/span><\/p>\n<p style=\"text-align: center;\"><img loading=\"lazy\" decoding=\"async\" class=\"aligncenter wp-image-3700 size-full\" src=\"http:\/\/gap47.astrosurf.com\/wp-content\/uploads\/2017\/07\/2004-06-08-Transit-Enclos01_small.jpg\" alt=\"\" width=\"400\" height=\"300\" srcset=\"https:\/\/gap47.astrosurf.com\/wp-content\/uploads\/2017\/07\/2004-06-08-Transit-Enclos01_small.jpg 400w, https:\/\/gap47.astrosurf.com\/wp-content\/uploads\/2017\/07\/2004-06-08-Transit-Enclos01_small-300x225.jpg 300w\" sizes=\"auto, (max-width: 400px) 100vw, 400px\" \/><\/p>\n<p style=\"text-align: center;\"><img loading=\"lazy\" decoding=\"async\" class=\"alignnone size-full wp-image-3701 aligncenter\" src=\"http:\/\/gap47.astrosurf.com\/wp-content\/uploads\/2017\/07\/2004-06-08-Transit-Tablette02_small.jpg\" alt=\"\" width=\"400\" height=\"300\" srcset=\"https:\/\/gap47.astrosurf.com\/wp-content\/uploads\/2017\/07\/2004-06-08-Transit-Tablette02_small.jpg 400w, https:\/\/gap47.astrosurf.com\/wp-content\/uploads\/2017\/07\/2004-06-08-Transit-Tablette02_small-300x225.jpg 300w\" sizes=\"auto, (max-width: 400px) 100vw, 400px\" \/><\/p>\n<p style=\"text-align: center;\"><img loading=\"lazy\" decoding=\"async\" class=\"aligncenter wp-image-3702 size-full\" src=\"http:\/\/gap47.astrosurf.com\/wp-content\/uploads\/2017\/07\/2004-06-08-Transit-Kevin04_small.jpg\" alt=\"\" width=\"300\" height=\"225\"><\/p>\n<p style=\"text-align: center;\"><img loading=\"lazy\" decoding=\"async\" class=\"alignnone size-full wp-image-3703 aligncenter\" src=\"http:\/\/gap47.astrosurf.com\/wp-content\/uploads\/2017\/07\/2004-06-08-Transit-Kevin08_small.jpg\" alt=\"\" width=\"300\" height=\"225\"><\/p>\n<p style=\"text-align: center;\"><strong><span style=\"font-family: times new roman, times, serif; font-size: 20px;\">Le transit de V\u00e9nus devant le disque du Soleil vient de d\u00e9buter. Cela faisait bien longtemps que ce n&rsquo;\u00e9tait pas arriv\u00e9,&nbsp;122&nbsp;ans&nbsp;!<\/span><\/strong><\/p>\n<p style=\"text-align: center;\"><img loading=\"lazy\" decoding=\"async\" class=\"alignnone size-full wp-image-3707 aligncenter\" src=\"http:\/\/gap47.astrosurf.com\/wp-content\/uploads\/2017\/07\/2004-06-08-Transit-Kevin01_small.jpg\" alt=\"\" width=\"300\" height=\"225\"><\/p>\n<p style=\"text-align: center;\"><img loading=\"lazy\" decoding=\"async\" class=\"aligncenter wp-image-3705 size-full\" src=\"http:\/\/gap47.astrosurf.com\/wp-content\/uploads\/2017\/07\/2004-06-08-Transit-Franc\u0327ois02_small.jpg\" alt=\"\" width=\"300\" height=\"226\"><\/p>\n<p style=\"text-align: center;\"><strong><span style=\"font-family: times new roman, times, serif; font-size: 20px;\">Et la fin du transit&#8230; bient\u00f4t le dernier contact&#8230;<\/span><\/strong><\/p>\n<p style=\"text-align: center;\"><img loading=\"lazy\" decoding=\"async\" class=\"alignnone size-full wp-image-3706 aligncenter\" src=\"http:\/\/gap47.astrosurf.com\/wp-content\/uploads\/2017\/07\/2004-06-08-Transit-Kevin06_small.jpg\" alt=\"\" width=\"300\" height=\"225\"><\/p>\n<p style=\"text-align: center;\"><img loading=\"lazy\" decoding=\"async\" class=\"alignnone size-full wp-image-3708 aligncenter\" src=\"http:\/\/gap47.astrosurf.com\/wp-content\/uploads\/2017\/07\/2004-06-08-Transit-Kevin07_small.jpg\" alt=\"\" width=\"300\" height=\"225\"><\/p>\n<p style=\"text-align: center;\"><span style=\"font-family: times new roman,times,serif; font-size: 20px;\">Avec notre coronographe : <span style=\"color: #ff0000;\"><strong>Photo rarissime<\/strong><\/span> \u00e0 la webcam o\u00f9, \u00e0 c\u00f4t\u00e9 d&rsquo;une petite protub\u00e9rance on distingue le fin croissant de V\u00e9nus, \u00e9clair\u00e9e l\u00e9g\u00e8rement de biais (puisqu&rsquo;elle n&rsquo;a pas travers\u00e9 le disque du Soleil par son milieu).&nbsp;\u2193<\/span><\/p>\n<p style=\"text-align: center;\"><img loading=\"lazy\" decoding=\"async\" class=\"aligncenter wp-image-3710 size-full\" src=\"http:\/\/gap47.astrosurf.com\/wp-content\/uploads\/2017\/07\/GAP_venuscoro_10_006b.jpg\" alt=\"\" width=\"466\" height=\"322\" srcset=\"https:\/\/gap47.astrosurf.com\/wp-content\/uploads\/2017\/07\/GAP_venuscoro_10_006b.jpg 466w, https:\/\/gap47.astrosurf.com\/wp-content\/uploads\/2017\/07\/GAP_venuscoro_10_006b-300x207.jpg 300w\" sizes=\"auto, (max-width: 466px) 100vw, 466px\" \/><\/p>\n<p style=\"text-align: center;\"><span style=\"font-size: 20px;\"><span style=\"font-family: times new roman,times,serif;\">Sur l&rsquo;animation ci-dessous, les traits lumineux sont dus \u00e0 des pollens passant devant l&rsquo;objectif du coronographe.<\/span><\/span><\/p>\n<p style=\"text-align: center;\"><img loading=\"lazy\" decoding=\"async\" class=\"alignnone size-full wp-image-3709 aligncenter\" src=\"http:\/\/gap47.astrosurf.com\/wp-content\/uploads\/2017\/07\/venus1.gif\" alt=\"\" width=\"241\" height=\"193\"><\/p>\n<hr>\n<p><span style=\"font-size: 20px; color: #0000ff;\"><strong><span style=\"font-family: arial, helvetica, sans-serif;\">2) Les conjonctions ou rencontres<\/span><\/strong><\/span><\/p>\n<p><span style=\"font-family: 'times new roman', times, serif; font-size: 20px;\">Une conjonction de deux objets c\u00e9lestes, en astronomie, signifie que ces deux objets, vus depuis un troisi\u00e8me (g\u00e9n\u00e9ralement la Terre), apparaissent tr\u00e8s proches l&rsquo;un de l&rsquo;autre dans le ciel. Quand un objet en cache un autre cela devient une occultation.<\/span><\/p>\n<p><span style=\"font-family: 'times new roman', times, serif; font-size: 20px;\">Il pourrait y avoir des milliers d&rsquo;exemples ce ph\u00e9nom\u00e8ne, en voici un :<\/span><\/p>\n<p style=\"text-align: center;\"><span style=\"color: #008000;\"><strong><span style=\"font-family: 'times new roman', times, serif; font-size: 20px;\">Saturne joue \u00e0 cache-cache avec la Lune<\/span><\/strong><\/span><\/p>\n<p style=\"text-align: center;\" align=\"center\"><span style=\"font-family: times new roman,times,serif; font-size: 20px;\">Mardi 22 Mai 2007 &#8211; Saturne, occult\u00e9e un moment par la Lune finit par se montrer.&nbsp;<\/span><br \/>\n<span style=\"font-size: 20px;\"><em><span style=\"font-family: 'times new roman', times, serif;\"> Superposition de deux clich\u00e9s r\u00e9sultant du traitement de 41 clich\u00e9s .avi, sous R\u00e9gistax, tri manuel<\/span><\/em><\/span><\/p>\n<p style=\"text-align: center;\"><img loading=\"lazy\" decoding=\"async\" class=\"aligncenter wp-image-3699 size-full\" src=\"http:\/\/gap47.astrosurf.com\/wp-content\/uploads\/2017\/07\/2007-05-22_EclipseSaturne_04-05_01.jpg\" alt=\"\" width=\"490\" height=\"480\" srcset=\"https:\/\/gap47.astrosurf.com\/wp-content\/uploads\/2017\/07\/2007-05-22_EclipseSaturne_04-05_01.jpg 490w, https:\/\/gap47.astrosurf.com\/wp-content\/uploads\/2017\/07\/2007-05-22_EclipseSaturne_04-05_01-300x294.jpg 300w\" sizes=\"auto, (max-width: 490px) 100vw, 490px\" \/><\/p>\n<hr>\n<p>&nbsp;<\/p>\n","protected":false},"excerpt":{"rendered":"<p>1) Qu&rsquo;est-ce qu&rsquo;un Transit ? C&rsquo;est quand une plan\u00e8te int\u00e9rieure (Mercure ou V\u00e9nus) passe exactement devant le Soleil, pour nous qui sommes sur la Terre. C&rsquo;est impossible pour les plan\u00e8tes ext\u00e9rieures (de Mars \u00e0 Neptune), elles ne peuvent pas passer entre nous et le Soleil.&nbsp; a) Les transits de V\u00e9nus sont tr\u00e8s rares : en &hellip; <\/p>\n<p class=\"link-more\"><a href=\"https:\/\/gap47.astrosurf.com\/index.php\/ressources\/nos-photos\/transits-et-rencontres\/\" class=\"more-link\">Continuer la lecture<span class=\"screen-reader-text\"> de &laquo;&nbsp;Photos de Transits et de Rencontres&nbsp;&raquo;<\/span><\/a><\/p>\n","protected":false},"author":5,"featured_media":0,"parent":1279,"menu_order":8,"comment_status":"closed","ping_status":"closed","template":"","meta":{"_exactmetrics_skip_tracking":false,"_exactmetrics_sitenote_active":false,"_exactmetrics_sitenote_note":"","_exactmetrics_sitenote_category":0,"ngg_post_thumbnail":0,"footnotes":""},"class_list":["post-8430","page","type-page","status-publish","hentry"],"yoast_head":"<!-- This site is optimized with the Yoast SEO plugin v24.8.1 - https:\/\/yoast.com\/wordpress\/plugins\/seo\/ -->\n<title>Photos de Transits et de Rencontres - L&#039;observatoire est ouvert aux visiteurs tous les vendredis soirs \u00e0 21 heures, jusqu&#039;au 3 juillet 2026 inclus, sans r\u00e9servation.<\/title>\n<meta name=\"robots\" content=\"index, follow, max-snippet:-1, max-image-preview:large, max-video-preview:-1\" \/>\n<link rel=\"canonical\" href=\"https:\/\/gap47.astrosurf.com\/index.php\/ressources\/nos-photos\/transits-et-rencontres\/\" \/>\n<meta property=\"og:locale\" content=\"fr_FR\" \/>\n<meta property=\"og:type\" content=\"article\" \/>\n<meta property=\"og:title\" content=\"Photos de Transits et de Rencontres - L&#039;observatoire est ouvert aux visiteurs tous les vendredis soirs \u00e0 21 heures, jusqu&#039;au 3 juillet 2026 inclus, sans r\u00e9servation.\" \/>\n<meta property=\"og:description\" content=\"1) Qu&rsquo;est-ce qu&rsquo;un Transit ? C&rsquo;est quand une plan\u00e8te int\u00e9rieure (Mercure ou V\u00e9nus) passe exactement devant le Soleil, pour nous qui sommes sur la Terre. C&rsquo;est impossible pour les plan\u00e8tes ext\u00e9rieures (de Mars \u00e0 Neptune), elles ne peuvent pas passer entre nous et le Soleil.&nbsp; a) Les transits de V\u00e9nus sont tr\u00e8s rares : en &hellip; Continuer la lecture de &laquo;&nbsp;Photos de Transits et de Rencontres&nbsp;&raquo;\" \/>\n<meta property=\"og:url\" content=\"https:\/\/gap47.astrosurf.com\/index.php\/ressources\/nos-photos\/transits-et-rencontres\/\" \/>\n<meta property=\"og:site_name\" content=\"L&#039;observatoire est ouvert aux visiteurs tous les vendredis soirs \u00e0 21 heures, jusqu&#039;au 3 juillet 2026 inclus, sans r\u00e9servation.\" \/>\n<meta property=\"article:publisher\" content=\"https:\/\/www.facebook.com\/astrogap47\/\" \/>\n<meta property=\"article:modified_time\" content=\"2019-12-17T15:18:56+00:00\" \/>\n<meta property=\"og:image\" content=\"http:\/\/gap47.astrosurf.com\/wp-content\/uploads\/2017\/07\/2004-06-08-Transit-Enclos01_small.jpg\" \/>\n<meta name=\"twitter:card\" content=\"summary_large_image\" \/>\n<meta name=\"twitter:label1\" content=\"Dur\u00e9e de lecture estim\u00e9e\" \/>\n\t<meta name=\"twitter:data1\" content=\"2 minutes\" \/>\n<script type=\"application\/ld+json\" class=\"yoast-schema-graph\">{\"@context\":\"https:\/\/schema.org\",\"@graph\":[{\"@type\":\"WebPage\",\"@id\":\"https:\/\/gap47.astrosurf.com\/index.php\/ressources\/nos-photos\/transits-et-rencontres\/\",\"url\":\"https:\/\/gap47.astrosurf.com\/index.php\/ressources\/nos-photos\/transits-et-rencontres\/\",\"name\":\"Photos de Transits et de Rencontres - L&#039;observatoire est ouvert aux visiteurs tous les vendredis soirs \u00e0 21 heures, jusqu&#039;au 3 juillet 2026 inclus, sans r\u00e9servation.\",\"isPartOf\":{\"@id\":\"https:\/\/gap47.astrosurf.com\/#website\"},\"primaryImageOfPage\":{\"@id\":\"https:\/\/gap47.astrosurf.com\/index.php\/ressources\/nos-photos\/transits-et-rencontres\/#primaryimage\"},\"image\":{\"@id\":\"https:\/\/gap47.astrosurf.com\/index.php\/ressources\/nos-photos\/transits-et-rencontres\/#primaryimage\"},\"thumbnailUrl\":\"http:\/\/gap47.astrosurf.com\/wp-content\/uploads\/2017\/07\/2004-06-08-Transit-Enclos01_small.jpg\",\"datePublished\":\"2019-04-09T19:33:48+00:00\",\"dateModified\":\"2019-12-17T15:18:56+00:00\",\"breadcrumb\":{\"@id\":\"https:\/\/gap47.astrosurf.com\/index.php\/ressources\/nos-photos\/transits-et-rencontres\/#breadcrumb\"},\"inLanguage\":\"fr-FR\",\"potentialAction\":[{\"@type\":\"ReadAction\",\"target\":[\"https:\/\/gap47.astrosurf.com\/index.php\/ressources\/nos-photos\/transits-et-rencontres\/\"]}]},{\"@type\":\"ImageObject\",\"inLanguage\":\"fr-FR\",\"@id\":\"https:\/\/gap47.astrosurf.com\/index.php\/ressources\/nos-photos\/transits-et-rencontres\/#primaryimage\",\"url\":\"https:\/\/gap47.astrosurf.com\/wp-content\/uploads\/2017\/07\/2004-06-08-Transit-Enclos01_small.jpg\",\"contentUrl\":\"https:\/\/gap47.astrosurf.com\/wp-content\/uploads\/2017\/07\/2004-06-08-Transit-Enclos01_small.jpg\",\"width\":400,\"height\":300},{\"@type\":\"BreadcrumbList\",\"@id\":\"https:\/\/gap47.astrosurf.com\/index.php\/ressources\/nos-photos\/transits-et-rencontres\/#breadcrumb\",\"itemListElement\":[{\"@type\":\"ListItem\",\"position\":1,\"name\":\"Accueil\",\"item\":\"https:\/\/gap47.astrosurf.com\/\"},{\"@type\":\"ListItem\",\"position\":2,\"name\":\"Ressources\",\"item\":\"https:\/\/gap47.astrosurf.com\/index.php\/ressources\/\"},{\"@type\":\"ListItem\",\"position\":3,\"name\":\"Nos photos\",\"item\":\"https:\/\/gap47.astrosurf.com\/index.php\/ressources\/nos-photos\/\"},{\"@type\":\"ListItem\",\"position\":4,\"name\":\"Photos de Transits et de Rencontres\"}]},{\"@type\":\"WebSite\",\"@id\":\"https:\/\/gap47.astrosurf.com\/#website\",\"url\":\"https:\/\/gap47.astrosurf.com\/\",\"name\":\"De janvier \u00e0 fin juin 2024, le GAP47 sera ouvert aux visiteurs tous les vendredis \u00e0 21h sans r\u00e9servation, \u00e0 l'exception du vendredi 26 janvier o\u00f9 l'observatoire sera ferm\u00e9 au public.\",\"description\":\"Groupe d&#039;Astronomie Populaire du Lot-et-Garonne, \u00e0 Montayral\",\"potentialAction\":[{\"@type\":\"SearchAction\",\"target\":{\"@type\":\"EntryPoint\",\"urlTemplate\":\"https:\/\/gap47.astrosurf.com\/?s={search_term_string}\"},\"query-input\":{\"@type\":\"PropertyValueSpecification\",\"valueRequired\":true,\"valueName\":\"search_term_string\"}}],\"inLanguage\":\"fr-FR\"}]}<\/script>\n<!-- \/ Yoast SEO plugin. -->","yoast_head_json":{"title":"Photos de Transits et de Rencontres - L&#039;observatoire est ouvert aux visiteurs tous les vendredis soirs \u00e0 21 heures, jusqu&#039;au 3 juillet 2026 inclus, sans r\u00e9servation.","robots":{"index":"index","follow":"follow","max-snippet":"max-snippet:-1","max-image-preview":"max-image-preview:large","max-video-preview":"max-video-preview:-1"},"canonical":"https:\/\/gap47.astrosurf.com\/index.php\/ressources\/nos-photos\/transits-et-rencontres\/","og_locale":"fr_FR","og_type":"article","og_title":"Photos de Transits et de Rencontres - L&#039;observatoire est ouvert aux visiteurs tous les vendredis soirs \u00e0 21 heures, jusqu&#039;au 3 juillet 2026 inclus, sans r\u00e9servation.","og_description":"1) Qu&rsquo;est-ce qu&rsquo;un Transit ? C&rsquo;est quand une plan\u00e8te int\u00e9rieure (Mercure ou V\u00e9nus) passe exactement devant le Soleil, pour nous qui sommes sur la Terre. C&rsquo;est impossible pour les plan\u00e8tes ext\u00e9rieures (de Mars \u00e0 Neptune), elles ne peuvent pas passer entre nous et le Soleil.&nbsp; a) Les transits de V\u00e9nus sont tr\u00e8s rares : en &hellip; Continuer la lecture de &laquo;&nbsp;Photos de Transits et de Rencontres&nbsp;&raquo;","og_url":"https:\/\/gap47.astrosurf.com\/index.php\/ressources\/nos-photos\/transits-et-rencontres\/","og_site_name":"L&#039;observatoire est ouvert aux visiteurs tous les vendredis soirs \u00e0 21 heures, jusqu&#039;au 3 juillet 2026 inclus, sans r\u00e9servation.","article_publisher":"https:\/\/www.facebook.com\/astrogap47\/","article_modified_time":"2019-12-17T15:18:56+00:00","og_image":[{"url":"http:\/\/gap47.astrosurf.com\/wp-content\/uploads\/2017\/07\/2004-06-08-Transit-Enclos01_small.jpg","type":"","width":"","height":""}],"twitter_card":"summary_large_image","twitter_misc":{"Dur\u00e9e de lecture estim\u00e9e":"2 minutes"},"schema":{"@context":"https:\/\/schema.org","@graph":[{"@type":"WebPage","@id":"https:\/\/gap47.astrosurf.com\/index.php\/ressources\/nos-photos\/transits-et-rencontres\/","url":"https:\/\/gap47.astrosurf.com\/index.php\/ressources\/nos-photos\/transits-et-rencontres\/","name":"Photos de Transits et de Rencontres - L&#039;observatoire est ouvert aux visiteurs tous les vendredis soirs \u00e0 21 heures, jusqu&#039;au 3 juillet 2026 inclus, sans r\u00e9servation.","isPartOf":{"@id":"https:\/\/gap47.astrosurf.com\/#website"},"primaryImageOfPage":{"@id":"https:\/\/gap47.astrosurf.com\/index.php\/ressources\/nos-photos\/transits-et-rencontres\/#primaryimage"},"image":{"@id":"https:\/\/gap47.astrosurf.com\/index.php\/ressources\/nos-photos\/transits-et-rencontres\/#primaryimage"},"thumbnailUrl":"http:\/\/gap47.astrosurf.com\/wp-content\/uploads\/2017\/07\/2004-06-08-Transit-Enclos01_small.jpg","datePublished":"2019-04-09T19:33:48+00:00","dateModified":"2019-12-17T15:18:56+00:00","breadcrumb":{"@id":"https:\/\/gap47.astrosurf.com\/index.php\/ressources\/nos-photos\/transits-et-rencontres\/#breadcrumb"},"inLanguage":"fr-FR","potentialAction":[{"@type":"ReadAction","target":["https:\/\/gap47.astrosurf.com\/index.php\/ressources\/nos-photos\/transits-et-rencontres\/"]}]},{"@type":"ImageObject","inLanguage":"fr-FR","@id":"https:\/\/gap47.astrosurf.com\/index.php\/ressources\/nos-photos\/transits-et-rencontres\/#primaryimage","url":"https:\/\/gap47.astrosurf.com\/wp-content\/uploads\/2017\/07\/2004-06-08-Transit-Enclos01_small.jpg","contentUrl":"https:\/\/gap47.astrosurf.com\/wp-content\/uploads\/2017\/07\/2004-06-08-Transit-Enclos01_small.jpg","width":400,"height":300},{"@type":"BreadcrumbList","@id":"https:\/\/gap47.astrosurf.com\/index.php\/ressources\/nos-photos\/transits-et-rencontres\/#breadcrumb","itemListElement":[{"@type":"ListItem","position":1,"name":"Accueil","item":"https:\/\/gap47.astrosurf.com\/"},{"@type":"ListItem","position":2,"name":"Ressources","item":"https:\/\/gap47.astrosurf.com\/index.php\/ressources\/"},{"@type":"ListItem","position":3,"name":"Nos photos","item":"https:\/\/gap47.astrosurf.com\/index.php\/ressources\/nos-photos\/"},{"@type":"ListItem","position":4,"name":"Photos de Transits et de Rencontres"}]},{"@type":"WebSite","@id":"https:\/\/gap47.astrosurf.com\/#website","url":"https:\/\/gap47.astrosurf.com\/","name":"De janvier \u00e0 fin juin 2024, le GAP47 sera ouvert aux visiteurs tous les vendredis \u00e0 21h sans r\u00e9servation, \u00e0 l'exception du vendredi 26 janvier o\u00f9 l'observatoire sera ferm\u00e9 au public.","description":"Groupe d&#039;Astronomie Populaire du Lot-et-Garonne, \u00e0 Montayral","potentialAction":[{"@type":"SearchAction","target":{"@type":"EntryPoint","urlTemplate":"https:\/\/gap47.astrosurf.com\/?s={search_term_string}"},"query-input":{"@type":"PropertyValueSpecification","valueRequired":true,"valueName":"search_term_string"}}],"inLanguage":"fr-FR"}]}},"_links":{"self":[{"href":"https:\/\/gap47.astrosurf.com\/index.php\/wp-json\/wp\/v2\/pages\/8430","targetHints":{"allow":["GET"]}}],"collection":[{"href":"https:\/\/gap47.astrosurf.com\/index.php\/wp-json\/wp\/v2\/pages"}],"about":[{"href":"https:\/\/gap47.astrosurf.com\/index.php\/wp-json\/wp\/v2\/types\/page"}],"author":[{"embeddable":true,"href":"https:\/\/gap47.astrosurf.com\/index.php\/wp-json\/wp\/v2\/users\/5"}],"replies":[{"embeddable":true,"href":"https:\/\/gap47.astrosurf.com\/index.php\/wp-json\/wp\/v2\/comments?post=8430"}],"version-history":[{"count":17,"href":"https:\/\/gap47.astrosurf.com\/index.php\/wp-json\/wp\/v2\/pages\/8430\/revisions"}],"predecessor-version":[{"id":8999,"href":"https:\/\/gap47.astrosurf.com\/index.php\/wp-json\/wp\/v2\/pages\/8430\/revisions\/8999"}],"up":[{"embeddable":true,"href":"https:\/\/gap47.astrosurf.com\/index.php\/wp-json\/wp\/v2\/pages\/1279"}],"wp:attachment":[{"href":"https:\/\/gap47.astrosurf.com\/index.php\/wp-json\/wp\/v2\/media?parent=8430"}],"curies":[{"name":"wp","href":"https:\/\/api.w.org\/{rel}","templated":true}]}}