 {"id":8427,"date":"2019-04-09T21:03:00","date_gmt":"2019-04-09T19:03:00","guid":{"rendered":"http:\/\/gap47.astrosurf.com\/?page_id=8427"},"modified":"2019-12-17T17:17:27","modified_gmt":"2019-12-17T15:17:27","slug":"les-eclipses-de-lune","status":"publish","type":"page","link":"https:\/\/gap47.astrosurf.com\/index.php\/ressources\/nos-photos\/les-eclipses-de-lune\/","title":{"rendered":"Photos d&rsquo;\u00e9clipses de Lune"},"content":{"rendered":"<p><span style=\"font-size: 20px;\"><strong><span style=\"font-family: arial, helvetica, sans-serif;\">1) \u00c9clipse de Lune du 21 f\u00e9vrier 2008<\/span><\/strong><\/span><\/p>\n<p align=\"center\"><span style=\"font-size: 20px;\"><em><span style=\"font-family: 'times new roman', times, serif;\">APN Panasonic FZ18 \u2013 Pierre Valat&nbsp; \u2193<\/span><\/em><\/span><\/p>\n<p><img loading=\"lazy\" decoding=\"async\" class=\"aligncenter wp-image-3688 size-full\" src=\"http:\/\/gap47.astrosurf.com\/wp-content\/uploads\/2017\/07\/2008-02-21_Eclipse-Lune_395_traite01.jpg\" sizes=\"auto, (max-width: 767px) 89vw, (max-width: 1000px) 54vw, (max-width: 1071px) 543px, 580px\" srcset=\"http:\/\/gap47.astrosurf.com\/wp-content\/uploads\/2017\/07\/2008-02-21_Eclipse-Lune_395_traite01.jpg 800w, http:\/\/gap47.astrosurf.com\/wp-content\/uploads\/2017\/07\/2008-02-21_Eclipse-Lune_395_traite01-300x225.jpg 300w, http:\/\/gap47.astrosurf.com\/wp-content\/uploads\/2017\/07\/2008-02-21_Eclipse-Lune_395_traite01-768x576.jpg 768w\" alt=\"\" width=\"800\" height=\"600\"><\/p>\n<hr>\n<p><span style=\"font-family: arial, helvetica, sans-serif; font-size: 20px;\"><strong>2) \u00c9clipse de Lune du 28 septembre 2015<\/strong><\/span><\/p>\n<p style=\"text-align: center;\"><em><span style=\"font-family: 'times new roman', times, serif; font-size: 20px;\">Photo Fran\u00e7ois Doffin&nbsp; \u2193<\/span><\/em><\/p>\n<p><img loading=\"lazy\" decoding=\"async\" class=\"alignnone wp-image-8356 size-full\" src=\"http:\/\/gap47.astrosurf.com\/wp-content\/uploads\/2019\/03\/Francois_2015-09-28-Eclipse-Lune_02.jpg\" sizes=\"auto, (max-width: 767px) 89vw, (max-width: 1000px) 54vw, (max-width: 1071px) 543px, 580px\" srcset=\"http:\/\/gap47.astrosurf.com\/wp-content\/uploads\/2019\/03\/Francois_2015-09-28-Eclipse-Lune_02.jpg 800w, http:\/\/gap47.astrosurf.com\/wp-content\/uploads\/2019\/03\/Francois_2015-09-28-Eclipse-Lune_02-300x200.jpg 300w, http:\/\/gap47.astrosurf.com\/wp-content\/uploads\/2019\/03\/Francois_2015-09-28-Eclipse-Lune_02-768x511.jpg 768w\" alt=\"\" width=\"800\" height=\"532\"><\/p>\n<hr>\n<p><span style=\"font-family: arial, helvetica, sans-serif; font-size: 20px;\"><strong>2bis) \u00c9clipse de Lune du 28 septembre 2015<\/strong><\/span><\/p>\n<p style=\"text-align: center;\"><span style=\"font-family: 'times new roman', times, serif; font-size: 20px;\">Nikon D5200 \u2013 Zoom Nikkor 55~200 \u2013 Olivier Sabbagh<\/span><\/p>\n<p style=\"text-align: center;\"><span style=\"font-family: 'times new roman', times, serif; font-size: 20px;\"><em>\u2193&nbsp; De la p\u00e9nombre de la Terre, la Lune passe dans l\u2019ombre<\/em><\/span><\/p>\n<p><a href=\"http:\/\/gap47.astrosurf.com\/wp-content\/uploads\/2017\/07\/DSC_0182-2.jpg\" data-slb-active=\"1\" data-slb-asset=\"1625468323\" data-slb-internal=\"0\"><img loading=\"lazy\" decoding=\"async\" class=\"aligncenter wp-image-3691 size-full\" src=\"http:\/\/gap47.astrosurf.com\/wp-content\/uploads\/2017\/07\/DSC_0182-2.jpg\" sizes=\"auto, (max-width: 767px) 89vw, (max-width: 1000px) 54vw, (max-width: 1071px) 543px, 580px\" srcset=\"http:\/\/gap47.astrosurf.com\/wp-content\/uploads\/2017\/07\/DSC_0182-2.jpg 1560w, http:\/\/gap47.astrosurf.com\/wp-content\/uploads\/2017\/07\/DSC_0182-2-300x186.jpg 300w, http:\/\/gap47.astrosurf.com\/wp-content\/uploads\/2017\/07\/DSC_0182-2-768x476.jpg 768w\" alt=\"\" width=\"1560\" height=\"966\"><\/a><\/p>\n<p style=\"text-align: center;\"><span style=\"font-size: 20px;\"><em><span style=\"font-family: 'times new roman', times, serif;\">\u2193&nbsp; \u00c7a y est, la totalit\u00e9 tant attendue\u2026<\/span><\/em><\/span><\/p>\n<p><a href=\"http:\/\/gap47.astrosurf.com\/wp-content\/uploads\/2017\/07\/DSC_0220-2.jpg\" data-slb-active=\"1\" data-slb-asset=\"1845930113\" data-slb-internal=\"0\"><img loading=\"lazy\" decoding=\"async\" class=\"aligncenter wp-image-3692 size-full\" src=\"http:\/\/gap47.astrosurf.com\/wp-content\/uploads\/2017\/07\/DSC_0220-2.jpg\" sizes=\"auto, (max-width: 767px) 89vw, (max-width: 1000px) 54vw, (max-width: 1071px) 543px, 580px\" srcset=\"http:\/\/gap47.astrosurf.com\/wp-content\/uploads\/2017\/07\/DSC_0220-2.jpg 2388w, http:\/\/gap47.astrosurf.com\/wp-content\/uploads\/2017\/07\/DSC_0220-2-300x180.jpg 300w, http:\/\/gap47.astrosurf.com\/wp-content\/uploads\/2017\/07\/DSC_0220-2-768x461.jpg 768w\" alt=\"\" width=\"2388\" height=\"1432\"><\/a><\/p>\n<p style=\"text-align: center;\"><span style=\"font-size: 20px;\"><em><span style=\"font-family: 'times new roman', times, serif;\">\u2193&nbsp; Un bref \u00e9clat de Lune dans un halo&nbsp;<\/span><\/em><\/span><\/p>\n<p><a href=\"http:\/\/gap47.astrosurf.com\/wp-content\/uploads\/2017\/07\/DSC_0272-2.jpg\" data-slb-active=\"1\" data-slb-asset=\"2144585227\" data-slb-internal=\"0\"><img loading=\"lazy\" decoding=\"async\" class=\"aligncenter wp-image-3694 size-full\" src=\"http:\/\/gap47.astrosurf.com\/wp-content\/uploads\/2017\/07\/DSC_0272-2.jpg\" sizes=\"auto, (max-width: 767px) 89vw, (max-width: 1000px) 54vw, (max-width: 1071px) 543px, 580px\" srcset=\"http:\/\/gap47.astrosurf.com\/wp-content\/uploads\/2017\/07\/DSC_0272-2.jpg 2000w, http:\/\/gap47.astrosurf.com\/wp-content\/uploads\/2017\/07\/DSC_0272-2-300x275.jpg 300w, http:\/\/gap47.astrosurf.com\/wp-content\/uploads\/2017\/07\/DSC_0272-2-768x705.jpg 768w, http:\/\/gap47.astrosurf.com\/wp-content\/uploads\/2017\/07\/DSC_0272-2-1307x1200.jpg 1307w\" alt=\"\" width=\"2000\" height=\"1836\"><\/a><\/p>\n<p style=\"text-align: center;\"><span style=\"font-size: 20px;\"><em><span style=\"font-family: 'times new roman', times, serif;\">\u2193&nbsp; La Lune sort de l\u2019ombre et regagne la p\u00e9nombre<\/span><\/em><\/span><\/p>\n<p><a href=\"http:\/\/gap47.astrosurf.com\/wp-content\/uploads\/2017\/07\/DSC_0301-1.jpg\" data-slb-active=\"1\" data-slb-asset=\"1394929752\" data-slb-internal=\"0\"><img loading=\"lazy\" decoding=\"async\" class=\"aligncenter wp-image-3697 size-full\" src=\"http:\/\/gap47.astrosurf.com\/wp-content\/uploads\/2017\/07\/DSC_0301-1.jpg\" sizes=\"auto, (max-width: 767px) 89vw, (max-width: 1000px) 54vw, (max-width: 1071px) 543px, 580px\" srcset=\"http:\/\/gap47.astrosurf.com\/wp-content\/uploads\/2017\/07\/DSC_0301-1.jpg 1584w, http:\/\/gap47.astrosurf.com\/wp-content\/uploads\/2017\/07\/DSC_0301-1-300x189.jpg 300w, http:\/\/gap47.astrosurf.com\/wp-content\/uploads\/2017\/07\/DSC_0301-1-768x483.jpg 768w\" alt=\"\" width=\"1584\" height=\"996\"><\/a><\/p>\n<p style=\"text-align: center;\"><span style=\"font-size: 20px;\"><em><span style=\"font-family: 'times new roman', times, serif;\">\u2193&nbsp; La Lune, enti\u00e8rement sortie de la p\u00e9nombre !<\/span><\/em><\/span><\/p>\n<p><a href=\"http:\/\/gap47.astrosurf.com\/wp-content\/uploads\/2017\/07\/DSC_0345-2.jpg\" data-slb-active=\"1\" data-slb-asset=\"1989659434\" data-slb-internal=\"0\"><img loading=\"lazy\" decoding=\"async\" class=\"aligncenter wp-image-3693 size-full\" src=\"http:\/\/gap47.astrosurf.com\/wp-content\/uploads\/2017\/07\/DSC_0345-2.jpg\" sizes=\"auto, (max-width: 767px) 89vw, (max-width: 1000px) 54vw, (max-width: 1071px) 543px, 580px\" srcset=\"http:\/\/gap47.astrosurf.com\/wp-content\/uploads\/2017\/07\/DSC_0345-2.jpg 1578w, http:\/\/gap47.astrosurf.com\/wp-content\/uploads\/2017\/07\/DSC_0345-2-300x187.jpg 300w, http:\/\/gap47.astrosurf.com\/wp-content\/uploads\/2017\/07\/DSC_0345-2-768x479.jpg 768w\" alt=\"\" width=\"1578\" height=\"984\"><\/a><\/p>\n<p style=\"text-align: center;\"><span style=\"font-size: 20px;\"><em><span style=\"font-family: 'times new roman', times, serif;\">\u2193&nbsp; Et finalement, la Lune en pleine lumi\u00e8re<\/span><\/em><\/span><\/p>\n<p><a href=\"http:\/\/gap47.astrosurf.com\/wp-content\/uploads\/2017\/07\/DSC_0337-2.jpg\" data-slb-active=\"1\" data-slb-asset=\"2055559592\" data-slb-internal=\"0\"><img loading=\"lazy\" decoding=\"async\" class=\"aligncenter wp-image-3698 size-full\" src=\"http:\/\/gap47.astrosurf.com\/wp-content\/uploads\/2017\/07\/DSC_0337-2.jpg\" sizes=\"auto, (max-width: 767px) 89vw, (max-width: 1000px) 54vw, (max-width: 1071px) 543px, 580px\" srcset=\"http:\/\/gap47.astrosurf.com\/wp-content\/uploads\/2017\/07\/DSC_0337-2.jpg 1920w, http:\/\/gap47.astrosurf.com\/wp-content\/uploads\/2017\/07\/DSC_0337-2-300x200.jpg 300w, http:\/\/gap47.astrosurf.com\/wp-content\/uploads\/2017\/07\/DSC_0337-2-768x512.jpg 768w\" alt=\"\" width=\"1920\" height=\"1280\"><\/a><\/p>\n<hr>\n<p>&nbsp;<\/p>\n","protected":false},"excerpt":{"rendered":"<p>1) \u00c9clipse de Lune du 21 f\u00e9vrier 2008 APN Panasonic FZ18 \u2013 Pierre Valat&nbsp; \u2193 2) \u00c9clipse de Lune du 28 septembre 2015 Photo Fran\u00e7ois Doffin&nbsp; \u2193 2bis) \u00c9clipse de Lune du 28 septembre 2015 Nikon D5200 \u2013 Zoom Nikkor 55~200 \u2013 Olivier Sabbagh \u2193&nbsp; De la p\u00e9nombre de la Terre, la Lune passe dans &hellip; <\/p>\n<p class=\"link-more\"><a href=\"https:\/\/gap47.astrosurf.com\/index.php\/ressources\/nos-photos\/les-eclipses-de-lune\/\" class=\"more-link\">Continuer la lecture<span class=\"screen-reader-text\"> de &laquo;&nbsp;Photos d&rsquo;\u00e9clipses de Lune&nbsp;&raquo;<\/span><\/a><\/p>\n","protected":false},"author":5,"featured_media":0,"parent":1279,"menu_order":6,"comment_status":"closed","ping_status":"closed","template":"","meta":{"_exactmetrics_skip_tracking":false,"_exactmetrics_sitenote_active":false,"_exactmetrics_sitenote_note":"","_exactmetrics_sitenote_category":0,"ngg_post_thumbnail":0,"footnotes":""},"class_list":["post-8427","page","type-page","status-publish","hentry"],"yoast_head":"<!-- This site is optimized with the Yoast SEO plugin v24.8.1 - https:\/\/yoast.com\/wordpress\/plugins\/seo\/ -->\n<title>Photos d&#039;\u00e9clipses de Lune - L&#039;observatoire est ouvert aux visiteurs tous les vendredis soirs \u00e0 21 heures, jusqu&#039;au 3 juillet 2026 inclus, sans r\u00e9servation.<\/title>\n<meta name=\"robots\" content=\"index, follow, max-snippet:-1, max-image-preview:large, max-video-preview:-1\" \/>\n<link rel=\"canonical\" href=\"https:\/\/gap47.astrosurf.com\/index.php\/ressources\/nos-photos\/les-eclipses-de-lune\/\" \/>\n<meta property=\"og:locale\" content=\"fr_FR\" \/>\n<meta property=\"og:type\" content=\"article\" \/>\n<meta property=\"og:title\" content=\"Photos d&#039;\u00e9clipses de Lune - L&#039;observatoire est ouvert aux visiteurs tous les vendredis soirs \u00e0 21 heures, jusqu&#039;au 3 juillet 2026 inclus, sans r\u00e9servation.\" \/>\n<meta property=\"og:description\" content=\"1) \u00c9clipse de Lune du 21 f\u00e9vrier 2008 APN Panasonic FZ18 \u2013 Pierre Valat&nbsp; \u2193 2) \u00c9clipse de Lune du 28 septembre 2015 Photo Fran\u00e7ois Doffin&nbsp; \u2193 2bis) \u00c9clipse de Lune du 28 septembre 2015 Nikon D5200 \u2013 Zoom Nikkor 55~200 \u2013 Olivier Sabbagh \u2193&nbsp; De la p\u00e9nombre de la Terre, la Lune passe dans &hellip; Continuer la lecture de &laquo;&nbsp;Photos d&rsquo;\u00e9clipses de Lune&nbsp;&raquo;\" \/>\n<meta property=\"og:url\" content=\"https:\/\/gap47.astrosurf.com\/index.php\/ressources\/nos-photos\/les-eclipses-de-lune\/\" \/>\n<meta property=\"og:site_name\" content=\"L&#039;observatoire est ouvert aux visiteurs tous les vendredis soirs \u00e0 21 heures, jusqu&#039;au 3 juillet 2026 inclus, sans r\u00e9servation.\" \/>\n<meta property=\"article:publisher\" content=\"https:\/\/www.facebook.com\/astrogap47\/\" \/>\n<meta property=\"article:modified_time\" content=\"2019-12-17T15:17:27+00:00\" \/>\n<meta property=\"og:image\" content=\"http:\/\/gap47.astrosurf.com\/wp-content\/uploads\/2017\/07\/2008-02-21_Eclipse-Lune_395_traite01.jpg\" \/>\n<meta name=\"twitter:card\" content=\"summary_large_image\" \/>\n<script type=\"application\/ld+json\" class=\"yoast-schema-graph\">{\"@context\":\"https:\/\/schema.org\",\"@graph\":[{\"@type\":\"WebPage\",\"@id\":\"https:\/\/gap47.astrosurf.com\/index.php\/ressources\/nos-photos\/les-eclipses-de-lune\/\",\"url\":\"https:\/\/gap47.astrosurf.com\/index.php\/ressources\/nos-photos\/les-eclipses-de-lune\/\",\"name\":\"Photos d'\u00e9clipses de Lune - L&#039;observatoire est ouvert aux visiteurs tous les vendredis soirs \u00e0 21 heures, jusqu&#039;au 3 juillet 2026 inclus, sans r\u00e9servation.\",\"isPartOf\":{\"@id\":\"https:\/\/gap47.astrosurf.com\/#website\"},\"primaryImageOfPage\":{\"@id\":\"https:\/\/gap47.astrosurf.com\/index.php\/ressources\/nos-photos\/les-eclipses-de-lune\/#primaryimage\"},\"image\":{\"@id\":\"https:\/\/gap47.astrosurf.com\/index.php\/ressources\/nos-photos\/les-eclipses-de-lune\/#primaryimage\"},\"thumbnailUrl\":\"http:\/\/gap47.astrosurf.com\/wp-content\/uploads\/2017\/07\/2008-02-21_Eclipse-Lune_395_traite01.jpg\",\"datePublished\":\"2019-04-09T19:03:00+00:00\",\"dateModified\":\"2019-12-17T15:17:27+00:00\",\"breadcrumb\":{\"@id\":\"https:\/\/gap47.astrosurf.com\/index.php\/ressources\/nos-photos\/les-eclipses-de-lune\/#breadcrumb\"},\"inLanguage\":\"fr-FR\",\"potentialAction\":[{\"@type\":\"ReadAction\",\"target\":[\"https:\/\/gap47.astrosurf.com\/index.php\/ressources\/nos-photos\/les-eclipses-de-lune\/\"]}]},{\"@type\":\"ImageObject\",\"inLanguage\":\"fr-FR\",\"@id\":\"https:\/\/gap47.astrosurf.com\/index.php\/ressources\/nos-photos\/les-eclipses-de-lune\/#primaryimage\",\"url\":\"https:\/\/gap47.astrosurf.com\/wp-content\/uploads\/2017\/07\/2008-02-21_Eclipse-Lune_395_traite01.jpg\",\"contentUrl\":\"https:\/\/gap47.astrosurf.com\/wp-content\/uploads\/2017\/07\/2008-02-21_Eclipse-Lune_395_traite01.jpg\",\"width\":800,\"height\":600},{\"@type\":\"BreadcrumbList\",\"@id\":\"https:\/\/gap47.astrosurf.com\/index.php\/ressources\/nos-photos\/les-eclipses-de-lune\/#breadcrumb\",\"itemListElement\":[{\"@type\":\"ListItem\",\"position\":1,\"name\":\"Accueil\",\"item\":\"https:\/\/gap47.astrosurf.com\/\"},{\"@type\":\"ListItem\",\"position\":2,\"name\":\"Ressources\",\"item\":\"https:\/\/gap47.astrosurf.com\/index.php\/ressources\/\"},{\"@type\":\"ListItem\",\"position\":3,\"name\":\"Nos photos\",\"item\":\"https:\/\/gap47.astrosurf.com\/index.php\/ressources\/nos-photos\/\"},{\"@type\":\"ListItem\",\"position\":4,\"name\":\"Photos d&#8217;\u00e9clipses de Lune\"}]},{\"@type\":\"WebSite\",\"@id\":\"https:\/\/gap47.astrosurf.com\/#website\",\"url\":\"https:\/\/gap47.astrosurf.com\/\",\"name\":\"De janvier \u00e0 fin juin 2024, le GAP47 sera ouvert aux visiteurs tous les vendredis \u00e0 21h sans r\u00e9servation, \u00e0 l'exception du vendredi 26 janvier o\u00f9 l'observatoire sera ferm\u00e9 au public.\",\"description\":\"Groupe d&#039;Astronomie Populaire du Lot-et-Garonne, \u00e0 Montayral\",\"potentialAction\":[{\"@type\":\"SearchAction\",\"target\":{\"@type\":\"EntryPoint\",\"urlTemplate\":\"https:\/\/gap47.astrosurf.com\/?s={search_term_string}\"},\"query-input\":{\"@type\":\"PropertyValueSpecification\",\"valueRequired\":true,\"valueName\":\"search_term_string\"}}],\"inLanguage\":\"fr-FR\"}]}<\/script>\n<!-- \/ Yoast SEO plugin. -->","yoast_head_json":{"title":"Photos d'\u00e9clipses de Lune - L&#039;observatoire est ouvert aux visiteurs tous les vendredis soirs \u00e0 21 heures, jusqu&#039;au 3 juillet 2026 inclus, sans r\u00e9servation.","robots":{"index":"index","follow":"follow","max-snippet":"max-snippet:-1","max-image-preview":"max-image-preview:large","max-video-preview":"max-video-preview:-1"},"canonical":"https:\/\/gap47.astrosurf.com\/index.php\/ressources\/nos-photos\/les-eclipses-de-lune\/","og_locale":"fr_FR","og_type":"article","og_title":"Photos d'\u00e9clipses de Lune - L&#039;observatoire est ouvert aux visiteurs tous les vendredis soirs \u00e0 21 heures, jusqu&#039;au 3 juillet 2026 inclus, sans r\u00e9servation.","og_description":"1) \u00c9clipse de Lune du 21 f\u00e9vrier 2008 APN Panasonic FZ18 \u2013 Pierre Valat&nbsp; \u2193 2) \u00c9clipse de Lune du 28 septembre 2015 Photo Fran\u00e7ois Doffin&nbsp; \u2193 2bis) \u00c9clipse de Lune du 28 septembre 2015 Nikon D5200 \u2013 Zoom Nikkor 55~200 \u2013 Olivier Sabbagh \u2193&nbsp; De la p\u00e9nombre de la Terre, la Lune passe dans &hellip; Continuer la lecture de &laquo;&nbsp;Photos d&rsquo;\u00e9clipses de Lune&nbsp;&raquo;","og_url":"https:\/\/gap47.astrosurf.com\/index.php\/ressources\/nos-photos\/les-eclipses-de-lune\/","og_site_name":"L&#039;observatoire est ouvert aux visiteurs tous les vendredis soirs \u00e0 21 heures, jusqu&#039;au 3 juillet 2026 inclus, sans r\u00e9servation.","article_publisher":"https:\/\/www.facebook.com\/astrogap47\/","article_modified_time":"2019-12-17T15:17:27+00:00","og_image":[{"url":"http:\/\/gap47.astrosurf.com\/wp-content\/uploads\/2017\/07\/2008-02-21_Eclipse-Lune_395_traite01.jpg","type":"","width":"","height":""}],"twitter_card":"summary_large_image","schema":{"@context":"https:\/\/schema.org","@graph":[{"@type":"WebPage","@id":"https:\/\/gap47.astrosurf.com\/index.php\/ressources\/nos-photos\/les-eclipses-de-lune\/","url":"https:\/\/gap47.astrosurf.com\/index.php\/ressources\/nos-photos\/les-eclipses-de-lune\/","name":"Photos d'\u00e9clipses de Lune - L&#039;observatoire est ouvert aux visiteurs tous les vendredis soirs \u00e0 21 heures, jusqu&#039;au 3 juillet 2026 inclus, sans r\u00e9servation.","isPartOf":{"@id":"https:\/\/gap47.astrosurf.com\/#website"},"primaryImageOfPage":{"@id":"https:\/\/gap47.astrosurf.com\/index.php\/ressources\/nos-photos\/les-eclipses-de-lune\/#primaryimage"},"image":{"@id":"https:\/\/gap47.astrosurf.com\/index.php\/ressources\/nos-photos\/les-eclipses-de-lune\/#primaryimage"},"thumbnailUrl":"http:\/\/gap47.astrosurf.com\/wp-content\/uploads\/2017\/07\/2008-02-21_Eclipse-Lune_395_traite01.jpg","datePublished":"2019-04-09T19:03:00+00:00","dateModified":"2019-12-17T15:17:27+00:00","breadcrumb":{"@id":"https:\/\/gap47.astrosurf.com\/index.php\/ressources\/nos-photos\/les-eclipses-de-lune\/#breadcrumb"},"inLanguage":"fr-FR","potentialAction":[{"@type":"ReadAction","target":["https:\/\/gap47.astrosurf.com\/index.php\/ressources\/nos-photos\/les-eclipses-de-lune\/"]}]},{"@type":"ImageObject","inLanguage":"fr-FR","@id":"https:\/\/gap47.astrosurf.com\/index.php\/ressources\/nos-photos\/les-eclipses-de-lune\/#primaryimage","url":"https:\/\/gap47.astrosurf.com\/wp-content\/uploads\/2017\/07\/2008-02-21_Eclipse-Lune_395_traite01.jpg","contentUrl":"https:\/\/gap47.astrosurf.com\/wp-content\/uploads\/2017\/07\/2008-02-21_Eclipse-Lune_395_traite01.jpg","width":800,"height":600},{"@type":"BreadcrumbList","@id":"https:\/\/gap47.astrosurf.com\/index.php\/ressources\/nos-photos\/les-eclipses-de-lune\/#breadcrumb","itemListElement":[{"@type":"ListItem","position":1,"name":"Accueil","item":"https:\/\/gap47.astrosurf.com\/"},{"@type":"ListItem","position":2,"name":"Ressources","item":"https:\/\/gap47.astrosurf.com\/index.php\/ressources\/"},{"@type":"ListItem","position":3,"name":"Nos photos","item":"https:\/\/gap47.astrosurf.com\/index.php\/ressources\/nos-photos\/"},{"@type":"ListItem","position":4,"name":"Photos d&#8217;\u00e9clipses de Lune"}]},{"@type":"WebSite","@id":"https:\/\/gap47.astrosurf.com\/#website","url":"https:\/\/gap47.astrosurf.com\/","name":"De janvier \u00e0 fin juin 2024, le GAP47 sera ouvert aux visiteurs tous les vendredis \u00e0 21h sans r\u00e9servation, \u00e0 l'exception du vendredi 26 janvier o\u00f9 l'observatoire sera ferm\u00e9 au public.","description":"Groupe d&#039;Astronomie Populaire du Lot-et-Garonne, \u00e0 Montayral","potentialAction":[{"@type":"SearchAction","target":{"@type":"EntryPoint","urlTemplate":"https:\/\/gap47.astrosurf.com\/?s={search_term_string}"},"query-input":{"@type":"PropertyValueSpecification","valueRequired":true,"valueName":"search_term_string"}}],"inLanguage":"fr-FR"}]}},"_links":{"self":[{"href":"https:\/\/gap47.astrosurf.com\/index.php\/wp-json\/wp\/v2\/pages\/8427","targetHints":{"allow":["GET"]}}],"collection":[{"href":"https:\/\/gap47.astrosurf.com\/index.php\/wp-json\/wp\/v2\/pages"}],"about":[{"href":"https:\/\/gap47.astrosurf.com\/index.php\/wp-json\/wp\/v2\/types\/page"}],"author":[{"embeddable":true,"href":"https:\/\/gap47.astrosurf.com\/index.php\/wp-json\/wp\/v2\/users\/5"}],"replies":[{"embeddable":true,"href":"https:\/\/gap47.astrosurf.com\/index.php\/wp-json\/wp\/v2\/comments?post=8427"}],"version-history":[{"count":5,"href":"https:\/\/gap47.astrosurf.com\/index.php\/wp-json\/wp\/v2\/pages\/8427\/revisions"}],"predecessor-version":[{"id":8998,"href":"https:\/\/gap47.astrosurf.com\/index.php\/wp-json\/wp\/v2\/pages\/8427\/revisions\/8998"}],"up":[{"embeddable":true,"href":"https:\/\/gap47.astrosurf.com\/index.php\/wp-json\/wp\/v2\/pages\/1279"}],"wp:attachment":[{"href":"https:\/\/gap47.astrosurf.com\/index.php\/wp-json\/wp\/v2\/media?parent=8427"}],"curies":[{"name":"wp","href":"https:\/\/api.w.org\/{rel}","templated":true}]}}