 {"id":785,"date":"2017-05-18T10:41:33","date_gmt":"2017-05-18T08:41:33","guid":{"rendered":"http:\/\/gap47.astrosurf.com\/?page_id=785"},"modified":"2021-08-19T17:22:12","modified_gmt":"2021-08-19T15:22:12","slug":"plan-dacces-carte","status":"publish","type":"page","link":"https:\/\/gap47.astrosurf.com\/index.php\/le-gap47\/ou-sommes-nous\/plan-dacces-carte\/","title":{"rendered":"Plans d&rsquo;acc\u00e8s (cartes)"},"content":{"rendered":"<p style=\"text-align: center;\"><span style=\"font-size: 24px;\"><strong><span style=\"font-family: arial,helvetica,sans-serif;\">Plans d&rsquo;acc\u00e8s pour arriver \u00e0 l&rsquo;observatoire du GAP47<\/span><\/strong><\/span><\/p>\n<p><a href=\"http:\/\/gap47.astrosurf.com\/wp-content\/uploads\/2021\/08\/Plan-acce\u0300s.jpg\"><img loading=\"lazy\" decoding=\"async\" class=\"aligncenter size-full wp-image-10930\" src=\"http:\/\/gap47.astrosurf.com\/wp-content\/uploads\/2021\/08\/Plan-acce\u0300s.jpg\" alt=\"\" width=\"2500\" height=\"1842\" srcset=\"https:\/\/gap47.astrosurf.com\/wp-content\/uploads\/2021\/08\/Plan-acce\u0300s.jpg 2500w, https:\/\/gap47.astrosurf.com\/wp-content\/uploads\/2021\/08\/Plan-acce\u0300s-300x221.jpg 300w, https:\/\/gap47.astrosurf.com\/wp-content\/uploads\/2021\/08\/Plan-acce\u0300s-1629x1200.jpg 1629w, https:\/\/gap47.astrosurf.com\/wp-content\/uploads\/2021\/08\/Plan-acce\u0300s-768x566.jpg 768w, https:\/\/gap47.astrosurf.com\/wp-content\/uploads\/2021\/08\/Plan-acce\u0300s-1536x1132.jpg 1536w, https:\/\/gap47.astrosurf.com\/wp-content\/uploads\/2021\/08\/Plan-acce\u0300s-2048x1509.jpg 2048w\" sizes=\"auto, (max-width: 767px) 89vw, (max-width: 1000px) 54vw, (max-width: 1071px) 543px, 580px\" \/><\/a><\/p>\n<p style=\"text-align: center;\"><strong><span style=\"font-family: arial,helvetica,sans-serif; font-size: 20px;\">Venant de Cahors ou de Villeneuve-sur-Lot, sur la voie rapide, vous devez d&rsquo;abord arriver \u00e0 l&rsquo;intersection entre la D911 et l&rsquo;Avenue de Fumel (D139), rond-point du C.C. Leclerc.<\/span><\/strong><\/p>\n<p style=\"text-align: center;\"><strong><span style=\"font-family: arial,helvetica,sans-serif; font-size: 20px;\"> Prenez la direction de Montayral jusqu&rsquo;au village que vous traversez tout droit en direction de Mauroux et S\u00e9rignac.<\/span><\/strong><\/p>\n<p style=\"text-align: center;\"><strong><span style=\"font-family: arial,helvetica,sans-serif; font-size: 20px;\"> Environ 2 km apr\u00e8s la sortie de Montayral (le Caillou), prenez la route \u00e0 droite (de couleur verte) vers l&rsquo;a\u00e9rodrome. Passez devant les hangars de l&rsquo;a\u00e9roclub en les laissant sur votre gauche.<\/span><\/strong><\/p>\n<p style=\"text-align: center;\"><strong><span style=\"font-family: arial,helvetica,sans-serif; font-size: 20px;\"> L&rsquo;observatoire est 300 m\u00e8tres plus loin en bordure de la route : vous verrez les coupoles de nos t\u00e9lescopes !<\/span><\/strong><\/p>\n<p style=\"text-align: center;\"><span style=\"font-size: 24px;\"><a href=\"http:\/\/gap47.astrosurf.com\/wp-content\/uploads\/2021\/08\/Plan-dacce\u0300s-GAP47.pdf\" target=\"_blank\" rel=\"noopener noreferrer\"><span style=\"font-family: times new roman,times,serif;\"><strong><em>Plan global GAP47 t\u00e9l\u00e9chargeable<\/em><\/strong><\/span><\/a><\/span><\/p>\n<hr>\n<p>&nbsp;<\/p>\n","protected":false},"excerpt":{"rendered":"<p>Plans d&rsquo;acc\u00e8s pour arriver \u00e0 l&rsquo;observatoire du GAP47 Venant de Cahors ou de Villeneuve-sur-Lot, sur la voie rapide, vous devez d&rsquo;abord arriver \u00e0 l&rsquo;intersection entre la D911 et l&rsquo;Avenue de Fumel (D139), rond-point du C.C. Leclerc. Prenez la direction de Montayral jusqu&rsquo;au village que vous traversez tout droit en direction de Mauroux et S\u00e9rignac. Environ &hellip; <\/p>\n<p class=\"link-more\"><a href=\"https:\/\/gap47.astrosurf.com\/index.php\/le-gap47\/ou-sommes-nous\/plan-dacces-carte\/\" class=\"more-link\">Continuer la lecture<span class=\"screen-reader-text\"> de &laquo;&nbsp;Plans d&rsquo;acc\u00e8s (cartes)&nbsp;&raquo;<\/span><\/a><\/p>\n","protected":false},"author":5,"featured_media":0,"parent":42,"menu_order":1,"comment_status":"closed","ping_status":"closed","template":"","meta":{"_exactmetrics_skip_tracking":false,"_exactmetrics_sitenote_active":false,"_exactmetrics_sitenote_note":"","_exactmetrics_sitenote_category":0,"ngg_post_thumbnail":0,"footnotes":""},"class_list":["post-785","page","type-page","status-publish","hentry"],"yoast_head":"<!-- This site is optimized with the Yoast SEO plugin v24.8.1 - https:\/\/yoast.com\/wordpress\/plugins\/seo\/ -->\n<title>Plans d&#039;acc\u00e8s (cartes) - L&#039;observatoire est ouvert aux visiteurs tous les vendredis soirs \u00e0 21 heures, jusqu&#039;au 3 juillet 2026 inclus, sans r\u00e9servation.<\/title>\n<meta name=\"robots\" content=\"index, follow, max-snippet:-1, max-image-preview:large, max-video-preview:-1\" \/>\n<link rel=\"canonical\" href=\"https:\/\/gap47.astrosurf.com\/index.php\/le-gap47\/ou-sommes-nous\/plan-dacces-carte\/\" \/>\n<meta property=\"og:locale\" content=\"fr_FR\" \/>\n<meta property=\"og:type\" content=\"article\" \/>\n<meta property=\"og:title\" content=\"Plans d&#039;acc\u00e8s (cartes) - L&#039;observatoire est ouvert aux visiteurs tous les vendredis soirs \u00e0 21 heures, jusqu&#039;au 3 juillet 2026 inclus, sans r\u00e9servation.\" \/>\n<meta property=\"og:description\" content=\"Plans d&rsquo;acc\u00e8s pour arriver \u00e0 l&rsquo;observatoire du GAP47 Venant de Cahors ou de Villeneuve-sur-Lot, sur la voie rapide, vous devez d&rsquo;abord arriver \u00e0 l&rsquo;intersection entre la D911 et l&rsquo;Avenue de Fumel (D139), rond-point du C.C. Leclerc. Prenez la direction de Montayral jusqu&rsquo;au village que vous traversez tout droit en direction de Mauroux et S\u00e9rignac. Environ &hellip; Continuer la lecture de &laquo;&nbsp;Plans d&rsquo;acc\u00e8s (cartes)&nbsp;&raquo;\" \/>\n<meta property=\"og:url\" content=\"https:\/\/gap47.astrosurf.com\/index.php\/le-gap47\/ou-sommes-nous\/plan-dacces-carte\/\" \/>\n<meta property=\"og:site_name\" content=\"L&#039;observatoire est ouvert aux visiteurs tous les vendredis soirs \u00e0 21 heures, jusqu&#039;au 3 juillet 2026 inclus, sans r\u00e9servation.\" \/>\n<meta property=\"article:publisher\" content=\"https:\/\/www.facebook.com\/astrogap47\/\" \/>\n<meta property=\"article:modified_time\" content=\"2021-08-19T15:22:12+00:00\" \/>\n<meta name=\"twitter:card\" content=\"summary_large_image\" \/>\n<meta name=\"twitter:label1\" content=\"Dur\u00e9e de lecture estim\u00e9e\" \/>\n\t<meta name=\"twitter:data1\" content=\"1 minute\" \/>\n<script type=\"application\/ld+json\" class=\"yoast-schema-graph\">{\"@context\":\"https:\/\/schema.org\",\"@graph\":[{\"@type\":\"WebPage\",\"@id\":\"https:\/\/gap47.astrosurf.com\/index.php\/le-gap47\/ou-sommes-nous\/plan-dacces-carte\/\",\"url\":\"https:\/\/gap47.astrosurf.com\/index.php\/le-gap47\/ou-sommes-nous\/plan-dacces-carte\/\",\"name\":\"Plans d'acc\u00e8s (cartes) - L&#039;observatoire est ouvert aux visiteurs tous les vendredis soirs \u00e0 21 heures, jusqu&#039;au 3 juillet 2026 inclus, sans r\u00e9servation.\",\"isPartOf\":{\"@id\":\"https:\/\/gap47.astrosurf.com\/#website\"},\"datePublished\":\"2017-05-18T08:41:33+00:00\",\"dateModified\":\"2021-08-19T15:22:12+00:00\",\"breadcrumb\":{\"@id\":\"https:\/\/gap47.astrosurf.com\/index.php\/le-gap47\/ou-sommes-nous\/plan-dacces-carte\/#breadcrumb\"},\"inLanguage\":\"fr-FR\",\"potentialAction\":[{\"@type\":\"ReadAction\",\"target\":[\"https:\/\/gap47.astrosurf.com\/index.php\/le-gap47\/ou-sommes-nous\/plan-dacces-carte\/\"]}]},{\"@type\":\"BreadcrumbList\",\"@id\":\"https:\/\/gap47.astrosurf.com\/index.php\/le-gap47\/ou-sommes-nous\/plan-dacces-carte\/#breadcrumb\",\"itemListElement\":[{\"@type\":\"ListItem\",\"position\":1,\"name\":\"Accueil\",\"item\":\"https:\/\/gap47.astrosurf.com\/\"},{\"@type\":\"ListItem\",\"position\":2,\"name\":\"Le GAP47\",\"item\":\"https:\/\/gap47.astrosurf.com\/index.php\/le-gap47\/\"},{\"@type\":\"ListItem\",\"position\":3,\"name\":\"O\u00f9 sommes-nous ?\",\"item\":\"https:\/\/gap47.astrosurf.com\/index.php\/le-gap47\/ou-sommes-nous\/\"},{\"@type\":\"ListItem\",\"position\":4,\"name\":\"Plans d&#8217;acc\u00e8s (cartes)\"}]},{\"@type\":\"WebSite\",\"@id\":\"https:\/\/gap47.astrosurf.com\/#website\",\"url\":\"https:\/\/gap47.astrosurf.com\/\",\"name\":\"De janvier \u00e0 fin juin 2024, le GAP47 sera ouvert aux visiteurs tous les vendredis \u00e0 21h sans r\u00e9servation, \u00e0 l'exception du vendredi 26 janvier o\u00f9 l'observatoire sera ferm\u00e9 au public.\",\"description\":\"Groupe d&#039;Astronomie Populaire du Lot-et-Garonne, \u00e0 Montayral\",\"potentialAction\":[{\"@type\":\"SearchAction\",\"target\":{\"@type\":\"EntryPoint\",\"urlTemplate\":\"https:\/\/gap47.astrosurf.com\/?s={search_term_string}\"},\"query-input\":{\"@type\":\"PropertyValueSpecification\",\"valueRequired\":true,\"valueName\":\"search_term_string\"}}],\"inLanguage\":\"fr-FR\"}]}<\/script>\n<!-- \/ Yoast SEO plugin. -->","yoast_head_json":{"title":"Plans d'acc\u00e8s (cartes) - L&#039;observatoire est ouvert aux visiteurs tous les vendredis soirs \u00e0 21 heures, jusqu&#039;au 3 juillet 2026 inclus, sans r\u00e9servation.","robots":{"index":"index","follow":"follow","max-snippet":"max-snippet:-1","max-image-preview":"max-image-preview:large","max-video-preview":"max-video-preview:-1"},"canonical":"https:\/\/gap47.astrosurf.com\/index.php\/le-gap47\/ou-sommes-nous\/plan-dacces-carte\/","og_locale":"fr_FR","og_type":"article","og_title":"Plans d'acc\u00e8s (cartes) - L&#039;observatoire est ouvert aux visiteurs tous les vendredis soirs \u00e0 21 heures, jusqu&#039;au 3 juillet 2026 inclus, sans r\u00e9servation.","og_description":"Plans d&rsquo;acc\u00e8s pour arriver \u00e0 l&rsquo;observatoire du GAP47 Venant de Cahors ou de Villeneuve-sur-Lot, sur la voie rapide, vous devez d&rsquo;abord arriver \u00e0 l&rsquo;intersection entre la D911 et l&rsquo;Avenue de Fumel (D139), rond-point du C.C. Leclerc. Prenez la direction de Montayral jusqu&rsquo;au village que vous traversez tout droit en direction de Mauroux et S\u00e9rignac. Environ &hellip; Continuer la lecture de &laquo;&nbsp;Plans d&rsquo;acc\u00e8s (cartes)&nbsp;&raquo;","og_url":"https:\/\/gap47.astrosurf.com\/index.php\/le-gap47\/ou-sommes-nous\/plan-dacces-carte\/","og_site_name":"L&#039;observatoire est ouvert aux visiteurs tous les vendredis soirs \u00e0 21 heures, jusqu&#039;au 3 juillet 2026 inclus, sans r\u00e9servation.","article_publisher":"https:\/\/www.facebook.com\/astrogap47\/","article_modified_time":"2021-08-19T15:22:12+00:00","twitter_card":"summary_large_image","twitter_misc":{"Dur\u00e9e de lecture estim\u00e9e":"1 minute"},"schema":{"@context":"https:\/\/schema.org","@graph":[{"@type":"WebPage","@id":"https:\/\/gap47.astrosurf.com\/index.php\/le-gap47\/ou-sommes-nous\/plan-dacces-carte\/","url":"https:\/\/gap47.astrosurf.com\/index.php\/le-gap47\/ou-sommes-nous\/plan-dacces-carte\/","name":"Plans d'acc\u00e8s (cartes) - L&#039;observatoire est ouvert aux visiteurs tous les vendredis soirs \u00e0 21 heures, jusqu&#039;au 3 juillet 2026 inclus, sans r\u00e9servation.","isPartOf":{"@id":"https:\/\/gap47.astrosurf.com\/#website"},"datePublished":"2017-05-18T08:41:33+00:00","dateModified":"2021-08-19T15:22:12+00:00","breadcrumb":{"@id":"https:\/\/gap47.astrosurf.com\/index.php\/le-gap47\/ou-sommes-nous\/plan-dacces-carte\/#breadcrumb"},"inLanguage":"fr-FR","potentialAction":[{"@type":"ReadAction","target":["https:\/\/gap47.astrosurf.com\/index.php\/le-gap47\/ou-sommes-nous\/plan-dacces-carte\/"]}]},{"@type":"BreadcrumbList","@id":"https:\/\/gap47.astrosurf.com\/index.php\/le-gap47\/ou-sommes-nous\/plan-dacces-carte\/#breadcrumb","itemListElement":[{"@type":"ListItem","position":1,"name":"Accueil","item":"https:\/\/gap47.astrosurf.com\/"},{"@type":"ListItem","position":2,"name":"Le GAP47","item":"https:\/\/gap47.astrosurf.com\/index.php\/le-gap47\/"},{"@type":"ListItem","position":3,"name":"O\u00f9 sommes-nous ?","item":"https:\/\/gap47.astrosurf.com\/index.php\/le-gap47\/ou-sommes-nous\/"},{"@type":"ListItem","position":4,"name":"Plans d&#8217;acc\u00e8s (cartes)"}]},{"@type":"WebSite","@id":"https:\/\/gap47.astrosurf.com\/#website","url":"https:\/\/gap47.astrosurf.com\/","name":"De janvier \u00e0 fin juin 2024, le GAP47 sera ouvert aux visiteurs tous les vendredis \u00e0 21h sans r\u00e9servation, \u00e0 l'exception du vendredi 26 janvier o\u00f9 l'observatoire sera ferm\u00e9 au public.","description":"Groupe d&#039;Astronomie Populaire du Lot-et-Garonne, \u00e0 Montayral","potentialAction":[{"@type":"SearchAction","target":{"@type":"EntryPoint","urlTemplate":"https:\/\/gap47.astrosurf.com\/?s={search_term_string}"},"query-input":{"@type":"PropertyValueSpecification","valueRequired":true,"valueName":"search_term_string"}}],"inLanguage":"fr-FR"}]}},"_links":{"self":[{"href":"https:\/\/gap47.astrosurf.com\/index.php\/wp-json\/wp\/v2\/pages\/785","targetHints":{"allow":["GET"]}}],"collection":[{"href":"https:\/\/gap47.astrosurf.com\/index.php\/wp-json\/wp\/v2\/pages"}],"about":[{"href":"https:\/\/gap47.astrosurf.com\/index.php\/wp-json\/wp\/v2\/types\/page"}],"author":[{"embeddable":true,"href":"https:\/\/gap47.astrosurf.com\/index.php\/wp-json\/wp\/v2\/users\/5"}],"replies":[{"embeddable":true,"href":"https:\/\/gap47.astrosurf.com\/index.php\/wp-json\/wp\/v2\/comments?post=785"}],"version-history":[{"count":15,"href":"https:\/\/gap47.astrosurf.com\/index.php\/wp-json\/wp\/v2\/pages\/785\/revisions"}],"predecessor-version":[{"id":10935,"href":"https:\/\/gap47.astrosurf.com\/index.php\/wp-json\/wp\/v2\/pages\/785\/revisions\/10935"}],"up":[{"embeddable":true,"href":"https:\/\/gap47.astrosurf.com\/index.php\/wp-json\/wp\/v2\/pages\/42"}],"wp:attachment":[{"href":"https:\/\/gap47.astrosurf.com\/index.php\/wp-json\/wp\/v2\/media?parent=785"}],"curies":[{"name":"wp","href":"https:\/\/api.w.org\/{rel}","templated":true}]}}