 {"id":7735,"date":"2018-09-05T21:07:02","date_gmt":"2018-09-05T19:07:02","guid":{"rendered":"http:\/\/gap47.astrosurf.com\/?page_id=7735"},"modified":"2018-09-22T01:52:54","modified_gmt":"2018-09-21T23:52:54","slug":"visite-sous-prefet-de-villeneuve","status":"publish","type":"page","link":"https:\/\/gap47.astrosurf.com\/index.php\/visite-sous-prefet-de-villeneuve\/","title":{"rendered":"Visite de Mme le sous-pr\u00e9fet de Villeneuve"},"content":{"rendered":"<p style=\"text-align: center;\"><span style=\"font-family: arial, helvetica, sans-serif;\"><strong><span style=\"font-size: 20px;\">Le 6 juin 2018, nous avons eu l&rsquo;honneur de recevoir la visite de Madame V\u00e9ronique Schaaf, sous-pr\u00e9fet de Villeneuve-sur-Lot, accompagn\u00e9e par Monsieur Jean-Fran\u00e7ois S\u00e9gala, maire de Montayral.<\/span><\/strong><\/span><\/p>\n<p style=\"text-align: center;\"><span style=\"font-family: times new roman, times, serif; font-size: 20px;\">Quelques photos pour nous rappeler ces moments&#8230;<\/span><\/p>\n<table style=\"height: 500px; width: 100%; border-collapse: collapse; border-style: none;\">\n<tbody>\n<tr style=\"height: 101px;\">\n<td style=\"width: 50%; height: 101px;\"><a href=\"http:\/\/gap47.astrosurf.com\/wp-content\/uploads\/2018\/09\/IMG_3299.jpg\"><img loading=\"lazy\" decoding=\"async\" class=\"aligncenter wp-image-7738 size-full\" src=\"http:\/\/gap47.astrosurf.com\/wp-content\/uploads\/2018\/09\/IMG_3299.jpg\" alt=\"\" width=\"2000\" height=\"1333\" srcset=\"https:\/\/gap47.astrosurf.com\/wp-content\/uploads\/2018\/09\/IMG_3299.jpg 2000w, https:\/\/gap47.astrosurf.com\/wp-content\/uploads\/2018\/09\/IMG_3299-300x200.jpg 300w, https:\/\/gap47.astrosurf.com\/wp-content\/uploads\/2018\/09\/IMG_3299-768x512.jpg 768w, https:\/\/gap47.astrosurf.com\/wp-content\/uploads\/2018\/09\/IMG_3299-1800x1200.jpg 1800w\" sizes=\"auto, (max-width: 767px) 89vw, (max-width: 1000px) 54vw, (max-width: 1071px) 543px, 580px\" \/><\/a><\/td>\n<td style=\"width: 50%; height: 101px;\"><a href=\"http:\/\/gap47.astrosurf.com\/wp-content\/uploads\/2018\/09\/IMG_3301.jpg\"><img loading=\"lazy\" decoding=\"async\" class=\"aligncenter wp-image-7739 size-full\" src=\"http:\/\/gap47.astrosurf.com\/wp-content\/uploads\/2018\/09\/IMG_3301.jpg\" alt=\"\" width=\"2000\" height=\"1333\" srcset=\"https:\/\/gap47.astrosurf.com\/wp-content\/uploads\/2018\/09\/IMG_3301.jpg 2000w, https:\/\/gap47.astrosurf.com\/wp-content\/uploads\/2018\/09\/IMG_3301-300x200.jpg 300w, https:\/\/gap47.astrosurf.com\/wp-content\/uploads\/2018\/09\/IMG_3301-768x512.jpg 768w, https:\/\/gap47.astrosurf.com\/wp-content\/uploads\/2018\/09\/IMG_3301-1800x1200.jpg 1800w\" sizes=\"auto, (max-width: 767px) 89vw, (max-width: 1000px) 54vw, (max-width: 1071px) 543px, 580px\" \/><\/a><\/td>\n<\/tr>\n<tr style=\"height: 26px;\">\n<td style=\"width: 50%; text-align: center; height: 18px;\" colspan=\"2\"><em><span style=\"font-family: times new roman, times, serif;\">Accueil de Mme le sous-pr\u00e9fet et de Mr le Maire de Montayral<\/span><\/em><\/td>\n<\/tr>\n<tr style=\"height: 101px;\">\n<td style=\"width: 50%; height: 101px;\"><a href=\"http:\/\/gap47.astrosurf.com\/wp-content\/uploads\/2018\/09\/IMG_3302.jpg\"><img loading=\"lazy\" decoding=\"async\" class=\"aligncenter wp-image-7740 size-full\" src=\"http:\/\/gap47.astrosurf.com\/wp-content\/uploads\/2018\/09\/IMG_3302.jpg\" alt=\"\" width=\"2000\" height=\"1333\" srcset=\"https:\/\/gap47.astrosurf.com\/wp-content\/uploads\/2018\/09\/IMG_3302.jpg 2000w, https:\/\/gap47.astrosurf.com\/wp-content\/uploads\/2018\/09\/IMG_3302-300x200.jpg 300w, https:\/\/gap47.astrosurf.com\/wp-content\/uploads\/2018\/09\/IMG_3302-768x512.jpg 768w, https:\/\/gap47.astrosurf.com\/wp-content\/uploads\/2018\/09\/IMG_3302-1800x1200.jpg 1800w\" sizes=\"auto, (max-width: 767px) 89vw, (max-width: 1000px) 54vw, (max-width: 1071px) 543px, 580px\" \/><\/a><\/td>\n<td style=\"width: 50%; height: 101px;\"><a href=\"http:\/\/gap47.astrosurf.com\/wp-content\/uploads\/2018\/09\/IMG_3304.jpg\"><img loading=\"lazy\" decoding=\"async\" class=\"aligncenter wp-image-7741 size-full\" src=\"http:\/\/gap47.astrosurf.com\/wp-content\/uploads\/2018\/09\/IMG_3304.jpg\" alt=\"\" width=\"2000\" height=\"1333\" srcset=\"https:\/\/gap47.astrosurf.com\/wp-content\/uploads\/2018\/09\/IMG_3304.jpg 2000w, https:\/\/gap47.astrosurf.com\/wp-content\/uploads\/2018\/09\/IMG_3304-300x200.jpg 300w, https:\/\/gap47.astrosurf.com\/wp-content\/uploads\/2018\/09\/IMG_3304-768x512.jpg 768w, https:\/\/gap47.astrosurf.com\/wp-content\/uploads\/2018\/09\/IMG_3304-1800x1200.jpg 1800w\" sizes=\"auto, (max-width: 767px) 89vw, (max-width: 1000px) 54vw, (max-width: 1071px) 543px, 580px\" \/><\/a><\/td>\n<\/tr>\n<tr style=\"height: 26px;\">\n<td style=\"width: 50%; height: 26px; text-align: center;\"><em><span style=\"font-family: times new roman, times, serif;\">Suite des explications sur le GAP47<br \/>\n<\/span><\/em><\/td>\n<td style=\"width: 50%; height: 26px; text-align: center;\"><em><span style=\"font-family: times new roman, times, serif;\">Visite sous la coupole de notre t\u00e9lescope&#8230; <\/span><\/em><\/td>\n<\/tr>\n<tr style=\"height: 101px;\">\n<td style=\"width: 50%; height: 101px;\">&nbsp;<a href=\"http:\/\/gap47.astrosurf.com\/wp-content\/uploads\/2018\/09\/IMG_3306.jpg\"><img loading=\"lazy\" decoding=\"async\" class=\"aligncenter wp-image-7742 size-full\" src=\"http:\/\/gap47.astrosurf.com\/wp-content\/uploads\/2018\/09\/IMG_3306.jpg\" alt=\"\" width=\"2000\" height=\"1333\" srcset=\"https:\/\/gap47.astrosurf.com\/wp-content\/uploads\/2018\/09\/IMG_3306.jpg 2000w, https:\/\/gap47.astrosurf.com\/wp-content\/uploads\/2018\/09\/IMG_3306-300x200.jpg 300w, https:\/\/gap47.astrosurf.com\/wp-content\/uploads\/2018\/09\/IMG_3306-768x512.jpg 768w, https:\/\/gap47.astrosurf.com\/wp-content\/uploads\/2018\/09\/IMG_3306-1800x1200.jpg 1800w\" sizes=\"auto, (max-width: 767px) 89vw, (max-width: 1000px) 54vw, (max-width: 1071px) 543px, 580px\" \/><\/a><\/td>\n<td style=\"width: 50%; height: 101px;\"><a href=\"http:\/\/gap47.astrosurf.com\/wp-content\/uploads\/2018\/09\/IMG_3315.jpg\"><img loading=\"lazy\" decoding=\"async\" class=\"aligncenter wp-image-7743 size-full\" src=\"http:\/\/gap47.astrosurf.com\/wp-content\/uploads\/2018\/09\/IMG_3315.jpg\" alt=\"\" width=\"2000\" height=\"1333\" srcset=\"https:\/\/gap47.astrosurf.com\/wp-content\/uploads\/2018\/09\/IMG_3315.jpg 2000w, https:\/\/gap47.astrosurf.com\/wp-content\/uploads\/2018\/09\/IMG_3315-300x200.jpg 300w, https:\/\/gap47.astrosurf.com\/wp-content\/uploads\/2018\/09\/IMG_3315-768x512.jpg 768w, https:\/\/gap47.astrosurf.com\/wp-content\/uploads\/2018\/09\/IMG_3315-1800x1200.jpg 1800w\" sizes=\"auto, (max-width: 767px) 89vw, (max-width: 1000px) 54vw, (max-width: 1071px) 543px, 580px\" \/><\/a><\/td>\n<\/tr>\n<tr style=\"height: 26px;\">\n<td style=\"width: 50%; height: 26px; text-align: center;\"><em><span style=\"font-family: times new roman, times, serif;\">&#8230; de 510 mm de diam\u00e8tre<br \/>\n<\/span><\/em><\/td>\n<td style=\"width: 50%; height: 26px; text-align: center;\"><em><span style=\"font-family: times new roman, times, serif;\">Un passage dans notre plan\u00e9tarium<\/span><\/em><\/td>\n<\/tr>\n<tr style=\"height: 101px;\">\n<td style=\"width: 50%; height: 101px; text-align: center;\"><em><span style=\"font-family: times new roman, times, serif;\"><a href=\"http:\/\/gap47.astrosurf.com\/wp-content\/uploads\/2018\/09\/IMG_3334.jpg\"><img loading=\"lazy\" decoding=\"async\" class=\"aligncenter wp-image-7744 size-full\" src=\"http:\/\/gap47.astrosurf.com\/wp-content\/uploads\/2018\/09\/IMG_3334.jpg\" alt=\"\" width=\"2000\" height=\"1333\" srcset=\"https:\/\/gap47.astrosurf.com\/wp-content\/uploads\/2018\/09\/IMG_3334.jpg 2000w, https:\/\/gap47.astrosurf.com\/wp-content\/uploads\/2018\/09\/IMG_3334-300x200.jpg 300w, https:\/\/gap47.astrosurf.com\/wp-content\/uploads\/2018\/09\/IMG_3334-768x512.jpg 768w, https:\/\/gap47.astrosurf.com\/wp-content\/uploads\/2018\/09\/IMG_3334-1800x1200.jpg 1800w\" sizes=\"auto, (max-width: 767px) 89vw, (max-width: 1000px) 54vw, (max-width: 1071px) 543px, 580px\" \/><\/a><\/span><\/em><\/td>\n<td style=\"width: 50%; height: 101px; text-align: center;\"><em><span style=\"font-family: times new roman, times, serif;\"><a href=\"http:\/\/gap47.astrosurf.com\/wp-content\/uploads\/2018\/09\/IMG_3338.jpg\"><img loading=\"lazy\" decoding=\"async\" class=\"aligncenter wp-image-7745 size-full\" src=\"http:\/\/gap47.astrosurf.com\/wp-content\/uploads\/2018\/09\/IMG_3338.jpg\" alt=\"\" width=\"2000\" height=\"1333\" srcset=\"https:\/\/gap47.astrosurf.com\/wp-content\/uploads\/2018\/09\/IMG_3338.jpg 2000w, https:\/\/gap47.astrosurf.com\/wp-content\/uploads\/2018\/09\/IMG_3338-300x200.jpg 300w, https:\/\/gap47.astrosurf.com\/wp-content\/uploads\/2018\/09\/IMG_3338-768x512.jpg 768w, https:\/\/gap47.astrosurf.com\/wp-content\/uploads\/2018\/09\/IMG_3338-1800x1200.jpg 1800w\" sizes=\"auto, (max-width: 767px) 89vw, (max-width: 1000px) 54vw, (max-width: 1071px) 543px, 580px\" \/><\/a><\/span><\/em><\/td>\n<\/tr>\n<tr style=\"height: 26px;\">\n<td style=\"width: 50%; height: 26px; text-align: center;\" colspan=\"2\"><em><span style=\"font-family: times new roman, times, serif;\">&#8230; et tout finit par un petit ap\u00e9ritif !<\/span><\/em><\/td>\n<\/tr>\n<\/tbody>\n<\/table>\n<p>&nbsp;<\/p>\n<p style=\"text-align: center;\"><strong><span style=\"font-family: times new roman, times, serif; font-size: 20px;\">Cette visite a \u00e9t\u00e9 relay\u00e9e dans la presse (Sud-Ouest) le 25 juin&nbsp; 2018 :<\/span><\/strong><\/p>\n<p><img loading=\"lazy\" decoding=\"async\" class=\"alignnone wp-image-7758 size-full\" src=\"http:\/\/gap47.astrosurf.com\/wp-content\/uploads\/2018\/09\/Sud-Ouest-Sous-Pre\u0301fet.png\" alt=\"\" width=\"1682\" height=\"1872\" srcset=\"https:\/\/gap47.astrosurf.com\/wp-content\/uploads\/2018\/09\/Sud-Ouest-Sous-Pre\u0301fet.png 1682w, https:\/\/gap47.astrosurf.com\/wp-content\/uploads\/2018\/09\/Sud-Ouest-Sous-Pre\u0301fet-270x300.png 270w, https:\/\/gap47.astrosurf.com\/wp-content\/uploads\/2018\/09\/Sud-Ouest-Sous-Pre\u0301fet-768x855.png 768w, https:\/\/gap47.astrosurf.com\/wp-content\/uploads\/2018\/09\/Sud-Ouest-Sous-Pre\u0301fet-1078x1200.png 1078w\" sizes=\"auto, (max-width: 767px) 89vw, (max-width: 1000px) 54vw, (max-width: 1071px) 543px, 580px\" \/><\/p>\n<hr>\n<p>&nbsp;<\/p>\n","protected":false},"excerpt":{"rendered":"<p>Le 6 juin 2018, nous avons eu l&rsquo;honneur de recevoir la visite de Madame V\u00e9ronique Schaaf, sous-pr\u00e9fet de Villeneuve-sur-Lot, accompagn\u00e9e par Monsieur Jean-Fran\u00e7ois S\u00e9gala, maire de Montayral. Quelques photos pour nous rappeler ces moments&#8230; Accueil de Mme le sous-pr\u00e9fet et de Mr le Maire de Montayral Suite des explications sur le GAP47 Visite sous la &hellip; <\/p>\n<p class=\"link-more\"><a href=\"https:\/\/gap47.astrosurf.com\/index.php\/visite-sous-prefet-de-villeneuve\/\" class=\"more-link\">Continuer la lecture<span class=\"screen-reader-text\"> de &laquo;&nbsp;Visite de Mme le sous-pr\u00e9fet de Villeneuve&nbsp;&raquo;<\/span><\/a><\/p>\n","protected":false},"author":5,"featured_media":0,"parent":0,"menu_order":0,"comment_status":"closed","ping_status":"closed","template":"","meta":{"_exactmetrics_skip_tracking":false,"_exactmetrics_sitenote_active":false,"_exactmetrics_sitenote_note":"","_exactmetrics_sitenote_category":0,"ngg_post_thumbnail":0,"footnotes":""},"class_list":["post-7735","page","type-page","status-publish","hentry"],"yoast_head":"<!-- This site is optimized with the Yoast SEO plugin v24.8.1 - https:\/\/yoast.com\/wordpress\/plugins\/seo\/ -->\n<title>Visite de Mme le sous-pr\u00e9fet de Villeneuve - L&#039;observatoire est ouvert aux visiteurs tous les vendredis soirs \u00e0 21 heures, jusqu&#039;au 3 juillet 2026 inclus, sans r\u00e9servation.<\/title>\n<meta name=\"robots\" content=\"index, follow, max-snippet:-1, max-image-preview:large, max-video-preview:-1\" \/>\n<link rel=\"canonical\" href=\"https:\/\/gap47.astrosurf.com\/index.php\/visite-sous-prefet-de-villeneuve\/\" \/>\n<meta property=\"og:locale\" content=\"fr_FR\" \/>\n<meta property=\"og:type\" content=\"article\" \/>\n<meta property=\"og:title\" content=\"Visite de Mme le sous-pr\u00e9fet de Villeneuve - L&#039;observatoire est ouvert aux visiteurs tous les vendredis soirs \u00e0 21 heures, jusqu&#039;au 3 juillet 2026 inclus, sans r\u00e9servation.\" \/>\n<meta property=\"og:description\" content=\"Le 6 juin 2018, nous avons eu l&rsquo;honneur de recevoir la visite de Madame V\u00e9ronique Schaaf, sous-pr\u00e9fet de Villeneuve-sur-Lot, accompagn\u00e9e par Monsieur Jean-Fran\u00e7ois S\u00e9gala, maire de Montayral. Quelques photos pour nous rappeler ces moments&#8230; Accueil de Mme le sous-pr\u00e9fet et de Mr le Maire de Montayral Suite des explications sur le GAP47 Visite sous la &hellip; Continuer la lecture de &laquo;&nbsp;Visite de Mme le sous-pr\u00e9fet de Villeneuve&nbsp;&raquo;\" \/>\n<meta property=\"og:url\" content=\"https:\/\/gap47.astrosurf.com\/index.php\/visite-sous-prefet-de-villeneuve\/\" \/>\n<meta property=\"og:site_name\" content=\"L&#039;observatoire est ouvert aux visiteurs tous les vendredis soirs \u00e0 21 heures, jusqu&#039;au 3 juillet 2026 inclus, sans r\u00e9servation.\" \/>\n<meta property=\"article:publisher\" content=\"https:\/\/www.facebook.com\/astrogap47\/\" \/>\n<meta property=\"article:modified_time\" content=\"2018-09-21T23:52:54+00:00\" \/>\n<meta property=\"og:image\" content=\"http:\/\/gap47.astrosurf.com\/wp-content\/uploads\/2018\/09\/IMG_3299.jpg\" \/>\n<meta name=\"twitter:card\" content=\"summary_large_image\" \/>\n<script type=\"application\/ld+json\" class=\"yoast-schema-graph\">{\"@context\":\"https:\/\/schema.org\",\"@graph\":[{\"@type\":\"WebPage\",\"@id\":\"https:\/\/gap47.astrosurf.com\/index.php\/visite-sous-prefet-de-villeneuve\/\",\"url\":\"https:\/\/gap47.astrosurf.com\/index.php\/visite-sous-prefet-de-villeneuve\/\",\"name\":\"Visite de Mme le sous-pr\u00e9fet de Villeneuve - L&#039;observatoire est ouvert aux visiteurs tous les vendredis soirs \u00e0 21 heures, jusqu&#039;au 3 juillet 2026 inclus, sans r\u00e9servation.\",\"isPartOf\":{\"@id\":\"https:\/\/gap47.astrosurf.com\/#website\"},\"primaryImageOfPage\":{\"@id\":\"https:\/\/gap47.astrosurf.com\/index.php\/visite-sous-prefet-de-villeneuve\/#primaryimage\"},\"image\":{\"@id\":\"https:\/\/gap47.astrosurf.com\/index.php\/visite-sous-prefet-de-villeneuve\/#primaryimage\"},\"thumbnailUrl\":\"http:\/\/gap47.astrosurf.com\/wp-content\/uploads\/2018\/09\/IMG_3299.jpg\",\"datePublished\":\"2018-09-05T19:07:02+00:00\",\"dateModified\":\"2018-09-21T23:52:54+00:00\",\"breadcrumb\":{\"@id\":\"https:\/\/gap47.astrosurf.com\/index.php\/visite-sous-prefet-de-villeneuve\/#breadcrumb\"},\"inLanguage\":\"fr-FR\",\"potentialAction\":[{\"@type\":\"ReadAction\",\"target\":[\"https:\/\/gap47.astrosurf.com\/index.php\/visite-sous-prefet-de-villeneuve\/\"]}]},{\"@type\":\"ImageObject\",\"inLanguage\":\"fr-FR\",\"@id\":\"https:\/\/gap47.astrosurf.com\/index.php\/visite-sous-prefet-de-villeneuve\/#primaryimage\",\"url\":\"http:\/\/gap47.astrosurf.com\/wp-content\/uploads\/2018\/09\/IMG_3299.jpg\",\"contentUrl\":\"http:\/\/gap47.astrosurf.com\/wp-content\/uploads\/2018\/09\/IMG_3299.jpg\"},{\"@type\":\"BreadcrumbList\",\"@id\":\"https:\/\/gap47.astrosurf.com\/index.php\/visite-sous-prefet-de-villeneuve\/#breadcrumb\",\"itemListElement\":[{\"@type\":\"ListItem\",\"position\":1,\"name\":\"Accueil\",\"item\":\"https:\/\/gap47.astrosurf.com\/\"},{\"@type\":\"ListItem\",\"position\":2,\"name\":\"Visite de Mme le sous-pr\u00e9fet de Villeneuve\"}]},{\"@type\":\"WebSite\",\"@id\":\"https:\/\/gap47.astrosurf.com\/#website\",\"url\":\"https:\/\/gap47.astrosurf.com\/\",\"name\":\"De janvier \u00e0 fin juin 2024, le GAP47 sera ouvert aux visiteurs tous les vendredis \u00e0 21h sans r\u00e9servation, \u00e0 l'exception du vendredi 26 janvier o\u00f9 l'observatoire sera ferm\u00e9 au public.\",\"description\":\"Groupe d&#039;Astronomie Populaire du Lot-et-Garonne, \u00e0 Montayral\",\"potentialAction\":[{\"@type\":\"SearchAction\",\"target\":{\"@type\":\"EntryPoint\",\"urlTemplate\":\"https:\/\/gap47.astrosurf.com\/?s={search_term_string}\"},\"query-input\":{\"@type\":\"PropertyValueSpecification\",\"valueRequired\":true,\"valueName\":\"search_term_string\"}}],\"inLanguage\":\"fr-FR\"}]}<\/script>\n<!-- \/ Yoast SEO plugin. -->","yoast_head_json":{"title":"Visite de Mme le sous-pr\u00e9fet de Villeneuve - L&#039;observatoire est ouvert aux visiteurs tous les vendredis soirs \u00e0 21 heures, jusqu&#039;au 3 juillet 2026 inclus, sans r\u00e9servation.","robots":{"index":"index","follow":"follow","max-snippet":"max-snippet:-1","max-image-preview":"max-image-preview:large","max-video-preview":"max-video-preview:-1"},"canonical":"https:\/\/gap47.astrosurf.com\/index.php\/visite-sous-prefet-de-villeneuve\/","og_locale":"fr_FR","og_type":"article","og_title":"Visite de Mme le sous-pr\u00e9fet de Villeneuve - L&#039;observatoire est ouvert aux visiteurs tous les vendredis soirs \u00e0 21 heures, jusqu&#039;au 3 juillet 2026 inclus, sans r\u00e9servation.","og_description":"Le 6 juin 2018, nous avons eu l&rsquo;honneur de recevoir la visite de Madame V\u00e9ronique Schaaf, sous-pr\u00e9fet de Villeneuve-sur-Lot, accompagn\u00e9e par Monsieur Jean-Fran\u00e7ois S\u00e9gala, maire de Montayral. Quelques photos pour nous rappeler ces moments&#8230; Accueil de Mme le sous-pr\u00e9fet et de Mr le Maire de Montayral Suite des explications sur le GAP47 Visite sous la &hellip; Continuer la lecture de &laquo;&nbsp;Visite de Mme le sous-pr\u00e9fet de Villeneuve&nbsp;&raquo;","og_url":"https:\/\/gap47.astrosurf.com\/index.php\/visite-sous-prefet-de-villeneuve\/","og_site_name":"L&#039;observatoire est ouvert aux visiteurs tous les vendredis soirs \u00e0 21 heures, jusqu&#039;au 3 juillet 2026 inclus, sans r\u00e9servation.","article_publisher":"https:\/\/www.facebook.com\/astrogap47\/","article_modified_time":"2018-09-21T23:52:54+00:00","og_image":[{"url":"http:\/\/gap47.astrosurf.com\/wp-content\/uploads\/2018\/09\/IMG_3299.jpg","type":"","width":"","height":""}],"twitter_card":"summary_large_image","schema":{"@context":"https:\/\/schema.org","@graph":[{"@type":"WebPage","@id":"https:\/\/gap47.astrosurf.com\/index.php\/visite-sous-prefet-de-villeneuve\/","url":"https:\/\/gap47.astrosurf.com\/index.php\/visite-sous-prefet-de-villeneuve\/","name":"Visite de Mme le sous-pr\u00e9fet de Villeneuve - L&#039;observatoire est ouvert aux visiteurs tous les vendredis soirs \u00e0 21 heures, jusqu&#039;au 3 juillet 2026 inclus, sans r\u00e9servation.","isPartOf":{"@id":"https:\/\/gap47.astrosurf.com\/#website"},"primaryImageOfPage":{"@id":"https:\/\/gap47.astrosurf.com\/index.php\/visite-sous-prefet-de-villeneuve\/#primaryimage"},"image":{"@id":"https:\/\/gap47.astrosurf.com\/index.php\/visite-sous-prefet-de-villeneuve\/#primaryimage"},"thumbnailUrl":"http:\/\/gap47.astrosurf.com\/wp-content\/uploads\/2018\/09\/IMG_3299.jpg","datePublished":"2018-09-05T19:07:02+00:00","dateModified":"2018-09-21T23:52:54+00:00","breadcrumb":{"@id":"https:\/\/gap47.astrosurf.com\/index.php\/visite-sous-prefet-de-villeneuve\/#breadcrumb"},"inLanguage":"fr-FR","potentialAction":[{"@type":"ReadAction","target":["https:\/\/gap47.astrosurf.com\/index.php\/visite-sous-prefet-de-villeneuve\/"]}]},{"@type":"ImageObject","inLanguage":"fr-FR","@id":"https:\/\/gap47.astrosurf.com\/index.php\/visite-sous-prefet-de-villeneuve\/#primaryimage","url":"http:\/\/gap47.astrosurf.com\/wp-content\/uploads\/2018\/09\/IMG_3299.jpg","contentUrl":"http:\/\/gap47.astrosurf.com\/wp-content\/uploads\/2018\/09\/IMG_3299.jpg"},{"@type":"BreadcrumbList","@id":"https:\/\/gap47.astrosurf.com\/index.php\/visite-sous-prefet-de-villeneuve\/#breadcrumb","itemListElement":[{"@type":"ListItem","position":1,"name":"Accueil","item":"https:\/\/gap47.astrosurf.com\/"},{"@type":"ListItem","position":2,"name":"Visite de Mme le sous-pr\u00e9fet de Villeneuve"}]},{"@type":"WebSite","@id":"https:\/\/gap47.astrosurf.com\/#website","url":"https:\/\/gap47.astrosurf.com\/","name":"De janvier \u00e0 fin juin 2024, le GAP47 sera ouvert aux visiteurs tous les vendredis \u00e0 21h sans r\u00e9servation, \u00e0 l'exception du vendredi 26 janvier o\u00f9 l'observatoire sera ferm\u00e9 au public.","description":"Groupe d&#039;Astronomie Populaire du Lot-et-Garonne, \u00e0 Montayral","potentialAction":[{"@type":"SearchAction","target":{"@type":"EntryPoint","urlTemplate":"https:\/\/gap47.astrosurf.com\/?s={search_term_string}"},"query-input":{"@type":"PropertyValueSpecification","valueRequired":true,"valueName":"search_term_string"}}],"inLanguage":"fr-FR"}]}},"_links":{"self":[{"href":"https:\/\/gap47.astrosurf.com\/index.php\/wp-json\/wp\/v2\/pages\/7735","targetHints":{"allow":["GET"]}}],"collection":[{"href":"https:\/\/gap47.astrosurf.com\/index.php\/wp-json\/wp\/v2\/pages"}],"about":[{"href":"https:\/\/gap47.astrosurf.com\/index.php\/wp-json\/wp\/v2\/types\/page"}],"author":[{"embeddable":true,"href":"https:\/\/gap47.astrosurf.com\/index.php\/wp-json\/wp\/v2\/users\/5"}],"replies":[{"embeddable":true,"href":"https:\/\/gap47.astrosurf.com\/index.php\/wp-json\/wp\/v2\/comments?post=7735"}],"version-history":[{"count":10,"href":"https:\/\/gap47.astrosurf.com\/index.php\/wp-json\/wp\/v2\/pages\/7735\/revisions"}],"predecessor-version":[{"id":7862,"href":"https:\/\/gap47.astrosurf.com\/index.php\/wp-json\/wp\/v2\/pages\/7735\/revisions\/7862"}],"wp:attachment":[{"href":"https:\/\/gap47.astrosurf.com\/index.php\/wp-json\/wp\/v2\/media?parent=7735"}],"curies":[{"name":"wp","href":"https:\/\/api.w.org\/{rel}","templated":true}]}}