 {"id":7673,"date":"2018-08-29T20:11:33","date_gmt":"2018-08-29T18:11:33","guid":{"rendered":"http:\/\/gap47.astrosurf.com\/?page_id=7673"},"modified":"2025-03-24T10:21:30","modified_gmt":"2025-03-24T08:21:30","slug":"la-boutique-du-gap47","status":"publish","type":"page","link":"https:\/\/gap47.astrosurf.com\/index.php\/le-gap47\/la-boutique-du-gap47\/","title":{"rendered":"La boutique du GAP47"},"content":{"rendered":"<p><span style=\"font-size: 24px; color: #000000;\"><strong><span style=\"font-family: arial, helvetica, sans-serif;\">En ce moment \u00e0 la boutique :<\/span><\/strong><\/span><\/p>\n<p style=\"text-align: justify;\"><span style=\"font-family: times new roman, times, serif; font-size: 20px;\">&nbsp;<\/span><\/p>\n<p style=\"text-align: justify;\"><span style=\"font-family: times new roman, times, serif; font-size: 20px;\">Vous pourrez trouver dans notre boutique <strong>une trentaine de photos diff\u00e9rentes<\/strong>, tir\u00e9es sur papier glac\u00e9, au format 10 x 15 cm, provenant des meilleures astrophotographies r\u00e9alis\u00e9es par les membres du GAP47. Un descriptif est coll\u00e9 au dos de chacune des photos. Ces photos repr\u00e9sentent notamment des plan\u00e8tes, la Lune, des galaxies, des n\u00e9buleuses, des com\u00e8tes, des amas globulaires, des amas ouverts, etc.<\/span><\/p>\n<p style=\"text-align: center;\"><span style=\"color: #008000;\"><strong><span style=\"font-size: 20px; font-family: 'times new roman', times, serif;\">Chaque photo est vendue \u00e0 l&rsquo;unit\u00e9 au prix de 1 \u20ac.<br \/>\nOn peut aussi acheter 6 photos pour le prix de 5 \u20ac.<\/span><\/strong><\/span><\/p>\n<p style=\"text-align: center;\"><span style=\"font-family: times new roman, times, serif; font-size: 20px;\">Quelques exemples :<\/span><\/p>\n<p style=\"text-align: justify;\"><a href=\"http:\/\/gap47.astrosurf.com\/wp-content\/uploads\/2020\/01\/Photos-boutique.jpg\"><img loading=\"lazy\" decoding=\"async\" class=\"aligncenter wp-image-9067 size-full\" src=\"http:\/\/gap47.astrosurf.com\/wp-content\/uploads\/2020\/01\/Photos-boutique.jpg\" alt=\"\" width=\"1330\" height=\"1790\" srcset=\"https:\/\/gap47.astrosurf.com\/wp-content\/uploads\/2020\/01\/Photos-boutique.jpg 1330w, https:\/\/gap47.astrosurf.com\/wp-content\/uploads\/2020\/01\/Photos-boutique-223x300.jpg 223w, https:\/\/gap47.astrosurf.com\/wp-content\/uploads\/2020\/01\/Photos-boutique-768x1034.jpg 768w, https:\/\/gap47.astrosurf.com\/wp-content\/uploads\/2020\/01\/Photos-boutique-892x1200.jpg 892w\" sizes=\"auto, (max-width: 767px) 89vw, (max-width: 1000px) 54vw, (max-width: 1071px) 543px, 580px\" \/><\/a><\/p>\n<p><a href=\"http:\/\/gap47.astrosurf.com\/wp-content\/uploads\/2020\/01\/Photos-2-boutique.jpeg\"><img loading=\"lazy\" decoding=\"async\" class=\"aligncenter wp-image-9069 size-full\" src=\"http:\/\/gap47.astrosurf.com\/wp-content\/uploads\/2020\/01\/Photos-2-boutique.jpeg\" alt=\"\" width=\"1356\" height=\"1710\" srcset=\"https:\/\/gap47.astrosurf.com\/wp-content\/uploads\/2020\/01\/Photos-2-boutique.jpeg 1356w, https:\/\/gap47.astrosurf.com\/wp-content\/uploads\/2020\/01\/Photos-2-boutique-238x300.jpeg 238w, https:\/\/gap47.astrosurf.com\/wp-content\/uploads\/2020\/01\/Photos-2-boutique-768x968.jpeg 768w, https:\/\/gap47.astrosurf.com\/wp-content\/uploads\/2020\/01\/Photos-2-boutique-952x1200.jpeg 952w\" sizes=\"auto, (max-width: 767px) 89vw, (max-width: 1000px) 54vw, (max-width: 1071px) 543px, 580px\" \/><\/a><\/p>\n<hr>\n<p style=\"text-align: justify;\"><span style=\"font-family: times new roman, times, serif; font-size: 20px;\">Vous trouverez \u00e9galement des <span style=\"color: #ff0000;\"><strong>Cartes du Ciel<\/strong><\/span>, plastifi\u00e9es permettant de se rep\u00e9rer facilement dans le ciel avec les dessins des constellations et leurs principales \u00e9toiles, en fonction de la saison et du mois o\u00f9 vous observez. Au verso de ces cartes se trouve une <span style=\"color: #ff0000;\"><strong>carte de la Lune<\/strong><\/span> avec les principaux crat\u00e8res, montagnes, \u00ab\u00a0mers et oc\u00e9ans\u00a0\u00bb de notre satellite. <span style=\"color: #008000;\"><strong>La Carte du Ciel est vendue au prix de 9 \u20ac<\/strong><\/span>.<br \/>\n<\/span><\/p>\n<p><img loading=\"lazy\" decoding=\"async\" class=\"wp-image-7680 aligncenter\" src=\"http:\/\/gap47.astrosurf.com\/wp-content\/uploads\/2018\/08\/Certe-du-ciel.jpg\" alt=\"\" width=\"800\" height=\"800\" srcset=\"https:\/\/gap47.astrosurf.com\/wp-content\/uploads\/2018\/08\/Certe-du-ciel.jpg 1200w, https:\/\/gap47.astrosurf.com\/wp-content\/uploads\/2018\/08\/Certe-du-ciel-150x150.jpg 150w, https:\/\/gap47.astrosurf.com\/wp-content\/uploads\/2018\/08\/Certe-du-ciel-300x300.jpg 300w, https:\/\/gap47.astrosurf.com\/wp-content\/uploads\/2018\/08\/Certe-du-ciel-768x768.jpg 768w, https:\/\/gap47.astrosurf.com\/wp-content\/uploads\/2018\/08\/Certe-du-ciel-100x100.jpg 100w\" sizes=\"auto, (max-width: 767px) 89vw, (max-width: 1000px) 54vw, (max-width: 1071px) 543px, 580px\" \/> <img loading=\"lazy\" decoding=\"async\" class=\"wp-image-7681 aligncenter\" src=\"http:\/\/gap47.astrosurf.com\/wp-content\/uploads\/2018\/08\/Carte-Lune.jpg\" alt=\"\" width=\"800\" height=\"800\" srcset=\"https:\/\/gap47.astrosurf.com\/wp-content\/uploads\/2018\/08\/Carte-Lune.jpg 1200w, https:\/\/gap47.astrosurf.com\/wp-content\/uploads\/2018\/08\/Carte-Lune-150x150.jpg 150w, https:\/\/gap47.astrosurf.com\/wp-content\/uploads\/2018\/08\/Carte-Lune-300x300.jpg 300w, https:\/\/gap47.astrosurf.com\/wp-content\/uploads\/2018\/08\/Carte-Lune-768x768.jpg 768w, https:\/\/gap47.astrosurf.com\/wp-content\/uploads\/2018\/08\/Carte-Lune-100x100.jpg 100w\" sizes=\"auto, (max-width: 767px) 89vw, (max-width: 1000px) 54vw, (max-width: 1071px) 543px, 580px\" \/><\/p>\n<hr>\n<p style=\"text-align: justify;\"><span style=\"font-family: times new roman, times, serif; font-size: 20px;\">Vous pourrez \u00e9galement trouver le tr\u00e8s int\u00e9ressant <span style=\"color: #8f1717;\"><strong>num\u00e9ro hors-s\u00e9rie<\/strong><\/span> de 100 pages de la revue \u00ab\u00a0Ciel et Espace\u00a0\u00bb appel\u00e9 : <span style=\"color: #8f1717;\"><strong>D\u00e9buter en Astronomie<\/strong><\/span>. <strong><span style=\"color: #008000;\">Ce magazine qui, de plus, est livr\u00e9 avec une Carte du Ciel (comme celle d\u00e9crite ci-dessus), est vendu au prix de 15 \u20ac<\/span>.<\/strong><br \/>\n<\/span><\/p>\n<p><img loading=\"lazy\" decoding=\"async\" class=\"aligncenter wp-image-7682\" src=\"http:\/\/gap47.astrosurf.com\/wp-content\/uploads\/2018\/08\/Revue-1.jpg\" alt=\"\" width=\"800\" height=\"953\" srcset=\"https:\/\/gap47.astrosurf.com\/wp-content\/uploads\/2018\/08\/Revue-1.jpg 1179w, https:\/\/gap47.astrosurf.com\/wp-content\/uploads\/2018\/08\/Revue-1-252x300.jpg 252w, https:\/\/gap47.astrosurf.com\/wp-content\/uploads\/2018\/08\/Revue-1-768x915.jpg 768w, https:\/\/gap47.astrosurf.com\/wp-content\/uploads\/2018\/08\/Revue-1-1008x1200.jpg 1008w\" sizes=\"auto, (max-width: 767px) 89vw, (max-width: 1000px) 54vw, (max-width: 1071px) 543px, 580px\" \/><\/p>\n<hr>\n","protected":false},"excerpt":{"rendered":"<p>En ce moment \u00e0 la boutique : &nbsp; Vous pourrez trouver dans notre boutique une trentaine de photos diff\u00e9rentes, tir\u00e9es sur papier glac\u00e9, au format 10 x 15 cm, provenant des meilleures astrophotographies r\u00e9alis\u00e9es par les membres du GAP47. Un descriptif est coll\u00e9 au dos de chacune des photos. Ces photos repr\u00e9sentent notamment des plan\u00e8tes, &hellip; <\/p>\n<p class=\"link-more\"><a href=\"https:\/\/gap47.astrosurf.com\/index.php\/le-gap47\/la-boutique-du-gap47\/\" class=\"more-link\">Continuer la lecture<span class=\"screen-reader-text\"> de &laquo;&nbsp;La boutique du GAP47&nbsp;&raquo;<\/span><\/a><\/p>\n","protected":false},"author":5,"featured_media":0,"parent":840,"menu_order":5,"comment_status":"closed","ping_status":"closed","template":"","meta":{"_exactmetrics_skip_tracking":false,"_exactmetrics_sitenote_active":false,"_exactmetrics_sitenote_note":"","_exactmetrics_sitenote_category":0,"ngg_post_thumbnail":0,"footnotes":""},"class_list":["post-7673","page","type-page","status-publish","hentry"],"yoast_head":"<!-- This site is optimized with the Yoast SEO plugin v24.8.1 - https:\/\/yoast.com\/wordpress\/plugins\/seo\/ -->\n<title>La boutique du GAP47 - L&#039;observatoire est ouvert aux visiteurs tous les vendredis soirs \u00e0 21 heures, jusqu&#039;au 3 juillet 2026 inclus, sans r\u00e9servation.<\/title>\n<meta name=\"robots\" content=\"index, follow, max-snippet:-1, max-image-preview:large, max-video-preview:-1\" \/>\n<link rel=\"canonical\" href=\"https:\/\/gap47.astrosurf.com\/index.php\/le-gap47\/la-boutique-du-gap47\/\" \/>\n<meta property=\"og:locale\" content=\"fr_FR\" \/>\n<meta property=\"og:type\" content=\"article\" \/>\n<meta property=\"og:title\" content=\"La boutique du GAP47 - L&#039;observatoire est ouvert aux visiteurs tous les vendredis soirs \u00e0 21 heures, jusqu&#039;au 3 juillet 2026 inclus, sans r\u00e9servation.\" \/>\n<meta property=\"og:description\" content=\"En ce moment \u00e0 la boutique : &nbsp; Vous pourrez trouver dans notre boutique une trentaine de photos diff\u00e9rentes, tir\u00e9es sur papier glac\u00e9, au format 10 x 15 cm, provenant des meilleures astrophotographies r\u00e9alis\u00e9es par les membres du GAP47. Un descriptif est coll\u00e9 au dos de chacune des photos. Ces photos repr\u00e9sentent notamment des plan\u00e8tes, &hellip; Continuer la lecture de &laquo;&nbsp;La boutique du GAP47&nbsp;&raquo;\" \/>\n<meta property=\"og:url\" content=\"https:\/\/gap47.astrosurf.com\/index.php\/le-gap47\/la-boutique-du-gap47\/\" \/>\n<meta property=\"og:site_name\" content=\"L&#039;observatoire est ouvert aux visiteurs tous les vendredis soirs \u00e0 21 heures, jusqu&#039;au 3 juillet 2026 inclus, sans r\u00e9servation.\" \/>\n<meta property=\"article:publisher\" content=\"https:\/\/www.facebook.com\/astrogap47\/\" \/>\n<meta property=\"article:modified_time\" content=\"2025-03-24T08:21:30+00:00\" \/>\n<meta property=\"og:image\" content=\"https:\/\/gap47.astrosurf.com\/wp-content\/uploads\/2020\/01\/Photos-boutique.jpg\" \/>\n\t<meta property=\"og:image:width\" content=\"1330\" \/>\n\t<meta property=\"og:image:height\" content=\"1790\" \/>\n\t<meta property=\"og:image:type\" content=\"image\/jpeg\" \/>\n<meta name=\"twitter:card\" content=\"summary_large_image\" \/>\n<meta name=\"twitter:label1\" content=\"Dur\u00e9e de lecture estim\u00e9e\" \/>\n\t<meta name=\"twitter:data1\" content=\"3 minutes\" \/>\n<script type=\"application\/ld+json\" class=\"yoast-schema-graph\">{\"@context\":\"https:\/\/schema.org\",\"@graph\":[{\"@type\":\"WebPage\",\"@id\":\"https:\/\/gap47.astrosurf.com\/index.php\/le-gap47\/la-boutique-du-gap47\/\",\"url\":\"https:\/\/gap47.astrosurf.com\/index.php\/le-gap47\/la-boutique-du-gap47\/\",\"name\":\"La boutique du GAP47 - L&#039;observatoire est ouvert aux visiteurs tous les vendredis soirs \u00e0 21 heures, jusqu&#039;au 3 juillet 2026 inclus, sans r\u00e9servation.\",\"isPartOf\":{\"@id\":\"https:\/\/gap47.astrosurf.com\/#website\"},\"primaryImageOfPage\":{\"@id\":\"https:\/\/gap47.astrosurf.com\/index.php\/le-gap47\/la-boutique-du-gap47\/#primaryimage\"},\"image\":{\"@id\":\"https:\/\/gap47.astrosurf.com\/index.php\/le-gap47\/la-boutique-du-gap47\/#primaryimage\"},\"thumbnailUrl\":\"http:\/\/gap47.astrosurf.com\/wp-content\/uploads\/2020\/01\/Photos-boutique.jpg\",\"datePublished\":\"2018-08-29T18:11:33+00:00\",\"dateModified\":\"2025-03-24T08:21:30+00:00\",\"breadcrumb\":{\"@id\":\"https:\/\/gap47.astrosurf.com\/index.php\/le-gap47\/la-boutique-du-gap47\/#breadcrumb\"},\"inLanguage\":\"fr-FR\",\"potentialAction\":[{\"@type\":\"ReadAction\",\"target\":[\"https:\/\/gap47.astrosurf.com\/index.php\/le-gap47\/la-boutique-du-gap47\/\"]}]},{\"@type\":\"ImageObject\",\"inLanguage\":\"fr-FR\",\"@id\":\"https:\/\/gap47.astrosurf.com\/index.php\/le-gap47\/la-boutique-du-gap47\/#primaryimage\",\"url\":\"https:\/\/gap47.astrosurf.com\/wp-content\/uploads\/2020\/01\/Photos-boutique.jpg\",\"contentUrl\":\"https:\/\/gap47.astrosurf.com\/wp-content\/uploads\/2020\/01\/Photos-boutique.jpg\",\"width\":1330,\"height\":1790},{\"@type\":\"BreadcrumbList\",\"@id\":\"https:\/\/gap47.astrosurf.com\/index.php\/le-gap47\/la-boutique-du-gap47\/#breadcrumb\",\"itemListElement\":[{\"@type\":\"ListItem\",\"position\":1,\"name\":\"Accueil\",\"item\":\"https:\/\/gap47.astrosurf.com\/\"},{\"@type\":\"ListItem\",\"position\":2,\"name\":\"Le GAP47\",\"item\":\"https:\/\/gap47.astrosurf.com\/index.php\/le-gap47\/\"},{\"@type\":\"ListItem\",\"position\":3,\"name\":\"La boutique du GAP47\"}]},{\"@type\":\"WebSite\",\"@id\":\"https:\/\/gap47.astrosurf.com\/#website\",\"url\":\"https:\/\/gap47.astrosurf.com\/\",\"name\":\"De janvier \u00e0 fin juin 2024, le GAP47 sera ouvert aux visiteurs tous les vendredis \u00e0 21h sans r\u00e9servation, \u00e0 l'exception du vendredi 26 janvier o\u00f9 l'observatoire sera ferm\u00e9 au public.\",\"description\":\"Groupe d&#039;Astronomie Populaire du Lot-et-Garonne, \u00e0 Montayral\",\"potentialAction\":[{\"@type\":\"SearchAction\",\"target\":{\"@type\":\"EntryPoint\",\"urlTemplate\":\"https:\/\/gap47.astrosurf.com\/?s={search_term_string}\"},\"query-input\":{\"@type\":\"PropertyValueSpecification\",\"valueRequired\":true,\"valueName\":\"search_term_string\"}}],\"inLanguage\":\"fr-FR\"}]}<\/script>\n<!-- \/ Yoast SEO plugin. -->","yoast_head_json":{"title":"La boutique du GAP47 - L&#039;observatoire est ouvert aux visiteurs tous les vendredis soirs \u00e0 21 heures, jusqu&#039;au 3 juillet 2026 inclus, sans r\u00e9servation.","robots":{"index":"index","follow":"follow","max-snippet":"max-snippet:-1","max-image-preview":"max-image-preview:large","max-video-preview":"max-video-preview:-1"},"canonical":"https:\/\/gap47.astrosurf.com\/index.php\/le-gap47\/la-boutique-du-gap47\/","og_locale":"fr_FR","og_type":"article","og_title":"La boutique du GAP47 - L&#039;observatoire est ouvert aux visiteurs tous les vendredis soirs \u00e0 21 heures, jusqu&#039;au 3 juillet 2026 inclus, sans r\u00e9servation.","og_description":"En ce moment \u00e0 la boutique : &nbsp; Vous pourrez trouver dans notre boutique une trentaine de photos diff\u00e9rentes, tir\u00e9es sur papier glac\u00e9, au format 10 x 15 cm, provenant des meilleures astrophotographies r\u00e9alis\u00e9es par les membres du GAP47. Un descriptif est coll\u00e9 au dos de chacune des photos. Ces photos repr\u00e9sentent notamment des plan\u00e8tes, &hellip; Continuer la lecture de &laquo;&nbsp;La boutique du GAP47&nbsp;&raquo;","og_url":"https:\/\/gap47.astrosurf.com\/index.php\/le-gap47\/la-boutique-du-gap47\/","og_site_name":"L&#039;observatoire est ouvert aux visiteurs tous les vendredis soirs \u00e0 21 heures, jusqu&#039;au 3 juillet 2026 inclus, sans r\u00e9servation.","article_publisher":"https:\/\/www.facebook.com\/astrogap47\/","article_modified_time":"2025-03-24T08:21:30+00:00","og_image":[{"width":1330,"height":1790,"url":"https:\/\/gap47.astrosurf.com\/wp-content\/uploads\/2020\/01\/Photos-boutique.jpg","type":"image\/jpeg"}],"twitter_card":"summary_large_image","twitter_misc":{"Dur\u00e9e de lecture estim\u00e9e":"3 minutes"},"schema":{"@context":"https:\/\/schema.org","@graph":[{"@type":"WebPage","@id":"https:\/\/gap47.astrosurf.com\/index.php\/le-gap47\/la-boutique-du-gap47\/","url":"https:\/\/gap47.astrosurf.com\/index.php\/le-gap47\/la-boutique-du-gap47\/","name":"La boutique du GAP47 - L&#039;observatoire est ouvert aux visiteurs tous les vendredis soirs \u00e0 21 heures, jusqu&#039;au 3 juillet 2026 inclus, sans r\u00e9servation.","isPartOf":{"@id":"https:\/\/gap47.astrosurf.com\/#website"},"primaryImageOfPage":{"@id":"https:\/\/gap47.astrosurf.com\/index.php\/le-gap47\/la-boutique-du-gap47\/#primaryimage"},"image":{"@id":"https:\/\/gap47.astrosurf.com\/index.php\/le-gap47\/la-boutique-du-gap47\/#primaryimage"},"thumbnailUrl":"http:\/\/gap47.astrosurf.com\/wp-content\/uploads\/2020\/01\/Photos-boutique.jpg","datePublished":"2018-08-29T18:11:33+00:00","dateModified":"2025-03-24T08:21:30+00:00","breadcrumb":{"@id":"https:\/\/gap47.astrosurf.com\/index.php\/le-gap47\/la-boutique-du-gap47\/#breadcrumb"},"inLanguage":"fr-FR","potentialAction":[{"@type":"ReadAction","target":["https:\/\/gap47.astrosurf.com\/index.php\/le-gap47\/la-boutique-du-gap47\/"]}]},{"@type":"ImageObject","inLanguage":"fr-FR","@id":"https:\/\/gap47.astrosurf.com\/index.php\/le-gap47\/la-boutique-du-gap47\/#primaryimage","url":"https:\/\/gap47.astrosurf.com\/wp-content\/uploads\/2020\/01\/Photos-boutique.jpg","contentUrl":"https:\/\/gap47.astrosurf.com\/wp-content\/uploads\/2020\/01\/Photos-boutique.jpg","width":1330,"height":1790},{"@type":"BreadcrumbList","@id":"https:\/\/gap47.astrosurf.com\/index.php\/le-gap47\/la-boutique-du-gap47\/#breadcrumb","itemListElement":[{"@type":"ListItem","position":1,"name":"Accueil","item":"https:\/\/gap47.astrosurf.com\/"},{"@type":"ListItem","position":2,"name":"Le GAP47","item":"https:\/\/gap47.astrosurf.com\/index.php\/le-gap47\/"},{"@type":"ListItem","position":3,"name":"La boutique du GAP47"}]},{"@type":"WebSite","@id":"https:\/\/gap47.astrosurf.com\/#website","url":"https:\/\/gap47.astrosurf.com\/","name":"De janvier \u00e0 fin juin 2024, le GAP47 sera ouvert aux visiteurs tous les vendredis \u00e0 21h sans r\u00e9servation, \u00e0 l'exception du vendredi 26 janvier o\u00f9 l'observatoire sera ferm\u00e9 au public.","description":"Groupe d&#039;Astronomie Populaire du Lot-et-Garonne, \u00e0 Montayral","potentialAction":[{"@type":"SearchAction","target":{"@type":"EntryPoint","urlTemplate":"https:\/\/gap47.astrosurf.com\/?s={search_term_string}"},"query-input":{"@type":"PropertyValueSpecification","valueRequired":true,"valueName":"search_term_string"}}],"inLanguage":"fr-FR"}]}},"_links":{"self":[{"href":"https:\/\/gap47.astrosurf.com\/index.php\/wp-json\/wp\/v2\/pages\/7673","targetHints":{"allow":["GET"]}}],"collection":[{"href":"https:\/\/gap47.astrosurf.com\/index.php\/wp-json\/wp\/v2\/pages"}],"about":[{"href":"https:\/\/gap47.astrosurf.com\/index.php\/wp-json\/wp\/v2\/types\/page"}],"author":[{"embeddable":true,"href":"https:\/\/gap47.astrosurf.com\/index.php\/wp-json\/wp\/v2\/users\/5"}],"replies":[{"embeddable":true,"href":"https:\/\/gap47.astrosurf.com\/index.php\/wp-json\/wp\/v2\/comments?post=7673"}],"version-history":[{"count":42,"href":"https:\/\/gap47.astrosurf.com\/index.php\/wp-json\/wp\/v2\/pages\/7673\/revisions"}],"predecessor-version":[{"id":13336,"href":"https:\/\/gap47.astrosurf.com\/index.php\/wp-json\/wp\/v2\/pages\/7673\/revisions\/13336"}],"up":[{"embeddable":true,"href":"https:\/\/gap47.astrosurf.com\/index.php\/wp-json\/wp\/v2\/pages\/840"}],"wp:attachment":[{"href":"https:\/\/gap47.astrosurf.com\/index.php\/wp-json\/wp\/v2\/media?parent=7673"}],"curies":[{"name":"wp","href":"https:\/\/api.w.org\/{rel}","templated":true}]}}