 {"id":615,"date":"2017-05-15T01:10:56","date_gmt":"2017-05-14T23:10:56","guid":{"rendered":"http:\/\/gap47.astrosurf.com\/?page_id=615"},"modified":"2023-05-14T16:22:59","modified_gmt":"2023-05-14T14:22:59","slug":"notre-parcours-systeme-solaire-2","status":"publish","type":"page","link":"https:\/\/gap47.astrosurf.com\/index.php\/ressources\/notre-parcours-systeme-solaire-2\/","title":{"rendered":"Notre parcours \u00ab\u00a0Syst\u00e8me Solaire\u00a0\u00bb"},"content":{"rendered":"<p><span style=\"font-size: 20px; color: #008000;\"><strong><span style=\"font-family: arial, helvetica, sans-serif;\">Notre club a cr\u00e9\u00e9 (au printemps 2018), le long du sentier de randonn\u00e9e \u00ab\u00a0GR652\u00a0\u00bb qui descend \u00e0 votre droite [vers le sud] quand on tourne le dos \u00e0 l&rsquo;observatoire, une maquette du Syst\u00e8me Solaire, \u00e0 l\u2019\u00e9chelle 1\/3 milliardi\u00e8me, sous la forme de 13 panneaux illustr\u00e9s et comment\u00e9s pr\u00e9sentant chaque \u00e9l\u00e9ment de cet ensemble. Cette promenade de 2,5 km est librement accessible.<\/span><\/strong><\/span><\/p>\n<p style=\"text-align: center;\"><span style=\"color: #008000;\"><em><strong><span style=\"font-family: 'times new roman', times, serif; font-size: 24px;\">D\u00e9pliant 4 pages destin\u00e9 aux visiteurs du parcours :<\/span><\/strong><\/em><\/span><\/p>\n<p style=\"text-align: center;\"><a href=\"https:\/\/gap47.astrosurf.com\/wp-content\/uploads\/2023\/05\/GAP47_DepliantParcoursSS-2.pdf\" class=\"pdfemb-viewer\" style=\"\" data-width=\"max\" data-height=\"max\" data-toolbar=\"bottom\" data-toolbar-fixed=\"off\">GAP47_DepliantParcoursSS 2<\/a>&#8211;<\/p>\n<p><span style=\"font-family: times new roman, times, serif; font-size: 20px;\">Chaque panneau porte (en bas \u00e0 gauche) un \u00ab\u00a0QR Code\u00a0\u00bb, identique sur tous les panneaux, qui vous permettra, lorsque vous visiterez notre parcours et que vous serez dot\u00e9s d&rsquo;un smartphone ou d&rsquo;une tablette connect\u00e9e \u00e0 Internet et que vous disposerez aussi d&rsquo;une application gratuite qui lit (ou scanne) ces QR Codes d&rsquo;arriver directement sur cette page \u00ab\u00a0<strong>Notre parcours Syst\u00e8me solaire<\/strong>\u00a0\u00bb o\u00f9 vous pourrez obtenir des pr\u00e9cisions sur chacun des 13 panneaux du parcours, de plus amples informations, des photos, etc.<\/span><br \/>\n<em><span style=\"color: #000000; font-size: 12px; font-family: arial, helvetica, sans-serif;\">\u00a9 QR Code est une marque d\u00e9pos\u00e9e de la soci\u00e9t\u00e9 DENSO WAVE INCORPORATED<\/span><\/em><\/p>\n<p><span style=\"font-family: times new roman,times,serif; font-size: 20px;\">Notre parcours est compos\u00e9 de 13 panneaux qui vous feront voyager du Soleil vers les confins les plus \u00e9loign\u00e9s du Syst\u00e8me Solaire. Vous trouverez ici les informations qui n&rsquo;ont pas pu \u00eatre ins\u00e9r\u00e9es dans nos panneaux, faute de place. <\/span><\/p>\n<p><span style=\"font-size: 20px; color: #000000; font-family: times new roman, times, serif;\">Sur chacune de ces 13 pages vous trouverez (dans l&rsquo;ordre) :<\/span><br \/>\n<span style=\"font-size: 20px; color: #000000; font-family: times new roman, times, serif;\"> \u2022 une vignette pr\u00e9sentant le visuel du panneau en r\u00e9duction.<\/span><br \/>\n<span style=\"font-size: 20px; color: #000000; font-family: times new roman, times, serif;\"> \u2022 un lien vous permettant de visualiser enti\u00e8rement chaque panneau (en pdf).<\/span><br \/>\n<span style=\"font-size: 20px; color: #000000; font-family: times new roman, times, serif;\"> \u2022 des informations compl\u00e9mentaires et assez d\u00e9taill\u00e9es sur certaines des caract\u00e9ristiques de chaque objet ou de chaque r\u00e9gion du syst\u00e8me solaire.<\/span><br \/>\n<span style=\"color: #000000; font-family: times new roman, times, serif; font-size: 20px;\"> \u2022 votre position dans le syst\u00e8me solaire, et la distance qui vous s\u00e9pare du Soleil (\u00e0 l&rsquo;\u00e9chelle du parcours et \u00e0 l&rsquo;\u00e9chelle astronomique r\u00e9elle).<\/span><br \/>\n<span style=\"font-size: 20px; color: #000000; font-family: times new roman, times, serif;\"> \u2022 quelques illustrations.<\/span><br \/>\n<span style=\"font-family: times new roman, times, serif; font-size: 20px; color: #000000;\"> \u2022 un tableau complet contenant un grand nombre de donn\u00e9es chiffr\u00e9es sur chaque plan\u00e8te ou objet.<\/span><\/p>\n<p><span style=\"font-family: arial, helvetica, sans-serif; color: #0000ff;\"><span style=\"font-size: 20px;\"><strong><em>Cliquez sur le sujet de votre choix pour vous rendre \u00e0 la page d\u00e9sir\u00e9e.<\/em><\/strong><\/span><br \/>\n<em><strong><span style=\"font-size: 20px;\">Ces 13 panneaux sont, dans l&rsquo;ordre :<\/span><\/strong><\/em><\/span><\/p>\n<ol>\n<li><span style=\"font-size: 20px;\"><a href=\"http:\/\/gap47.astrosurf.com\/index.php\/presentation-parcours-systeme-solaire\/\" target=\"_blank\" rel=\"noopener noreferrer\"><span style=\"font-family: times new roman,times,serif;\"><strong>Panneau initial de pr\u00e9sentation du parcours<\/strong><\/span><\/a><\/span><\/li>\n<li><span style=\"font-size: 20px;\"><strong><a href=\"http:\/\/gap47.astrosurf.com\/index.php\/le-soleil\/\" target=\"_blank\" rel=\"noopener noreferrer\"><span style=\"font-family: times new roman,times,serif;\">Le Soleil<\/span><\/a><\/strong><\/span><\/li>\n<li><span style=\"font-size: 20px;\"><strong><a href=\"http:\/\/gap47.astrosurf.com\/index.php\/3-mercure\/\" target=\"_blank\" rel=\"noopener noreferrer\"><span style=\"font-family: times new roman,times,serif;\">Mercure<\/span><\/a><\/strong><\/span><\/li>\n<li><span style=\"font-size: 20px;\"><strong><a href=\"http:\/\/gap47.astrosurf.com\/index.php\/4-venus\/\" target=\"_blank\" rel=\"noopener noreferrer\"><span style=\"font-family: times new roman,times,serif;\">V\u00e9nus<\/span><\/a><\/strong><\/span><\/li>\n<li><span style=\"font-size: 20px;\"><strong><a href=\"http:\/\/gap47.astrosurf.com\/index.php\/5-la-terre-et-la-lune\/\" target=\"_blank\" rel=\"noopener noreferrer\"><span style=\"font-family: times new roman,times,serif;\">La Terre et la Lune<\/span><\/a><\/strong><\/span><\/li>\n<li><span style=\"font-size: 20px;\"><strong><a href=\"http:\/\/gap47.astrosurf.com\/index.php\/6-mars\/\" target=\"_blank\" rel=\"noopener noreferrer\"><span style=\"font-family: times new roman,times,serif;\">Mars<\/span><\/a><\/strong><\/span><\/li>\n<li><span style=\"font-size: 20px;\"><strong><a href=\"http:\/\/gap47.astrosurf.com\/index.php\/7-la-ceinture-dasteroides\/\" target=\"_blank\" rel=\"noopener noreferrer\"><span style=\"font-family: times new roman,times,serif;\">La ceinture d&rsquo;ast\u00e9ro\u00efdes (et C\u00e9r\u00e8s)<\/span><\/a><\/strong><\/span><\/li>\n<li><span style=\"font-size: 20px;\"><strong><a href=\"http:\/\/gap47.astrosurf.com\/index.php\/8-jupiter\/\" target=\"_blank\" rel=\"noopener noreferrer\"><span style=\"font-family: times new roman,times,serif;\">Jupiter<\/span><\/a><\/strong><\/span><\/li>\n<li><span style=\"font-size: 20px;\"><strong><a href=\"http:\/\/gap47.astrosurf.com\/index.php\/9-saturne\/\" target=\"_blank\" rel=\"noopener noreferrer\"><span style=\"font-family: times new roman,times,serif;\">Saturne<\/span><\/a><\/strong><\/span><\/li>\n<li><span style=\"font-size: 20px;\"><strong><a href=\"http:\/\/gap47.astrosurf.com\/index.php\/10-uranus\/\" target=\"_blank\" rel=\"noopener noreferrer\"><span style=\"font-family: times new roman,times,serif;\">Uranus<\/span><\/a><\/strong><\/span><\/li>\n<li><span style=\"font-size: 20px;\"><strong><a href=\"http:\/\/gap47.astrosurf.com\/index.php\/11-neptune\/\" target=\"_blank\" rel=\"noopener noreferrer\"><span style=\"font-family: times new roman,times,serif;\">Neptune<\/span><\/a><\/strong><\/span><\/li>\n<li><span style=\"font-size: 20px;\"><strong><a href=\"http:\/\/gap47.astrosurf.com\/index.php\/12-la-ceinture-de-kuiper-planetes-naines\/\" target=\"_blank\" rel=\"noopener noreferrer\"><span style=\"font-family: times new roman,times,serif;\">La ceinture de Kuiper et les plan\u00e8tes naines<\/span><\/a><\/strong><\/span><\/li>\n<li><span style=\"font-size: 20px;\"><strong><a href=\"http:\/\/gap47.astrosurf.com\/index.php\/13-le-nuage-de-oort-les-cometes\/\" target=\"_blank\" rel=\"noopener noreferrer\"><span style=\"font-family: times new roman,times,serif;\">Le nuage de Oort et les com\u00e8tes<\/span><\/a><\/strong><\/span><\/li>\n<\/ol>\n<hr>\n<p style=\"text-align: center;\"><span style=\"font-size: 20px;\"><em><strong><span style=\"font-family: arial,helvetica,sans-serif;\">Le tableau ci-dessous montre, pour chaque plan\u00e8te ou les plan\u00e8tes naines C\u00e9r\u00e8s et Pluton, les distances moyennes (en unit\u00e9s <\/span><\/strong><\/em><\/span><span style=\"font-size: 20px;\"><em><strong><span style=\"font-family: arial,helvetica,sans-serif;\">astronomiques ou UA) vers le Soleil et toutes les autres plan\u00e8tes du Syst\u00e8me Solaire :<\/span><\/strong><\/em><\/span><\/p>\n<p><a href=\"http:\/\/gap47.astrosurf.com\/wp-content\/uploads\/2017\/05\/Distances-entre-plane\u0300tes.png\"><img loading=\"lazy\" decoding=\"async\" class=\"aligncenter wp-image-4902\" src=\"http:\/\/gap47.astrosurf.com\/wp-content\/uploads\/2017\/05\/Distances-entre-plane\u0300tes.png\" alt=\"\" width=\"2000\" height=\"587\" srcset=\"https:\/\/gap47.astrosurf.com\/wp-content\/uploads\/2017\/05\/Distances-entre-plane\u0300tes.png 1662w, https:\/\/gap47.astrosurf.com\/wp-content\/uploads\/2017\/05\/Distances-entre-plane\u0300tes-300x88.png 300w, https:\/\/gap47.astrosurf.com\/wp-content\/uploads\/2017\/05\/Distances-entre-plane\u0300tes-768x226.png 768w\" sizes=\"auto, (max-width: 767px) 89vw, (max-width: 1000px) 54vw, (max-width: 1071px) 543px, 580px\" \/><\/a><\/p>\n<p style=\"text-align: center;\"><strong><span style=\"font-family: arial, helvetica, sans-serif; font-size: 24px; color: #808080;\">Le projet de notre parcours a \u00e9t\u00e9 soumis, puis accept\u00e9 par le SMAVLOT dans le cadre d&rsquo;un projet \u00ab\u00a0Leader\u00a0\u00bb avec des fonds de la r\u00e9gion Nouvelle Aquitaine (40%) et de la Communaut\u00e9 Europ\u00e9enne (40%), le GA<\/span><\/strong><strong><span style=\"font-family: arial, helvetica, sans-serif; font-size: 24px; color: #808080;\">P47 prenant en charge les 20% restants.<\/span><\/strong><\/p>\n<p style=\"text-align: center;\"><a href=\"http:\/\/gap47.astrosurf.com\/wp-content\/uploads\/2022\/12\/Projet-Leader-GAP47.mp4\" rel=\"noopener\"><strong><span style=\"font-family: arial, helvetica, sans-serif; font-size: 24px; color: #808080;\">Voir une petite vid\u00e9o sur ce sujet.<\/span><\/strong><\/a><\/p>\n<hr>\n<p>&nbsp;<\/p>\n","protected":false},"excerpt":{"rendered":"<p>Notre club a cr\u00e9\u00e9 (au printemps 2018), le long du sentier de randonn\u00e9e \u00ab\u00a0GR652\u00a0\u00bb qui descend \u00e0 votre droite [vers le sud] quand on tourne le dos \u00e0 l&rsquo;observatoire, une maquette du Syst\u00e8me Solaire, \u00e0 l\u2019\u00e9chelle 1\/3 milliardi\u00e8me, sous la forme de 13 panneaux illustr\u00e9s et comment\u00e9s pr\u00e9sentant chaque \u00e9l\u00e9ment de cet ensemble. Cette promenade &hellip; <\/p>\n<p class=\"link-more\"><a href=\"https:\/\/gap47.astrosurf.com\/index.php\/ressources\/notre-parcours-systeme-solaire-2\/\" class=\"more-link\">Continuer la lecture<span class=\"screen-reader-text\"> de &laquo;&nbsp;Notre parcours \u00ab\u00a0Syst\u00e8me Solaire\u00a0\u00bb&nbsp;&raquo;<\/span><\/a><\/p>\n","protected":false},"author":5,"featured_media":0,"parent":85,"menu_order":0,"comment_status":"closed","ping_status":"closed","template":"","meta":{"_exactmetrics_skip_tracking":false,"_exactmetrics_sitenote_active":false,"_exactmetrics_sitenote_note":"","_exactmetrics_sitenote_category":0,"ngg_post_thumbnail":0,"footnotes":""},"class_list":["post-615","page","type-page","status-publish","hentry"],"yoast_head":"<!-- This site is optimized with the Yoast SEO plugin v24.8.1 - https:\/\/yoast.com\/wordpress\/plugins\/seo\/ -->\n<title>Notre parcours &quot;Syst\u00e8me Solaire&quot; - L&#039;observatoire est ouvert aux visiteurs tous les vendredis soirs \u00e0 21 heures, jusqu&#039;au 3 juillet 2026 inclus, sans r\u00e9servation.<\/title>\n<meta name=\"robots\" content=\"index, follow, max-snippet:-1, max-image-preview:large, max-video-preview:-1\" \/>\n<link rel=\"canonical\" href=\"https:\/\/gap47.astrosurf.com\/index.php\/ressources\/notre-parcours-systeme-solaire-2\/\" \/>\n<meta property=\"og:locale\" content=\"fr_FR\" \/>\n<meta property=\"og:type\" content=\"article\" \/>\n<meta property=\"og:title\" content=\"Notre parcours &quot;Syst\u00e8me Solaire&quot; - L&#039;observatoire est ouvert aux visiteurs tous les vendredis soirs \u00e0 21 heures, jusqu&#039;au 3 juillet 2026 inclus, sans r\u00e9servation.\" \/>\n<meta property=\"og:description\" content=\"Notre club a cr\u00e9\u00e9 (au printemps 2018), le long du sentier de randonn\u00e9e \u00ab\u00a0GR652\u00a0\u00bb qui descend \u00e0 votre droite [vers le sud] quand on tourne le dos \u00e0 l&rsquo;observatoire, une maquette du Syst\u00e8me Solaire, \u00e0 l\u2019\u00e9chelle 1\/3 milliardi\u00e8me, sous la forme de 13 panneaux illustr\u00e9s et comment\u00e9s pr\u00e9sentant chaque \u00e9l\u00e9ment de cet ensemble. Cette promenade &hellip; Continuer la lecture de &laquo;&nbsp;Notre parcours \u00ab\u00a0Syst\u00e8me Solaire\u00a0\u00bb&nbsp;&raquo;\" \/>\n<meta property=\"og:url\" content=\"https:\/\/gap47.astrosurf.com\/index.php\/ressources\/notre-parcours-systeme-solaire-2\/\" \/>\n<meta property=\"og:site_name\" content=\"L&#039;observatoire est ouvert aux visiteurs tous les vendredis soirs \u00e0 21 heures, jusqu&#039;au 3 juillet 2026 inclus, sans r\u00e9servation.\" \/>\n<meta property=\"article:publisher\" content=\"https:\/\/www.facebook.com\/astrogap47\/\" \/>\n<meta property=\"article:modified_time\" content=\"2023-05-14T14:22:59+00:00\" \/>\n<meta name=\"twitter:card\" content=\"summary_large_image\" \/>\n<meta name=\"twitter:label1\" content=\"Dur\u00e9e de lecture estim\u00e9e\" \/>\n\t<meta name=\"twitter:data1\" content=\"3 minutes\" \/>\n<script type=\"application\/ld+json\" class=\"yoast-schema-graph\">{\"@context\":\"https:\/\/schema.org\",\"@graph\":[{\"@type\":\"WebPage\",\"@id\":\"https:\/\/gap47.astrosurf.com\/index.php\/ressources\/notre-parcours-systeme-solaire-2\/\",\"url\":\"https:\/\/gap47.astrosurf.com\/index.php\/ressources\/notre-parcours-systeme-solaire-2\/\",\"name\":\"Notre parcours \\\"Syst\u00e8me Solaire\\\" - L&#039;observatoire est ouvert aux visiteurs tous les vendredis soirs \u00e0 21 heures, jusqu&#039;au 3 juillet 2026 inclus, sans r\u00e9servation.\",\"isPartOf\":{\"@id\":\"https:\/\/gap47.astrosurf.com\/#website\"},\"datePublished\":\"2017-05-14T23:10:56+00:00\",\"dateModified\":\"2023-05-14T14:22:59+00:00\",\"breadcrumb\":{\"@id\":\"https:\/\/gap47.astrosurf.com\/index.php\/ressources\/notre-parcours-systeme-solaire-2\/#breadcrumb\"},\"inLanguage\":\"fr-FR\",\"potentialAction\":[{\"@type\":\"ReadAction\",\"target\":[\"https:\/\/gap47.astrosurf.com\/index.php\/ressources\/notre-parcours-systeme-solaire-2\/\"]}]},{\"@type\":\"BreadcrumbList\",\"@id\":\"https:\/\/gap47.astrosurf.com\/index.php\/ressources\/notre-parcours-systeme-solaire-2\/#breadcrumb\",\"itemListElement\":[{\"@type\":\"ListItem\",\"position\":1,\"name\":\"Accueil\",\"item\":\"https:\/\/gap47.astrosurf.com\/\"},{\"@type\":\"ListItem\",\"position\":2,\"name\":\"Ressources\",\"item\":\"https:\/\/gap47.astrosurf.com\/index.php\/ressources\/\"},{\"@type\":\"ListItem\",\"position\":3,\"name\":\"Notre parcours &#8220;Syst\u00e8me Solaire&#8221;\"}]},{\"@type\":\"WebSite\",\"@id\":\"https:\/\/gap47.astrosurf.com\/#website\",\"url\":\"https:\/\/gap47.astrosurf.com\/\",\"name\":\"De janvier \u00e0 fin juin 2024, le GAP47 sera ouvert aux visiteurs tous les vendredis \u00e0 21h sans r\u00e9servation, \u00e0 l'exception du vendredi 26 janvier o\u00f9 l'observatoire sera ferm\u00e9 au public.\",\"description\":\"Groupe d&#039;Astronomie Populaire du Lot-et-Garonne, \u00e0 Montayral\",\"potentialAction\":[{\"@type\":\"SearchAction\",\"target\":{\"@type\":\"EntryPoint\",\"urlTemplate\":\"https:\/\/gap47.astrosurf.com\/?s={search_term_string}\"},\"query-input\":{\"@type\":\"PropertyValueSpecification\",\"valueRequired\":true,\"valueName\":\"search_term_string\"}}],\"inLanguage\":\"fr-FR\"}]}<\/script>\n<!-- \/ Yoast SEO plugin. -->","yoast_head_json":{"title":"Notre parcours \"Syst\u00e8me Solaire\" - L&#039;observatoire est ouvert aux visiteurs tous les vendredis soirs \u00e0 21 heures, jusqu&#039;au 3 juillet 2026 inclus, sans r\u00e9servation.","robots":{"index":"index","follow":"follow","max-snippet":"max-snippet:-1","max-image-preview":"max-image-preview:large","max-video-preview":"max-video-preview:-1"},"canonical":"https:\/\/gap47.astrosurf.com\/index.php\/ressources\/notre-parcours-systeme-solaire-2\/","og_locale":"fr_FR","og_type":"article","og_title":"Notre parcours \"Syst\u00e8me Solaire\" - L&#039;observatoire est ouvert aux visiteurs tous les vendredis soirs \u00e0 21 heures, jusqu&#039;au 3 juillet 2026 inclus, sans r\u00e9servation.","og_description":"Notre club a cr\u00e9\u00e9 (au printemps 2018), le long du sentier de randonn\u00e9e \u00ab\u00a0GR652\u00a0\u00bb qui descend \u00e0 votre droite [vers le sud] quand on tourne le dos \u00e0 l&rsquo;observatoire, une maquette du Syst\u00e8me Solaire, \u00e0 l\u2019\u00e9chelle 1\/3 milliardi\u00e8me, sous la forme de 13 panneaux illustr\u00e9s et comment\u00e9s pr\u00e9sentant chaque \u00e9l\u00e9ment de cet ensemble. Cette promenade &hellip; Continuer la lecture de &laquo;&nbsp;Notre parcours \u00ab\u00a0Syst\u00e8me Solaire\u00a0\u00bb&nbsp;&raquo;","og_url":"https:\/\/gap47.astrosurf.com\/index.php\/ressources\/notre-parcours-systeme-solaire-2\/","og_site_name":"L&#039;observatoire est ouvert aux visiteurs tous les vendredis soirs \u00e0 21 heures, jusqu&#039;au 3 juillet 2026 inclus, sans r\u00e9servation.","article_publisher":"https:\/\/www.facebook.com\/astrogap47\/","article_modified_time":"2023-05-14T14:22:59+00:00","twitter_card":"summary_large_image","twitter_misc":{"Dur\u00e9e de lecture estim\u00e9e":"3 minutes"},"schema":{"@context":"https:\/\/schema.org","@graph":[{"@type":"WebPage","@id":"https:\/\/gap47.astrosurf.com\/index.php\/ressources\/notre-parcours-systeme-solaire-2\/","url":"https:\/\/gap47.astrosurf.com\/index.php\/ressources\/notre-parcours-systeme-solaire-2\/","name":"Notre parcours \"Syst\u00e8me Solaire\" - L&#039;observatoire est ouvert aux visiteurs tous les vendredis soirs \u00e0 21 heures, jusqu&#039;au 3 juillet 2026 inclus, sans r\u00e9servation.","isPartOf":{"@id":"https:\/\/gap47.astrosurf.com\/#website"},"datePublished":"2017-05-14T23:10:56+00:00","dateModified":"2023-05-14T14:22:59+00:00","breadcrumb":{"@id":"https:\/\/gap47.astrosurf.com\/index.php\/ressources\/notre-parcours-systeme-solaire-2\/#breadcrumb"},"inLanguage":"fr-FR","potentialAction":[{"@type":"ReadAction","target":["https:\/\/gap47.astrosurf.com\/index.php\/ressources\/notre-parcours-systeme-solaire-2\/"]}]},{"@type":"BreadcrumbList","@id":"https:\/\/gap47.astrosurf.com\/index.php\/ressources\/notre-parcours-systeme-solaire-2\/#breadcrumb","itemListElement":[{"@type":"ListItem","position":1,"name":"Accueil","item":"https:\/\/gap47.astrosurf.com\/"},{"@type":"ListItem","position":2,"name":"Ressources","item":"https:\/\/gap47.astrosurf.com\/index.php\/ressources\/"},{"@type":"ListItem","position":3,"name":"Notre parcours &#8220;Syst\u00e8me Solaire&#8221;"}]},{"@type":"WebSite","@id":"https:\/\/gap47.astrosurf.com\/#website","url":"https:\/\/gap47.astrosurf.com\/","name":"De janvier \u00e0 fin juin 2024, le GAP47 sera ouvert aux visiteurs tous les vendredis \u00e0 21h sans r\u00e9servation, \u00e0 l'exception du vendredi 26 janvier o\u00f9 l'observatoire sera ferm\u00e9 au public.","description":"Groupe d&#039;Astronomie Populaire du Lot-et-Garonne, \u00e0 Montayral","potentialAction":[{"@type":"SearchAction","target":{"@type":"EntryPoint","urlTemplate":"https:\/\/gap47.astrosurf.com\/?s={search_term_string}"},"query-input":{"@type":"PropertyValueSpecification","valueRequired":true,"valueName":"search_term_string"}}],"inLanguage":"fr-FR"}]}},"_links":{"self":[{"href":"https:\/\/gap47.astrosurf.com\/index.php\/wp-json\/wp\/v2\/pages\/615","targetHints":{"allow":["GET"]}}],"collection":[{"href":"https:\/\/gap47.astrosurf.com\/index.php\/wp-json\/wp\/v2\/pages"}],"about":[{"href":"https:\/\/gap47.astrosurf.com\/index.php\/wp-json\/wp\/v2\/types\/page"}],"author":[{"embeddable":true,"href":"https:\/\/gap47.astrosurf.com\/index.php\/wp-json\/wp\/v2\/users\/5"}],"replies":[{"embeddable":true,"href":"https:\/\/gap47.astrosurf.com\/index.php\/wp-json\/wp\/v2\/comments?post=615"}],"version-history":[{"count":72,"href":"https:\/\/gap47.astrosurf.com\/index.php\/wp-json\/wp\/v2\/pages\/615\/revisions"}],"predecessor-version":[{"id":12305,"href":"https:\/\/gap47.astrosurf.com\/index.php\/wp-json\/wp\/v2\/pages\/615\/revisions\/12305"}],"up":[{"embeddable":true,"href":"https:\/\/gap47.astrosurf.com\/index.php\/wp-json\/wp\/v2\/pages\/85"}],"wp:attachment":[{"href":"https:\/\/gap47.astrosurf.com\/index.php\/wp-json\/wp\/v2\/media?parent=615"}],"curies":[{"name":"wp","href":"https:\/\/api.w.org\/{rel}","templated":true}]}}