 {"id":4551,"date":"2017-08-22T03:55:06","date_gmt":"2017-08-22T01:55:06","guid":{"rendered":"http:\/\/gap47.astrosurf.com\/?page_id=4551"},"modified":"2018-05-08T20:30:35","modified_gmt":"2018-05-08T18:30:35","slug":"cahier-charges-400","status":"publish","type":"page","link":"https:\/\/gap47.astrosurf.com\/index.php\/technique\/optique-instruments\/construction-du-dobson-t-400\/cahier-charges-400\/","title":{"rendered":"Cahier des charges"},"content":{"rendered":"<p style=\"text-align: left;\"><span style=\"font-family: times new roman,times,serif; font-size: 20px;\">L\u2019opportunit\u00e9 de ce nouveau projet trouve sa concr\u00e9tisation au travers des besoins et contraintes fix\u00e9s ci-dessous et expos\u00e9s lors de la r\u00e9union du 21\/09\/2007&nbsp;:<\/span><\/p>\n<p>&nbsp;<\/p>\n<p style=\"text-align: left;\"><span style=\"font-family: times new roman,times,serif; font-size: 20px;\"><strong>Transportabilit\u00e9&nbsp;: <\/strong><\/span><\/p>\n<p style=\"text-align: left;\" align=\"justify\"><span style=\"font-family: times new roman,times,serif; font-size: 20px;\"><img loading=\"lazy\" decoding=\"async\" class=\"alignright wp-image-1901\" src=\"http:\/\/gap47.astrosurf.com\/wp-content\/uploads\/2017\/04\/T400_intro_03.jpg\" alt=\"\" width=\"250\" height=\"369\">Le GAP 47 dispose principalement d\u2019instruments fixes sous coupoles. Ainsi, il n\u2019est pas en mesure de r\u00e9pondre de mani\u00e8re satisfaisante aux opportunit\u00e9s d\u2019observations \u00e0 l\u2019ext\u00e9rieur de son site&nbsp;: demandes d\u2019\u00e9coles, de centres de vacances, participations \u00e0 des rassemblements d\u2019amateurs, observations en sites privil\u00e9gi\u00e9s (montagne, triangle noir, \u2026).<\/span><\/p>\n<p style=\"text-align: left;\" align=\"justify\"><span style=\"font-family: times new roman,times,serif; font-size: 20px;\">L\u2019objectif \u00e9tait donc de disposer d\u2019un instrument de \u00ab&nbsp;gros diam\u00e8tre&nbsp;\u00bb ais\u00e9ment transportable notamment dans le coffre d\u2019une berline classique.<\/span><\/p>\n<p style=\"text-align: left;\"><span style=\"font-family: times new roman,times,serif; font-size: 20px;\">Pour ce faire, l\u2019instrument devait \u00eatre l\u00e9ger, facilement et rapidement d\u00e9montable (et remontable).<\/span><\/p>\n<p style=\"text-align: left;\" align=\"justify\"><span style=\"font-family: times new roman,times,serif; font-size: 20px;\">Certains amateurs ont pouss\u00e9 les contraintes de l\u00e9g\u00e8ret\u00e9 et de compacit\u00e9 \u00e0 l\u2019extr\u00eame notamment pour satisfaire aux exigences du transport a\u00e9rien (voir r\u00e9alisations de <a href=\"http:\/\/www.astrosurf.com\/magnitude78\/babcock\/babcock60cm.htm\">Greg Babcock<\/a> et <a href=\"http:\/\/www.astrosurf.com\/magnitude78\/T400\/principes.html\">Serge Vieillard<\/a>) avec des solutions innovantes utilisant des mat\u00e9riaux composites (notamment le carbone \/ \u00e9poxy). Nos objectifs de transportabilit\u00e9 \u00e9tant moins ambitieux, nous nous sommes tenus \u00e0 des techniques plus traditionnelles concernant la partie m\u00e9canique.<\/span><\/p>\n<p style=\"text-align: left;\" align=\"justify\">&nbsp;<\/p>\n<p style=\"text-align: left;\"><span style=\"font-family: times new roman,times,serif; font-size: 20px;\"><strong>Facilit\u00e9 et qualit\u00e9 de fabrication&nbsp;: <\/strong><\/span><\/p>\n<p style=\"text-align: left;\" align=\"justify\"><span style=\"font-family: times new roman,times,serif; font-size: 20px;\">Ces qualificatifs sont bien s\u00fbr \u00e0 relativiser compte tenu de la nature du projet qui restait tout de m\u00eame ambitieux.<\/span><\/p>\n<p style=\"text-align: left;\" align=\"justify\"><span style=\"font-family: times new roman,times,serif; font-size: 20px;\"><img loading=\"lazy\" decoding=\"async\" class=\"wp-image-1903 alignleft\" src=\"http:\/\/gap47.astrosurf.com\/wp-content\/uploads\/2017\/04\/esprit-dobson.jpg\" alt=\"\" width=\"250\" height=\"147\">Concernant la \u00ab&nbsp;facilit\u00e9&nbsp;\u00bb dans le domaine optique, nous avons souhait\u00e9 r\u00e9aliser un miroir primaire avec un F\/D au minimum \u00e9gal \u00e0 5. En effet, la difficult\u00e9 de mise en forme d\u2019un miroir croit exponentiellement lorsque le rapport F\/D diminue. Ce choix de rapport a toutefois pour cons\u00e9quence une longueur focale qui n\u00e9cessite l\u2019emploi d\u2019un petit escabeau lors des vis\u00e9es au z\u00e9nith ce qui est malgr\u00e9 tout un inconv\u00e9nient acceptable. Par ailleurs, plus le rapport F&nbsp;\/&nbsp; D est \u00e9lev\u00e9, plus faciles sont les r\u00e9glages (collimation, mise au point). La difficult\u00e9 croit \u00e9galement, on s\u2019en doute, avec le diam\u00e8tre. Un 400 mm constitue un bon compromis entre performances et difficult\u00e9s de r\u00e9alisation. De plus, bien que le GAP 47 justifie d\u2019une exp\u00e9rience d\u2019un 500 mm, il n\u2019en est pas de m\u00eame de ses membres actuels qui n\u2019ont \u00e0 leur actif que des 200 ou 300 mm maximum. Il n\u2019\u00e9tait donc pas question de tenter le diable en se lan\u00e7ant dans la r\u00e9alisation d\u2019un trop gros diam\u00e8tre sans avoir acquis un minimum d\u2019exp\u00e9rience. Plus tard peut-\u00eatre&nbsp;?<\/span><\/p>\n<p style=\"text-align: left;\" align=\"justify\"><span style=\"font-family: times new roman,times,serif; font-size: 20px;\">Concernant la pr\u00e9cision de la forme, l\u2019objectif affich\u00e9 \u00e9tait de l \/10 sur l\u2019onde \u2026 mieux si possible. Pour un F \/ D = 5, cet objectif peut \u00eatre consid\u00e9r\u00e9 comme raisonnable. L\u2019\u00e9tat de surface sera quant \u00e0 lui soign\u00e9 le plus possible au travers des techniques employ\u00e9es afin de limiter la diffusion et augmenter le contraste des objets observ\u00e9s.<\/span><\/p>\n<p style=\"text-align: left;\" align=\"justify\"><span style=\"font-family: times new roman,times,serif; font-size: 20px;\">Dans le domaine m\u00e9canique, l\u2019objectif \u00e9tait de faire \u00ab&nbsp;simple&nbsp;\u00bb en utilisant des techniques et mat\u00e9riaux \u00e0 la port\u00e9e du bricoleur du dimanche. Par ce biais, nous pouvions soulager les m\u00e9canos du club et associer le plus grand nombre dans la r\u00e9alisation mat\u00e9rielle du projet.<\/span><\/p>\n<p style=\"text-align: left;\" align=\"justify\">&nbsp;<\/p>\n<p style=\"text-align: left;\"><span style=\"font-family: times new roman,times,serif; font-size: 20px;\"><strong>Pointage manuel&nbsp;: <\/strong><\/span><\/p>\n<p style=\"text-align: left;\" align=\"justify\"><span style=\"font-family: times new roman,times,serif; font-size: 20px;\">Les de<img loading=\"lazy\" decoding=\"async\" class=\"wp-image-1905 alignleft\" src=\"http:\/\/gap47.astrosurf.com\/wp-content\/uploads\/2017\/04\/pointage.jpg\" alt=\"\" width=\"250\" height=\"364\">ux principaux instruments du GAP 47 \u00e9tant \u00e9quip\u00e9s d\u2019un syst\u00e8me Goto, les membres sont de moins en moins sollicit\u00e9s sur leurs connaissances du ciel et de la position des principaux objets observables. L\u2019id\u00e9e \u00e9tait donc de disposer d\u2019un instrument permettant une utilisation basique pour renouer avec les joies du pointage manuel. Pour les nouveaux membres, cet aspect rev\u00eat un int\u00e9r\u00eat p\u00e9dagogique \u00e9vident.<\/span><\/p>\n<p style=\"text-align: left;\" align=\"justify\"><span style=\"font-family: times new roman,times,serif; font-size: 20px;\"><em>L&rsquo;esprit du Dobson <\/em><\/span><\/p>\n<p style=\"text-align: left;\" align=\"justify\">&nbsp;<\/p>\n<p style=\"text-align: left;\" align=\"justify\">&nbsp;<\/p>\n<p style=\"text-align: left;\"><span style=\"font-family: times new roman,times,serif; font-size: 20px;\"><strong>Compl\u00e9mentarit\u00e9 aux autres instruments&nbsp;: <\/strong><\/span><\/p>\n<p style=\"text-align: left;\" align=\"justify\"><span style=\"font-family: times new roman,times,serif; font-size: 20px;\">L\u2019id\u00e9e \u00e9tait \u00e9galement de disposer d\u2019un instrument au sol compl\u00e9mentaire de ceux install\u00e9s sous coupoles. Lors des grosses affluences des soir\u00e9es estivales, cet appoint sera particuli\u00e8rement appr\u00e9ciable.<\/span><\/p>\n<p style=\"text-align: left;\" align=\"justify\">&nbsp;<\/p>\n<p style=\"text-align: left;\"><span style=\"font-family: times new roman,times,serif; font-size: 20px;\"><strong>Possibilit\u00e9 de motorisation&nbsp;: <\/strong><\/span><\/p>\n<p style=\"text-align: left;\" align=\"justify\"><span style=\"font-family: times new roman,times,serif; font-size: 20px;\">Le projet pourra \u00eatre compl\u00e9t\u00e9 ult\u00e9rieurement par la r\u00e9alisation d\u2019une table \u00e9quatoriale motoris\u00e9e. Cet \u00e9quipement constitue un plus ind\u00e9niable en mati\u00e8re de confort d\u2019observation. Il permet \u00e9galement \u00e0 un instrument Altazimutal d\u2019acc\u00e9der \u00e0 l\u2019imagerie num\u00e9rique (surtout plan\u00e9taire en courte pause).<\/span><\/p>\n<p style=\"text-align: left;\" align=\"justify\"><span style=\"font-family: times new roman,times,serif; font-size: 20px;\">L\u2019ancienne motorisation ARCANE du T500, jusqu\u2019alors inutilis\u00e9e, pourrait ainsi trouver une nouvelle fonction.<\/span><\/p>\n<p style=\"text-align: left;\" align=\"justify\"><span style=\"font-family: times new roman,times,serif; font-size: 20px;\"><img loading=\"lazy\" decoding=\"async\" class=\"alignleft wp-image-1904\" src=\"http:\/\/gap47.astrosurf.com\/wp-content\/uploads\/2017\/04\/dobson_skize_black.jpg\" alt=\"\" width=\"250\" height=\"266\">La r\u00e9ponse \u00e0 ces diff\u00e9rents objectifs a pu \u00eatre trouv\u00e9e dans la construction compl\u00e8te d\u2019un Newton de 400 mm de diam\u00e8tre \u00e0 F \/ D = 5 sur monture de type Dobson motorisable.<\/span><\/p>\n<p style=\"text-align: left;\" align=\"justify\"><span style=\"font-family: times new roman,times,serif; font-size: 20px;\">&nbsp;<i>La solution : un Dobson 400 \u00e0 F\/D = 5<\/i><\/span><\/p>\n<p style=\"text-align: left;\" align=\"justify\"><span style=\"font-family: times new roman,times,serif; font-size: 20px;\">&nbsp;&nbsp;&nbsp;<\/span><\/p>\n<p align=\"justify\">&nbsp;<\/p>\n<hr>\n<p style=\"text-align: left;\" align=\"justify\"><span style=\"font-family: times new roman,times,serif; font-size: 20px;\"> &nbsp;<\/span><\/p>\n","protected":false},"excerpt":{"rendered":"<p>L\u2019opportunit\u00e9 de ce nouveau projet trouve sa concr\u00e9tisation au travers des besoins et contraintes fix\u00e9s ci-dessous et expos\u00e9s lors de la r\u00e9union du 21\/09\/2007&nbsp;: &nbsp; Transportabilit\u00e9&nbsp;: Le GAP 47 dispose principalement d\u2019instruments fixes sous coupoles. Ainsi, il n\u2019est pas en mesure de r\u00e9pondre de mani\u00e8re satisfaisante aux opportunit\u00e9s d\u2019observations \u00e0 l\u2019ext\u00e9rieur de son site&nbsp;: demandes &hellip; <\/p>\n<p class=\"link-more\"><a href=\"https:\/\/gap47.astrosurf.com\/index.php\/technique\/optique-instruments\/construction-du-dobson-t-400\/cahier-charges-400\/\" class=\"more-link\">Continuer la lecture<span class=\"screen-reader-text\"> de &laquo;&nbsp;Cahier des charges&nbsp;&raquo;<\/span><\/a><\/p>\n","protected":false},"author":5,"featured_media":0,"parent":198,"menu_order":1,"comment_status":"closed","ping_status":"closed","template":"","meta":{"_exactmetrics_skip_tracking":false,"_exactmetrics_sitenote_active":false,"_exactmetrics_sitenote_note":"","_exactmetrics_sitenote_category":0,"ngg_post_thumbnail":0,"footnotes":""},"class_list":["post-4551","page","type-page","status-publish","hentry"],"yoast_head":"<!-- This site is optimized with the Yoast SEO plugin v24.8.1 - https:\/\/yoast.com\/wordpress\/plugins\/seo\/ -->\n<title>Cahier des charges - L&#039;observatoire est ouvert aux visiteurs tous les vendredis soirs \u00e0 21 heures, jusqu&#039;au 3 juillet 2026 inclus, sans r\u00e9servation.<\/title>\n<meta name=\"robots\" content=\"index, follow, max-snippet:-1, max-image-preview:large, max-video-preview:-1\" \/>\n<link rel=\"canonical\" href=\"https:\/\/gap47.astrosurf.com\/index.php\/technique\/optique-instruments\/construction-du-dobson-t-400\/cahier-charges-400\/\" \/>\n<meta property=\"og:locale\" content=\"fr_FR\" \/>\n<meta property=\"og:type\" content=\"article\" \/>\n<meta property=\"og:title\" content=\"Cahier des charges - L&#039;observatoire est ouvert aux visiteurs tous les vendredis soirs \u00e0 21 heures, jusqu&#039;au 3 juillet 2026 inclus, sans r\u00e9servation.\" \/>\n<meta property=\"og:description\" content=\"L\u2019opportunit\u00e9 de ce nouveau projet trouve sa concr\u00e9tisation au travers des besoins et contraintes fix\u00e9s ci-dessous et expos\u00e9s lors de la r\u00e9union du 21\/09\/2007&nbsp;: &nbsp; Transportabilit\u00e9&nbsp;: Le GAP 47 dispose principalement d\u2019instruments fixes sous coupoles. Ainsi, il n\u2019est pas en mesure de r\u00e9pondre de mani\u00e8re satisfaisante aux opportunit\u00e9s d\u2019observations \u00e0 l\u2019ext\u00e9rieur de son site&nbsp;: demandes &hellip; Continuer la lecture de &laquo;&nbsp;Cahier des charges&nbsp;&raquo;\" \/>\n<meta property=\"og:url\" content=\"https:\/\/gap47.astrosurf.com\/index.php\/technique\/optique-instruments\/construction-du-dobson-t-400\/cahier-charges-400\/\" \/>\n<meta property=\"og:site_name\" content=\"L&#039;observatoire est ouvert aux visiteurs tous les vendredis soirs \u00e0 21 heures, jusqu&#039;au 3 juillet 2026 inclus, sans r\u00e9servation.\" \/>\n<meta property=\"article:publisher\" content=\"https:\/\/www.facebook.com\/astrogap47\/\" \/>\n<meta property=\"article:modified_time\" content=\"2018-05-08T18:30:35+00:00\" \/>\n<meta property=\"og:image\" content=\"http:\/\/gap47.astrosurf.com\/wp-content\/uploads\/2017\/04\/T400_intro_03.jpg\" \/>\n<meta name=\"twitter:card\" content=\"summary_large_image\" \/>\n<meta name=\"twitter:label1\" content=\"Dur\u00e9e de lecture estim\u00e9e\" \/>\n\t<meta name=\"twitter:data1\" content=\"4 minutes\" \/>\n<script type=\"application\/ld+json\" class=\"yoast-schema-graph\">{\"@context\":\"https:\/\/schema.org\",\"@graph\":[{\"@type\":\"WebPage\",\"@id\":\"https:\/\/gap47.astrosurf.com\/index.php\/technique\/optique-instruments\/construction-du-dobson-t-400\/cahier-charges-400\/\",\"url\":\"https:\/\/gap47.astrosurf.com\/index.php\/technique\/optique-instruments\/construction-du-dobson-t-400\/cahier-charges-400\/\",\"name\":\"Cahier des charges - L&#039;observatoire est ouvert aux visiteurs tous les vendredis soirs \u00e0 21 heures, jusqu&#039;au 3 juillet 2026 inclus, sans r\u00e9servation.\",\"isPartOf\":{\"@id\":\"https:\/\/gap47.astrosurf.com\/#website\"},\"primaryImageOfPage\":{\"@id\":\"https:\/\/gap47.astrosurf.com\/index.php\/technique\/optique-instruments\/construction-du-dobson-t-400\/cahier-charges-400\/#primaryimage\"},\"image\":{\"@id\":\"https:\/\/gap47.astrosurf.com\/index.php\/technique\/optique-instruments\/construction-du-dobson-t-400\/cahier-charges-400\/#primaryimage\"},\"thumbnailUrl\":\"http:\/\/gap47.astrosurf.com\/wp-content\/uploads\/2017\/04\/T400_intro_03.jpg\",\"datePublished\":\"2017-08-22T01:55:06+00:00\",\"dateModified\":\"2018-05-08T18:30:35+00:00\",\"breadcrumb\":{\"@id\":\"https:\/\/gap47.astrosurf.com\/index.php\/technique\/optique-instruments\/construction-du-dobson-t-400\/cahier-charges-400\/#breadcrumb\"},\"inLanguage\":\"fr-FR\",\"potentialAction\":[{\"@type\":\"ReadAction\",\"target\":[\"https:\/\/gap47.astrosurf.com\/index.php\/technique\/optique-instruments\/construction-du-dobson-t-400\/cahier-charges-400\/\"]}]},{\"@type\":\"ImageObject\",\"inLanguage\":\"fr-FR\",\"@id\":\"https:\/\/gap47.astrosurf.com\/index.php\/technique\/optique-instruments\/construction-du-dobson-t-400\/cahier-charges-400\/#primaryimage\",\"url\":\"https:\/\/gap47.astrosurf.com\/wp-content\/uploads\/2017\/04\/T400_intro_03.jpg\",\"contentUrl\":\"https:\/\/gap47.astrosurf.com\/wp-content\/uploads\/2017\/04\/T400_intro_03.jpg\",\"width\":177,\"height\":261},{\"@type\":\"BreadcrumbList\",\"@id\":\"https:\/\/gap47.astrosurf.com\/index.php\/technique\/optique-instruments\/construction-du-dobson-t-400\/cahier-charges-400\/#breadcrumb\",\"itemListElement\":[{\"@type\":\"ListItem\",\"position\":1,\"name\":\"Accueil\",\"item\":\"https:\/\/gap47.astrosurf.com\/\"},{\"@type\":\"ListItem\",\"position\":2,\"name\":\"Technique\",\"item\":\"https:\/\/gap47.astrosurf.com\/index.php\/technique\/\"},{\"@type\":\"ListItem\",\"position\":3,\"name\":\"Optique \u2014 Instruments\",\"item\":\"https:\/\/gap47.astrosurf.com\/index.php\/technique\/optique-instruments\/\"},{\"@type\":\"ListItem\",\"position\":4,\"name\":\"Construction du Dobson T400\",\"item\":\"https:\/\/gap47.astrosurf.com\/index.php\/technique\/optique-instruments\/construction-du-dobson-t-400\/\"},{\"@type\":\"ListItem\",\"position\":5,\"name\":\"Cahier des charges\"}]},{\"@type\":\"WebSite\",\"@id\":\"https:\/\/gap47.astrosurf.com\/#website\",\"url\":\"https:\/\/gap47.astrosurf.com\/\",\"name\":\"De janvier \u00e0 fin juin 2024, le GAP47 sera ouvert aux visiteurs tous les vendredis \u00e0 21h sans r\u00e9servation, \u00e0 l'exception du vendredi 26 janvier o\u00f9 l'observatoire sera ferm\u00e9 au public.\",\"description\":\"Groupe d&#039;Astronomie Populaire du Lot-et-Garonne, \u00e0 Montayral\",\"potentialAction\":[{\"@type\":\"SearchAction\",\"target\":{\"@type\":\"EntryPoint\",\"urlTemplate\":\"https:\/\/gap47.astrosurf.com\/?s={search_term_string}\"},\"query-input\":{\"@type\":\"PropertyValueSpecification\",\"valueRequired\":true,\"valueName\":\"search_term_string\"}}],\"inLanguage\":\"fr-FR\"}]}<\/script>\n<!-- \/ Yoast SEO plugin. -->","yoast_head_json":{"title":"Cahier des charges - L&#039;observatoire est ouvert aux visiteurs tous les vendredis soirs \u00e0 21 heures, jusqu&#039;au 3 juillet 2026 inclus, sans r\u00e9servation.","robots":{"index":"index","follow":"follow","max-snippet":"max-snippet:-1","max-image-preview":"max-image-preview:large","max-video-preview":"max-video-preview:-1"},"canonical":"https:\/\/gap47.astrosurf.com\/index.php\/technique\/optique-instruments\/construction-du-dobson-t-400\/cahier-charges-400\/","og_locale":"fr_FR","og_type":"article","og_title":"Cahier des charges - L&#039;observatoire est ouvert aux visiteurs tous les vendredis soirs \u00e0 21 heures, jusqu&#039;au 3 juillet 2026 inclus, sans r\u00e9servation.","og_description":"L\u2019opportunit\u00e9 de ce nouveau projet trouve sa concr\u00e9tisation au travers des besoins et contraintes fix\u00e9s ci-dessous et expos\u00e9s lors de la r\u00e9union du 21\/09\/2007&nbsp;: &nbsp; Transportabilit\u00e9&nbsp;: Le GAP 47 dispose principalement d\u2019instruments fixes sous coupoles. Ainsi, il n\u2019est pas en mesure de r\u00e9pondre de mani\u00e8re satisfaisante aux opportunit\u00e9s d\u2019observations \u00e0 l\u2019ext\u00e9rieur de son site&nbsp;: demandes &hellip; Continuer la lecture de &laquo;&nbsp;Cahier des charges&nbsp;&raquo;","og_url":"https:\/\/gap47.astrosurf.com\/index.php\/technique\/optique-instruments\/construction-du-dobson-t-400\/cahier-charges-400\/","og_site_name":"L&#039;observatoire est ouvert aux visiteurs tous les vendredis soirs \u00e0 21 heures, jusqu&#039;au 3 juillet 2026 inclus, sans r\u00e9servation.","article_publisher":"https:\/\/www.facebook.com\/astrogap47\/","article_modified_time":"2018-05-08T18:30:35+00:00","og_image":[{"url":"http:\/\/gap47.astrosurf.com\/wp-content\/uploads\/2017\/04\/T400_intro_03.jpg","type":"","width":"","height":""}],"twitter_card":"summary_large_image","twitter_misc":{"Dur\u00e9e de lecture estim\u00e9e":"4 minutes"},"schema":{"@context":"https:\/\/schema.org","@graph":[{"@type":"WebPage","@id":"https:\/\/gap47.astrosurf.com\/index.php\/technique\/optique-instruments\/construction-du-dobson-t-400\/cahier-charges-400\/","url":"https:\/\/gap47.astrosurf.com\/index.php\/technique\/optique-instruments\/construction-du-dobson-t-400\/cahier-charges-400\/","name":"Cahier des charges - L&#039;observatoire est ouvert aux visiteurs tous les vendredis soirs \u00e0 21 heures, jusqu&#039;au 3 juillet 2026 inclus, sans r\u00e9servation.","isPartOf":{"@id":"https:\/\/gap47.astrosurf.com\/#website"},"primaryImageOfPage":{"@id":"https:\/\/gap47.astrosurf.com\/index.php\/technique\/optique-instruments\/construction-du-dobson-t-400\/cahier-charges-400\/#primaryimage"},"image":{"@id":"https:\/\/gap47.astrosurf.com\/index.php\/technique\/optique-instruments\/construction-du-dobson-t-400\/cahier-charges-400\/#primaryimage"},"thumbnailUrl":"http:\/\/gap47.astrosurf.com\/wp-content\/uploads\/2017\/04\/T400_intro_03.jpg","datePublished":"2017-08-22T01:55:06+00:00","dateModified":"2018-05-08T18:30:35+00:00","breadcrumb":{"@id":"https:\/\/gap47.astrosurf.com\/index.php\/technique\/optique-instruments\/construction-du-dobson-t-400\/cahier-charges-400\/#breadcrumb"},"inLanguage":"fr-FR","potentialAction":[{"@type":"ReadAction","target":["https:\/\/gap47.astrosurf.com\/index.php\/technique\/optique-instruments\/construction-du-dobson-t-400\/cahier-charges-400\/"]}]},{"@type":"ImageObject","inLanguage":"fr-FR","@id":"https:\/\/gap47.astrosurf.com\/index.php\/technique\/optique-instruments\/construction-du-dobson-t-400\/cahier-charges-400\/#primaryimage","url":"https:\/\/gap47.astrosurf.com\/wp-content\/uploads\/2017\/04\/T400_intro_03.jpg","contentUrl":"https:\/\/gap47.astrosurf.com\/wp-content\/uploads\/2017\/04\/T400_intro_03.jpg","width":177,"height":261},{"@type":"BreadcrumbList","@id":"https:\/\/gap47.astrosurf.com\/index.php\/technique\/optique-instruments\/construction-du-dobson-t-400\/cahier-charges-400\/#breadcrumb","itemListElement":[{"@type":"ListItem","position":1,"name":"Accueil","item":"https:\/\/gap47.astrosurf.com\/"},{"@type":"ListItem","position":2,"name":"Technique","item":"https:\/\/gap47.astrosurf.com\/index.php\/technique\/"},{"@type":"ListItem","position":3,"name":"Optique \u2014 Instruments","item":"https:\/\/gap47.astrosurf.com\/index.php\/technique\/optique-instruments\/"},{"@type":"ListItem","position":4,"name":"Construction du Dobson T400","item":"https:\/\/gap47.astrosurf.com\/index.php\/technique\/optique-instruments\/construction-du-dobson-t-400\/"},{"@type":"ListItem","position":5,"name":"Cahier des charges"}]},{"@type":"WebSite","@id":"https:\/\/gap47.astrosurf.com\/#website","url":"https:\/\/gap47.astrosurf.com\/","name":"De janvier \u00e0 fin juin 2024, le GAP47 sera ouvert aux visiteurs tous les vendredis \u00e0 21h sans r\u00e9servation, \u00e0 l'exception du vendredi 26 janvier o\u00f9 l'observatoire sera ferm\u00e9 au public.","description":"Groupe d&#039;Astronomie Populaire du Lot-et-Garonne, \u00e0 Montayral","potentialAction":[{"@type":"SearchAction","target":{"@type":"EntryPoint","urlTemplate":"https:\/\/gap47.astrosurf.com\/?s={search_term_string}"},"query-input":{"@type":"PropertyValueSpecification","valueRequired":true,"valueName":"search_term_string"}}],"inLanguage":"fr-FR"}]}},"_links":{"self":[{"href":"https:\/\/gap47.astrosurf.com\/index.php\/wp-json\/wp\/v2\/pages\/4551","targetHints":{"allow":["GET"]}}],"collection":[{"href":"https:\/\/gap47.astrosurf.com\/index.php\/wp-json\/wp\/v2\/pages"}],"about":[{"href":"https:\/\/gap47.astrosurf.com\/index.php\/wp-json\/wp\/v2\/types\/page"}],"author":[{"embeddable":true,"href":"https:\/\/gap47.astrosurf.com\/index.php\/wp-json\/wp\/v2\/users\/5"}],"replies":[{"embeddable":true,"href":"https:\/\/gap47.astrosurf.com\/index.php\/wp-json\/wp\/v2\/comments?post=4551"}],"version-history":[{"count":10,"href":"https:\/\/gap47.astrosurf.com\/index.php\/wp-json\/wp\/v2\/pages\/4551\/revisions"}],"predecessor-version":[{"id":7187,"href":"https:\/\/gap47.astrosurf.com\/index.php\/wp-json\/wp\/v2\/pages\/4551\/revisions\/7187"}],"up":[{"embeddable":true,"href":"https:\/\/gap47.astrosurf.com\/index.php\/wp-json\/wp\/v2\/pages\/198"}],"wp:attachment":[{"href":"https:\/\/gap47.astrosurf.com\/index.php\/wp-json\/wp\/v2\/media?parent=4551"}],"curies":[{"name":"wp","href":"https:\/\/api.w.org\/{rel}","templated":true}]}}