 {"id":3380,"date":"2017-07-11T17:12:06","date_gmt":"2017-07-11T15:12:06","guid":{"rendered":"http:\/\/gap47.astrosurf.com\/?page_id=3380"},"modified":"2017-07-11T21:25:12","modified_gmt":"2017-07-11T19:25:12","slug":"les-30-ans","status":"publish","type":"page","link":"https:\/\/gap47.astrosurf.com\/index.php\/les-30-ans\/","title":{"rendered":"Les 30 ans"},"content":{"rendered":"<p style=\"text-align: center;\"><span style=\"font-size: 28px;\"><strong><span style=\"font-family: arial,helvetica,sans-serif;\">20 et 21 avril 2013<\/span><\/strong><\/span><\/p>\n<p style=\"text-align: center;\"><span style=\"font-size: 28px;\"><strong><span style=\"font-family: arial,helvetica,sans-serif;\">L&rsquo;inauguration et l&rsquo;anniversaire des 30 ans du GAP47<br \/>\n<\/span><\/strong><\/span><\/p>\n<p style=\"text-align: center;\"><span style=\"font-size: 20px;\"><em><span style=\"font-family: times new roman,times,serif;\">en photos<\/span><\/em><\/span><\/p>\n<table style=\"width: 741px; height: 2188px;\">\n<tbody>\n<tr>\n<td style=\"width: 314px; text-align: center;\"><span style=\"font-size: 16px;\"><em><span style=\"font-family: times new roman,times,serif;\"><img loading=\"lazy\" decoding=\"async\" class=\"alignnone size-full wp-image-3382\" src=\"http:\/\/gap47.astrosurf.com\/wp-content\/uploads\/2017\/07\/2013-04-20-Accueil_Boust_0729a.jpg\" alt=\"\" height=\"320\" width=\"400\" srcset=\"https:\/\/gap47.astrosurf.com\/wp-content\/uploads\/2017\/07\/2013-04-20-Accueil_Boust_0729a.jpg 400w, https:\/\/gap47.astrosurf.com\/wp-content\/uploads\/2017\/07\/2013-04-20-Accueil_Boust_0729a-300x240.jpg 300w\" sizes=\"auto, (max-width: 400px) 100vw, 400px\" \/>Accueil des premiers arrivants : Bon anniversaire au GAP47! <\/span><\/em><\/span><\/td>\n<td style=\"width: 346.967px; text-align: center;\">&nbsp;<\/p>\n<p>&nbsp;<\/p>\n<p><span style=\"font-size: 16px;\"><em><span style=\"font-family: times new roman,times,serif;\"><img loading=\"lazy\" decoding=\"async\" class=\"alignnone size-full wp-image-3383\" src=\"http:\/\/gap47.astrosurf.com\/wp-content\/uploads\/2017\/07\/2013-04-20-Inauguration_Jose_012.jpg\" alt=\"\" height=\"259\" width=\"400\" srcset=\"https:\/\/gap47.astrosurf.com\/wp-content\/uploads\/2017\/07\/2013-04-20-Inauguration_Jose_012.jpg 400w, https:\/\/gap47.astrosurf.com\/wp-content\/uploads\/2017\/07\/2013-04-20-Inauguration_Jose_012-300x194.jpg 300w\" sizes=\"auto, (max-width: 400px) 100vw, 400px\" \/><strong>Samedi 20 avril &#8211; 11h : Inauguration<\/strong><\/span><\/em><\/span><\/p>\n<p><span style=\"font-size: 16px;\"><em><span style=\"font-family: times new roman,times,serif;\">Par chance, le beau temps est au rendez-vous ; m\u00eame si la pr\u00e9sence de nuages donne quelques inqui\u00e9tudes. <\/span><span style=\"font-family: times new roman,times,serif;\">En tous cas, les instruments sont de sortie !<\/span><\/em><\/span><\/td>\n<\/tr>\n<tr>\n<td style=\"width: 314px;\"><img loading=\"lazy\" decoding=\"async\" class=\"alignnone size-full wp-image-3384\" src=\"http:\/\/gap47.astrosurf.com\/wp-content\/uploads\/2017\/07\/2013-04-20-Inauguration_Jose_017.jpg\" alt=\"\" height=\"252\" width=\"400\" srcset=\"https:\/\/gap47.astrosurf.com\/wp-content\/uploads\/2017\/07\/2013-04-20-Inauguration_Jose_017.jpg 400w, https:\/\/gap47.astrosurf.com\/wp-content\/uploads\/2017\/07\/2013-04-20-Inauguration_Jose_017-300x189.jpg 300w\" sizes=\"auto, (max-width: 400px) 100vw, 400px\" \/><\/td>\n<td style=\"width: 346.967px;\"><img loading=\"lazy\" decoding=\"async\" class=\"alignnone size-full wp-image-3385\" src=\"http:\/\/gap47.astrosurf.com\/wp-content\/uploads\/2017\/07\/2013-04-20-Inauguration_Jose_022.jpg\" alt=\"\" height=\"267\" width=\"400\" srcset=\"https:\/\/gap47.astrosurf.com\/wp-content\/uploads\/2017\/07\/2013-04-20-Inauguration_Jose_022.jpg 400w, https:\/\/gap47.astrosurf.com\/wp-content\/uploads\/2017\/07\/2013-04-20-Inauguration_Jose_022-300x200.jpg 300w\" sizes=\"auto, (max-width: 400px) 100vw, 400px\" \/><\/td>\n<\/tr>\n<tr>\n<td style=\"width: 314px; text-align: center;\"><em><span style=\"font-family: times new roman,times,serif;\">Les invit\u00e9s sont d\u00e9j\u00e0 nombreux pour c\u00e9l\u00e9brer l&rsquo;anniversaire des 30 ans d&rsquo;existence du GP47 et participer \u00e0 l&rsquo;inauguration de la magnifique salle d&rsquo;accueil.<\/span><\/em><\/td>\n<td style=\"width: 346.967px; text-align: center;\"><em><span style=\"font-family: times new roman,times,serif;\">Vient ensuite le temps des discours de circonstance, devant un public attentif.<\/span><\/em><\/td>\n<\/tr>\n<tr>\n<td style=\"width: 314px;\"><img loading=\"lazy\" decoding=\"async\" class=\"alignnone size-full wp-image-3386\" src=\"http:\/\/gap47.astrosurf.com\/wp-content\/uploads\/2017\/07\/2013-04-20-Inauguration_Jose_026.jpg\" alt=\"\" height=\"233\" width=\"400\" srcset=\"https:\/\/gap47.astrosurf.com\/wp-content\/uploads\/2017\/07\/2013-04-20-Inauguration_Jose_026.jpg 400w, https:\/\/gap47.astrosurf.com\/wp-content\/uploads\/2017\/07\/2013-04-20-Inauguration_Jose_026-300x175.jpg 300w\" sizes=\"auto, (max-width: 400px) 100vw, 400px\" \/><\/td>\n<td style=\"width: 346.967px;\"><img loading=\"lazy\" decoding=\"async\" class=\"alignnone size-full wp-image-3387\" src=\"http:\/\/gap47.astrosurf.com\/wp-content\/uploads\/2017\/07\/2013-04-20-Inauguration_Jose_029.jpg\" alt=\"\" height=\"267\" width=\"400\" srcset=\"https:\/\/gap47.astrosurf.com\/wp-content\/uploads\/2017\/07\/2013-04-20-Inauguration_Jose_029.jpg 400w, https:\/\/gap47.astrosurf.com\/wp-content\/uploads\/2017\/07\/2013-04-20-Inauguration_Jose_029-300x200.jpg 300w\" sizes=\"auto, (max-width: 400px) 100vw, 400px\" \/><\/td>\n<\/tr>\n<tr>\n<td style=\"width: 314px;\"><b><\/b><img loading=\"lazy\" decoding=\"async\" class=\"alignnone size-full wp-image-3391\" src=\"http:\/\/gap47.astrosurf.com\/wp-content\/uploads\/2017\/07\/2013-04-20-Inauguration_P1270318.jpg\" alt=\"\" height=\"258\" width=\"400\" srcset=\"https:\/\/gap47.astrosurf.com\/wp-content\/uploads\/2017\/07\/2013-04-20-Inauguration_P1270318.jpg 400w, https:\/\/gap47.astrosurf.com\/wp-content\/uploads\/2017\/07\/2013-04-20-Inauguration_P1270318-300x194.jpg 300w\" sizes=\"auto, (max-width: 400px) 100vw, 400px\" \/><\/td>\n<td style=\"width: 346.967px;\"><img loading=\"lazy\" decoding=\"async\" class=\"alignnone size-full wp-image-3389\" src=\"http:\/\/gap47.astrosurf.com\/wp-content\/uploads\/2017\/07\/2013-04-20-Inauguration_P1270315.jpg\" alt=\"\" height=\"378\" width=\"400\" srcset=\"https:\/\/gap47.astrosurf.com\/wp-content\/uploads\/2017\/07\/2013-04-20-Inauguration_P1270315.jpg 400w, https:\/\/gap47.astrosurf.com\/wp-content\/uploads\/2017\/07\/2013-04-20-Inauguration_P1270315-300x284.jpg 300w\" sizes=\"auto, (max-width: 400px) 100vw, 400px\" \/><\/td>\n<\/tr>\n<tr>\n<td style=\"width: 314px;\"><img loading=\"lazy\" decoding=\"async\" class=\"alignnone size-full wp-image-3392\" src=\"http:\/\/gap47.astrosurf.com\/wp-content\/uploads\/2017\/07\/2013-04-20-Observations_Bruno_6572.jpg\" alt=\"\" height=\"283\" width=\"400\" srcset=\"https:\/\/gap47.astrosurf.com\/wp-content\/uploads\/2017\/07\/2013-04-20-Observations_Bruno_6572.jpg 400w, https:\/\/gap47.astrosurf.com\/wp-content\/uploads\/2017\/07\/2013-04-20-Observations_Bruno_6572-300x212.jpg 300w\" sizes=\"auto, (max-width: 400px) 100vw, 400px\" \/><\/td>\n<td style=\"width: 346.967px;\"><img loading=\"lazy\" decoding=\"async\" class=\"alignnone size-full wp-image-3394\" src=\"http:\/\/gap47.astrosurf.com\/wp-content\/uploads\/2017\/07\/2013-04-20-Pierrot_Boust_0732a.jpg\" alt=\"\" height=\"320\" width=\"400\" srcset=\"https:\/\/gap47.astrosurf.com\/wp-content\/uploads\/2017\/07\/2013-04-20-Pierrot_Boust_0732a.jpg 400w, https:\/\/gap47.astrosurf.com\/wp-content\/uploads\/2017\/07\/2013-04-20-Pierrot_Boust_0732a-300x240.jpg 300w\" sizes=\"auto, (max-width: 400px) 100vw, 400px\" \/><\/td>\n<\/tr>\n<tr>\n<td style=\"width: 314px; text-align: center;\"><em><span style=\"font-family: times new roman,times,serif;\"><img loading=\"lazy\" decoding=\"async\" class=\"alignnone size-full wp-image-3388\" src=\"http:\/\/gap47.astrosurf.com\/wp-content\/uploads\/2017\/07\/2013-04-20-Inauguration_Jose_035.jpg\" alt=\"\" height=\"325\" width=\"400\" srcset=\"https:\/\/gap47.astrosurf.com\/wp-content\/uploads\/2017\/07\/2013-04-20-Inauguration_Jose_035.jpg 400w, https:\/\/gap47.astrosurf.com\/wp-content\/uploads\/2017\/07\/2013-04-20-Inauguration_Jose_035-300x244.jpg 300w\" sizes=\"auto, (max-width: 400px) 100vw, 400px\" \/>mais, surtout, on en a beaucoup parl\u00e9 !<\/span><\/em><\/td>\n<td style=\"width: 346.967px; text-align: center;\"><em><span style=\"font-family: times new roman,times,serif;\">L&rsquo;apr\u00e8s-midi, <\/span><\/em><em><span style=\"font-family: times new roman,times,serif;\">on a aussi fait de l&rsquo;astronomie&#8230; <\/span><\/em><\/td>\n<\/tr>\n<\/tbody>\n<\/table>\n<p>&nbsp;&nbsp;&nbsp;&nbsp;&nbsp;&nbsp;&nbsp;&nbsp;&nbsp;<\/p>\n<p><img loading=\"lazy\" decoding=\"async\" class=\"alignnone wp-image-3393\" src=\"http:\/\/gap47.astrosurf.com\/wp-content\/uploads\/2017\/07\/2013-04-20-Panoramique_Bignone_DSC06373A.jpg\" alt=\"\" height=\"264\" width=\"1200\" srcset=\"https:\/\/gap47.astrosurf.com\/wp-content\/uploads\/2017\/07\/2013-04-20-Panoramique_Bignone_DSC06373A.jpg 800w, https:\/\/gap47.astrosurf.com\/wp-content\/uploads\/2017\/07\/2013-04-20-Panoramique_Bignone_DSC06373A-300x66.jpg 300w, https:\/\/gap47.astrosurf.com\/wp-content\/uploads\/2017\/07\/2013-04-20-Panoramique_Bignone_DSC06373A-768x169.jpg 768w\" sizes=\"auto, (max-width: 767px) 89vw, (max-width: 1000px) 54vw, (max-width: 1071px) 543px, 580px\" \/><\/p>\n<p style=\"text-align: center;\">&nbsp;<\/p>\n<p><div class=\"ose-youtube ose-uid-2a6fdb9b3e7c1e986f62bab7e95963f3 ose-embedpress-responsive\" style=\"width:600px; height:550px; max-height:550px; max-width:100%; display:inline-block;\" data-embed-type=\"Youtube\"><iframe loading=\"lazy\" allowFullScreen=\"true\" title=\"GAP47 Vu du ciel f\u00eate ses 30ans\" width=\"600\" height=\"550\" src=\"https:\/\/www.youtube.com\/embed\/AdEbolB8XSs?feature=oembed&color=red&rel=0&controls=1&start=&end=&fs=0&iv_load_policy=0&autoplay=0&mute=0&modestbranding=0&cc_load_policy=1&playsinline=1\" frameborder=\"0\" allow=\"accelerometer; encrypted-media;accelerometer;autoplay;clipboard-write;gyroscope;picture-in-picture clipboard-write; encrypted-media; gyroscope; picture-in-picture; web-share\" referrerpolicy=\"strict-origin-when-cross-origin\" allowfullscreen><\/iframe><\/div><\/p>\n<p style=\"text-align: center;\"><em><span style=\"font-family: times new roman,times,serif;\">La vid\u00e9o de Fran\u00e7ois Doffin, vue d&rsquo;un drone, pour le 30<sup>\u00e8me<\/sup> anniversaire<br \/>\n<\/span><\/em><\/p>\n","protected":false},"excerpt":{"rendered":"<p>20 et 21 avril 2013 L&rsquo;inauguration et l&rsquo;anniversaire des 30 ans du GAP47 en photos Accueil des premiers arrivants : Bon anniversaire au GAP47! &nbsp; &nbsp; Samedi 20 avril &#8211; 11h : Inauguration Par chance, le beau temps est au rendez-vous ; m\u00eame si la pr\u00e9sence de nuages donne quelques inqui\u00e9tudes. En tous cas, les &hellip; <\/p>\n<p class=\"link-more\"><a href=\"https:\/\/gap47.astrosurf.com\/index.php\/les-30-ans\/\" class=\"more-link\">Continuer la lecture<span class=\"screen-reader-text\"> de &laquo;&nbsp;Les 30 ans&nbsp;&raquo;<\/span><\/a><\/p>\n","protected":false},"author":5,"featured_media":0,"parent":0,"menu_order":0,"comment_status":"closed","ping_status":"closed","template":"","meta":{"_exactmetrics_skip_tracking":false,"_exactmetrics_sitenote_active":false,"_exactmetrics_sitenote_note":"","_exactmetrics_sitenote_category":0,"ngg_post_thumbnail":0,"footnotes":""},"class_list":["post-3380","page","type-page","status-publish","hentry"],"yoast_head":"<!-- This site is optimized with the Yoast SEO plugin v24.8.1 - https:\/\/yoast.com\/wordpress\/plugins\/seo\/ -->\n<title>Les 30 ans - L&#039;observatoire est ouvert aux visiteurs tous les vendredis soirs \u00e0 21 heures, jusqu&#039;au 3 juillet 2026 inclus, sans r\u00e9servation.<\/title>\n<meta name=\"robots\" content=\"index, follow, max-snippet:-1, max-image-preview:large, max-video-preview:-1\" \/>\n<link rel=\"canonical\" href=\"https:\/\/gap47.astrosurf.com\/index.php\/les-30-ans\/\" \/>\n<meta property=\"og:locale\" content=\"fr_FR\" \/>\n<meta property=\"og:type\" content=\"article\" \/>\n<meta property=\"og:title\" content=\"Les 30 ans - L&#039;observatoire est ouvert aux visiteurs tous les vendredis soirs \u00e0 21 heures, jusqu&#039;au 3 juillet 2026 inclus, sans r\u00e9servation.\" \/>\n<meta property=\"og:description\" content=\"20 et 21 avril 2013 L&rsquo;inauguration et l&rsquo;anniversaire des 30 ans du GAP47 en photos Accueil des premiers arrivants : Bon anniversaire au GAP47! &nbsp; &nbsp; Samedi 20 avril &#8211; 11h : Inauguration Par chance, le beau temps est au rendez-vous ; m\u00eame si la pr\u00e9sence de nuages donne quelques inqui\u00e9tudes. En tous cas, les &hellip; Continuer la lecture de &laquo;&nbsp;Les 30 ans&nbsp;&raquo;\" \/>\n<meta property=\"og:url\" content=\"https:\/\/gap47.astrosurf.com\/index.php\/les-30-ans\/\" \/>\n<meta property=\"og:site_name\" content=\"L&#039;observatoire est ouvert aux visiteurs tous les vendredis soirs \u00e0 21 heures, jusqu&#039;au 3 juillet 2026 inclus, sans r\u00e9servation.\" \/>\n<meta property=\"article:publisher\" content=\"https:\/\/www.facebook.com\/astrogap47\/\" \/>\n<meta property=\"article:modified_time\" content=\"2017-07-11T19:25:12+00:00\" \/>\n<meta property=\"og:image\" content=\"http:\/\/gap47.astrosurf.com\/wp-content\/uploads\/2017\/07\/2013-04-20-Accueil_Boust_0729a.jpg\" \/>\n<meta name=\"twitter:card\" content=\"summary_large_image\" \/>\n<meta name=\"twitter:label1\" content=\"Dur\u00e9e de lecture estim\u00e9e\" \/>\n\t<meta name=\"twitter:data1\" content=\"1 minute\" \/>\n<script type=\"application\/ld+json\" class=\"yoast-schema-graph\">{\"@context\":\"https:\/\/schema.org\",\"@graph\":[{\"@type\":\"WebPage\",\"@id\":\"https:\/\/gap47.astrosurf.com\/index.php\/les-30-ans\/\",\"url\":\"https:\/\/gap47.astrosurf.com\/index.php\/les-30-ans\/\",\"name\":\"Les 30 ans - L&#039;observatoire est ouvert aux visiteurs tous les vendredis soirs \u00e0 21 heures, jusqu&#039;au 3 juillet 2026 inclus, sans r\u00e9servation.\",\"isPartOf\":{\"@id\":\"https:\/\/gap47.astrosurf.com\/#website\"},\"primaryImageOfPage\":{\"@id\":\"https:\/\/gap47.astrosurf.com\/index.php\/les-30-ans\/#primaryimage\"},\"image\":{\"@id\":\"https:\/\/gap47.astrosurf.com\/index.php\/les-30-ans\/#primaryimage\"},\"thumbnailUrl\":\"http:\/\/gap47.astrosurf.com\/wp-content\/uploads\/2017\/07\/2013-04-20-Accueil_Boust_0729a.jpg\",\"datePublished\":\"2017-07-11T15:12:06+00:00\",\"dateModified\":\"2017-07-11T19:25:12+00:00\",\"breadcrumb\":{\"@id\":\"https:\/\/gap47.astrosurf.com\/index.php\/les-30-ans\/#breadcrumb\"},\"inLanguage\":\"fr-FR\",\"potentialAction\":[{\"@type\":\"ReadAction\",\"target\":[\"https:\/\/gap47.astrosurf.com\/index.php\/les-30-ans\/\"]}]},{\"@type\":\"ImageObject\",\"inLanguage\":\"fr-FR\",\"@id\":\"https:\/\/gap47.astrosurf.com\/index.php\/les-30-ans\/#primaryimage\",\"url\":\"https:\/\/gap47.astrosurf.com\/wp-content\/uploads\/2017\/07\/2013-04-20-Accueil_Boust_0729a.jpg\",\"contentUrl\":\"https:\/\/gap47.astrosurf.com\/wp-content\/uploads\/2017\/07\/2013-04-20-Accueil_Boust_0729a.jpg\",\"width\":400,\"height\":320},{\"@type\":\"BreadcrumbList\",\"@id\":\"https:\/\/gap47.astrosurf.com\/index.php\/les-30-ans\/#breadcrumb\",\"itemListElement\":[{\"@type\":\"ListItem\",\"position\":1,\"name\":\"Accueil\",\"item\":\"https:\/\/gap47.astrosurf.com\/\"},{\"@type\":\"ListItem\",\"position\":2,\"name\":\"Les 30 ans\"}]},{\"@type\":\"WebSite\",\"@id\":\"https:\/\/gap47.astrosurf.com\/#website\",\"url\":\"https:\/\/gap47.astrosurf.com\/\",\"name\":\"De janvier \u00e0 fin juin 2024, le GAP47 sera ouvert aux visiteurs tous les vendredis \u00e0 21h sans r\u00e9servation, \u00e0 l'exception du vendredi 26 janvier o\u00f9 l'observatoire sera ferm\u00e9 au public.\",\"description\":\"Groupe d&#039;Astronomie Populaire du Lot-et-Garonne, \u00e0 Montayral\",\"potentialAction\":[{\"@type\":\"SearchAction\",\"target\":{\"@type\":\"EntryPoint\",\"urlTemplate\":\"https:\/\/gap47.astrosurf.com\/?s={search_term_string}\"},\"query-input\":{\"@type\":\"PropertyValueSpecification\",\"valueRequired\":true,\"valueName\":\"search_term_string\"}}],\"inLanguage\":\"fr-FR\"}]}<\/script>\n<!-- \/ Yoast SEO plugin. -->","yoast_head_json":{"title":"Les 30 ans - L&#039;observatoire est ouvert aux visiteurs tous les vendredis soirs \u00e0 21 heures, jusqu&#039;au 3 juillet 2026 inclus, sans r\u00e9servation.","robots":{"index":"index","follow":"follow","max-snippet":"max-snippet:-1","max-image-preview":"max-image-preview:large","max-video-preview":"max-video-preview:-1"},"canonical":"https:\/\/gap47.astrosurf.com\/index.php\/les-30-ans\/","og_locale":"fr_FR","og_type":"article","og_title":"Les 30 ans - L&#039;observatoire est ouvert aux visiteurs tous les vendredis soirs \u00e0 21 heures, jusqu&#039;au 3 juillet 2026 inclus, sans r\u00e9servation.","og_description":"20 et 21 avril 2013 L&rsquo;inauguration et l&rsquo;anniversaire des 30 ans du GAP47 en photos Accueil des premiers arrivants : Bon anniversaire au GAP47! &nbsp; &nbsp; Samedi 20 avril &#8211; 11h : Inauguration Par chance, le beau temps est au rendez-vous ; m\u00eame si la pr\u00e9sence de nuages donne quelques inqui\u00e9tudes. En tous cas, les &hellip; Continuer la lecture de &laquo;&nbsp;Les 30 ans&nbsp;&raquo;","og_url":"https:\/\/gap47.astrosurf.com\/index.php\/les-30-ans\/","og_site_name":"L&#039;observatoire est ouvert aux visiteurs tous les vendredis soirs \u00e0 21 heures, jusqu&#039;au 3 juillet 2026 inclus, sans r\u00e9servation.","article_publisher":"https:\/\/www.facebook.com\/astrogap47\/","article_modified_time":"2017-07-11T19:25:12+00:00","og_image":[{"url":"http:\/\/gap47.astrosurf.com\/wp-content\/uploads\/2017\/07\/2013-04-20-Accueil_Boust_0729a.jpg","type":"","width":"","height":""}],"twitter_card":"summary_large_image","twitter_misc":{"Dur\u00e9e de lecture estim\u00e9e":"1 minute"},"schema":{"@context":"https:\/\/schema.org","@graph":[{"@type":"WebPage","@id":"https:\/\/gap47.astrosurf.com\/index.php\/les-30-ans\/","url":"https:\/\/gap47.astrosurf.com\/index.php\/les-30-ans\/","name":"Les 30 ans - L&#039;observatoire est ouvert aux visiteurs tous les vendredis soirs \u00e0 21 heures, jusqu&#039;au 3 juillet 2026 inclus, sans r\u00e9servation.","isPartOf":{"@id":"https:\/\/gap47.astrosurf.com\/#website"},"primaryImageOfPage":{"@id":"https:\/\/gap47.astrosurf.com\/index.php\/les-30-ans\/#primaryimage"},"image":{"@id":"https:\/\/gap47.astrosurf.com\/index.php\/les-30-ans\/#primaryimage"},"thumbnailUrl":"http:\/\/gap47.astrosurf.com\/wp-content\/uploads\/2017\/07\/2013-04-20-Accueil_Boust_0729a.jpg","datePublished":"2017-07-11T15:12:06+00:00","dateModified":"2017-07-11T19:25:12+00:00","breadcrumb":{"@id":"https:\/\/gap47.astrosurf.com\/index.php\/les-30-ans\/#breadcrumb"},"inLanguage":"fr-FR","potentialAction":[{"@type":"ReadAction","target":["https:\/\/gap47.astrosurf.com\/index.php\/les-30-ans\/"]}]},{"@type":"ImageObject","inLanguage":"fr-FR","@id":"https:\/\/gap47.astrosurf.com\/index.php\/les-30-ans\/#primaryimage","url":"https:\/\/gap47.astrosurf.com\/wp-content\/uploads\/2017\/07\/2013-04-20-Accueil_Boust_0729a.jpg","contentUrl":"https:\/\/gap47.astrosurf.com\/wp-content\/uploads\/2017\/07\/2013-04-20-Accueil_Boust_0729a.jpg","width":400,"height":320},{"@type":"BreadcrumbList","@id":"https:\/\/gap47.astrosurf.com\/index.php\/les-30-ans\/#breadcrumb","itemListElement":[{"@type":"ListItem","position":1,"name":"Accueil","item":"https:\/\/gap47.astrosurf.com\/"},{"@type":"ListItem","position":2,"name":"Les 30 ans"}]},{"@type":"WebSite","@id":"https:\/\/gap47.astrosurf.com\/#website","url":"https:\/\/gap47.astrosurf.com\/","name":"De janvier \u00e0 fin juin 2024, le GAP47 sera ouvert aux visiteurs tous les vendredis \u00e0 21h sans r\u00e9servation, \u00e0 l'exception du vendredi 26 janvier o\u00f9 l'observatoire sera ferm\u00e9 au public.","description":"Groupe d&#039;Astronomie Populaire du Lot-et-Garonne, \u00e0 Montayral","potentialAction":[{"@type":"SearchAction","target":{"@type":"EntryPoint","urlTemplate":"https:\/\/gap47.astrosurf.com\/?s={search_term_string}"},"query-input":{"@type":"PropertyValueSpecification","valueRequired":true,"valueName":"search_term_string"}}],"inLanguage":"fr-FR"}]}},"_links":{"self":[{"href":"https:\/\/gap47.astrosurf.com\/index.php\/wp-json\/wp\/v2\/pages\/3380","targetHints":{"allow":["GET"]}}],"collection":[{"href":"https:\/\/gap47.astrosurf.com\/index.php\/wp-json\/wp\/v2\/pages"}],"about":[{"href":"https:\/\/gap47.astrosurf.com\/index.php\/wp-json\/wp\/v2\/types\/page"}],"author":[{"embeddable":true,"href":"https:\/\/gap47.astrosurf.com\/index.php\/wp-json\/wp\/v2\/users\/5"}],"replies":[{"embeddable":true,"href":"https:\/\/gap47.astrosurf.com\/index.php\/wp-json\/wp\/v2\/comments?post=3380"}],"version-history":[{"count":7,"href":"https:\/\/gap47.astrosurf.com\/index.php\/wp-json\/wp\/v2\/pages\/3380\/revisions"}],"predecessor-version":[{"id":3390,"href":"https:\/\/gap47.astrosurf.com\/index.php\/wp-json\/wp\/v2\/pages\/3380\/revisions\/3390"}],"wp:attachment":[{"href":"https:\/\/gap47.astrosurf.com\/index.php\/wp-json\/wp\/v2\/media?parent=3380"}],"curies":[{"name":"wp","href":"https:\/\/api.w.org\/{rel}","templated":true}]}}