 {"id":2583,"date":"2017-06-20T10:48:58","date_gmt":"2017-06-20T08:48:58","guid":{"rendered":"http:\/\/gap47.astrosurf.com\/?page_id=2583"},"modified":"2017-09-21T11:52:24","modified_gmt":"2017-09-21T09:52:24","slug":"how-amateurs","status":"publish","type":"page","link":"https:\/\/gap47.astrosurf.com\/index.php\/how-amateurs\/","title":{"rendered":"How amateurs can benefit from the use of machines"},"content":{"rendered":"<p><span style=\"font-family: times new roman,times,serif; font-size: 20px;\">For an amateur, whose production of optical elements is generally limited, the benefits he can get from a machine is somewhat moderate when compared to the needs of the industrial world. Yet, there are indeed some advantages although their impact may be different according to the stage the project is at.<\/span><\/p>\n<p><span style=\"font-family: times new roman,times,serif; font-size: 20px;\">Using a machine will significantly reduce the time spent over the fine grinding period because it will increase the efficency of abrasive powders by speeding up the movements. This will be of less importance to the amateur who is not so eager to gain time.<\/span><\/p>\n<p><span style=\"font-family: times new roman,times,serif; font-size: 20px;\">During the polishing period though, a machine will offer numerous benefits, for larger mirrors especially :<\/span><\/p>\n<ul style=\"list-style-type: disc;\">\n<li><span style=\"font-family: times new roman,times,serif; font-size: 20px;\"><strong>Reduced efforts : <\/strong>Because the lap sticks more to the mirror surface the efforts one must make are significantly increased. A machine will relieve the efforts of the maker. This is a major benefit as it will allow longer polishing sequences, without stopping, which is a factor of efficiency.<\/span><\/li>\n<li><span style=\"font-family: times new roman,times,serif; font-size: 20px;\"><strong> Increased efficiency :<\/strong> the speed of the movements (lap moves and mirror rotation) as well as the energy developped by the machines allow a better efficiency than during handwork. Associated to the previous advantage this contributes to the reduction of the time needed to produce a mirror. Considering you cannot expect the pitch to retain its qualities for long, the time factor cannot be overlooked for an amateur who can&rsquo;t dedicate much time to polishing over a given period.<\/span><\/li>\n<li><span style=\"font-family: times new roman,times,serif; font-size: 20px;\"><strong> Surface quality :<\/strong> Experience tends to prove this. The surface of a machine-polished mirror, under normal working conditions, is often of good quality : absence of microroughness and limited dog-biscuits. This may be due to the smoothness of the movements produced by a machine (regulated speed, regular movements and rounded trajectories).<\/span><\/li>\n<li><span style=\"font-family: times new roman,times,serif; font-size: 20px;\"><strong> Thermic smoothness :<\/strong> The heat generated by the hands on the mirror during polishing creates differential dilatations that may induce shape variations and, as a consequence, difficulties in controling the shape. A machine will therefore eliminate such effects.<\/span><\/li>\n<li><span style=\"font-family: times new roman,times,serif; font-size: 20px;\"><strong>Control of pressures :<\/strong> A machine allows continuous pressure of the lap on the mirror, leading to more homogenous shapes, less liable to the variations of hand-made work, especially when using small laps. It is also possible to increase calculated pressures by adding the weights corresponding to the projected results.<\/span><\/li>\n<\/ul>\n<p><span style=\"font-size: 20px;\"><em><strong><span style=\"font-family: arial,helvetica,sans-serif;\">To be perfectly honest, one must also identify some drawbacks linked to machine-polishing :<\/span><\/strong><\/em><\/span><\/p>\n<ul>\n<li><span style=\"font-family: times new roman,times,serif; font-size: 20px;\"><strong>Zonal defaults : <\/strong>Due to its very principle a machine will reproduce periodical movements.<\/span><\/li>\n<\/ul>\n<p><span style=\"font-family: times new roman,times,serif; font-size: 20px;\">Consequently, some zones will be more frequently covered than others, leading to zonal faults. This is a major problem, often cited by those who praise the virtues of handwork. Further on we&rsquo;ll see how these faults can be \u00ab\u00a0smoothed away\u00a0\u00bb when the designing of the machines and the techniques of using them are adapted. Then these zonal faults may be largely reduced (at least in a proportion comparable to hand-polished mirrors) if not completely eliminated.<\/span><\/p>\n<ul>\n<li><span style=\"font-family: times new roman,times,serif; font-size: 20px;\"><strong>Costs : <\/strong>Although these machines do not generally require expensive parts, building one is evidently a source of extra expense that will be hard to compensate for if you consider grinding only one mirror. One way of limiting the sum will be to use discarded elements collected here and there.<\/span><\/li>\n<li><span style=\"font-family: times new roman,times,serif; font-size: 20px;\"><strong>Extra building time :<\/strong> Building a machine will evidently lead to a delay in the timing of the project. Yet this delay may eventually be compensated by an increased efficiency during the polishing process. Moreover, very acceptable results may be achieved through the use of very simple machines that will be quickly built.<\/span><\/li>\n<li><span style=\"font-family: times new roman,times,serif; font-size: 20px;\"><strong>Need for space :<\/strong> The dimensions of most machines may be an obstacle for many amateurs if they lack space. In order to limit this problem, some parts of the machines may be dismantled.<\/span><\/li>\n<li><span style=\"font-family: times new roman,times,serif; font-size: 20px;\"><strong>Lack of sensitivity : <\/strong>During hand-work one feels the smoothness of the lap-mirror contact (hard spots, slips&#8230;) which enables the operator to adapt his action (speed, pressure&#8230;) so as not to generate an excess of dog-biscuit. If need be, he can even decide a new lap must be made. When working with a machine, one loses such contact through the senses. And, according to Bernhard Schmidt, it is the main reproach one can make to this method : <em>\u00ab\u00a0If your hand feels a resistance, you must immediately stop work until the temperature drops back to normal, but your machine cannot react this way : it will go on polishing, increasing the temperature at the point of friction ; with a consequent magnification of the fault.\u00a0\u00bb<\/em> Thus, even when using a machine, it is advisable to do some hand strokes, now and then, in order to verify the good running of the work.<\/span><\/li>\n<\/ul>\n<p><span style=\"font-family: times new roman,times,serif; font-size: 20px;\">Employing machines to give the final shape of a mirror (figuring and correcting) is less popular. Yet this seems to have remarkable advantages, if we are to believe the testimonies of some amateurs or mirror makers&nbsp;:<\/span><\/p>\n<ul>\n<li><span style=\"font-family: times new roman,times,serif; font-size: 20px;\"><strong>Controlled effects :<\/strong> The very fact that machines reproduce the same movements easily (length, speed&#8230;) make it possible to introduce a certain degree of control during the actions of polishing and figuring. A certain setting of the machine, associated to a lap of a certain size will be expected to produce a certain action on the mirror surface (similar causes leading to similar effects).Yet, one must insist on the fact that this is only a tendency as other factors may influence the work, almost accidentally (the temperature, the moisture, the quality of the pitch used&#8230;). In spite of all this, this predictability in the actions is more easily controlled than during handwork when regularity and repetitivity are harder to master.<\/span><\/li>\n<li><span style=\"font-family: times new roman,times,serif; font-size: 20px;\"><strong>Longer time of work : <\/strong>It takes a longer time to modify a mirror surface with a machine than by hand. This could be considered as a drawback. In fact such progressive transformations of shape allow immediate corrections and help avoid defects that would soon become impossible to correct once they are well inbedded (turned-down edge, central depression).<\/span><\/li>\n<li><span style=\"font-family: times new roman,times,serif; font-size: 20px;\"><strong>Reducing local corrections : <\/strong>Using a machine may limit, or even eliminate, the need for local corrections through increased pressure as this technique is tricky to control when trying to reach a smooth shape. For this a machine will allow a nicer blend of zones, and lesser dog-biscuit.Yet, local corrrections may be necessary for the correction of a small defect, in particular in the case of large mirrors with short focal length.<\/span><\/li>\n<\/ul>\n<p><span style=\"font-family: times new roman,times,serif; font-size: 20px;\">Such advantages shouldn&rsquo;t make an amateur optician think that using a machine is a miracle solution to obtaining a high-quality mirror, with an ideal shape. This method indeed has advantages but nevertheless it requires a mastery that only practice will guarantee. The best guide for a beginner is personal experience through a variety of practises and the use of the tools used for many hours. In spite of this, we are going to try and give some general principles on how to deal with a polishing machine, derived from our own experience and the advice we got from confirmed mirror makers.<\/span><\/p>\n<hr>\n<p>&nbsp;<\/p>\n","protected":false},"excerpt":{"rendered":"<p>For an amateur, whose production of optical elements is generally limited, the benefits he can get from a machine is somewhat moderate when compared to the needs of the industrial world. Yet, there are indeed some advantages although their impact may be different according to the stage the project is at. Using a machine will &hellip; <\/p>\n<p class=\"link-more\"><a href=\"https:\/\/gap47.astrosurf.com\/index.php\/how-amateurs\/\" class=\"more-link\">Continuer la lecture<span class=\"screen-reader-text\"> de &laquo;&nbsp;How amateurs can benefit from the use of machines&nbsp;&raquo;<\/span><\/a><\/p>\n","protected":false},"author":5,"featured_media":0,"parent":0,"menu_order":0,"comment_status":"closed","ping_status":"closed","template":"","meta":{"_exactmetrics_skip_tracking":false,"_exactmetrics_sitenote_active":false,"_exactmetrics_sitenote_note":"","_exactmetrics_sitenote_category":0,"ngg_post_thumbnail":0,"footnotes":""},"class_list":["post-2583","page","type-page","status-publish","hentry"],"yoast_head":"<!-- This site is optimized with the Yoast SEO plugin v24.8.1 - https:\/\/yoast.com\/wordpress\/plugins\/seo\/ -->\n<title>How amateurs can benefit from the use of machines - L&#039;observatoire est ouvert aux visiteurs tous les vendredis soirs \u00e0 21 heures, jusqu&#039;au 3 juillet 2026 inclus, sans r\u00e9servation.<\/title>\n<meta name=\"robots\" content=\"index, follow, max-snippet:-1, max-image-preview:large, max-video-preview:-1\" \/>\n<link rel=\"canonical\" href=\"https:\/\/gap47.astrosurf.com\/index.php\/how-amateurs\/\" \/>\n<meta property=\"og:locale\" content=\"fr_FR\" \/>\n<meta property=\"og:type\" content=\"article\" \/>\n<meta property=\"og:title\" content=\"How amateurs can benefit from the use of machines - L&#039;observatoire est ouvert aux visiteurs tous les vendredis soirs \u00e0 21 heures, jusqu&#039;au 3 juillet 2026 inclus, sans r\u00e9servation.\" \/>\n<meta property=\"og:description\" content=\"For an amateur, whose production of optical elements is generally limited, the benefits he can get from a machine is somewhat moderate when compared to the needs of the industrial world. Yet, there are indeed some advantages although their impact may be different according to the stage the project is at. Using a machine will &hellip; Continuer la lecture de &laquo;&nbsp;How amateurs can benefit from the use of machines&nbsp;&raquo;\" \/>\n<meta property=\"og:url\" content=\"https:\/\/gap47.astrosurf.com\/index.php\/how-amateurs\/\" \/>\n<meta property=\"og:site_name\" content=\"L&#039;observatoire est ouvert aux visiteurs tous les vendredis soirs \u00e0 21 heures, jusqu&#039;au 3 juillet 2026 inclus, sans r\u00e9servation.\" \/>\n<meta property=\"article:publisher\" content=\"https:\/\/www.facebook.com\/astrogap47\/\" \/>\n<meta property=\"article:modified_time\" content=\"2017-09-21T09:52:24+00:00\" \/>\n<meta name=\"twitter:card\" content=\"summary_large_image\" \/>\n<meta name=\"twitter:label1\" content=\"Dur\u00e9e de lecture estim\u00e9e\" \/>\n\t<meta name=\"twitter:data1\" content=\"6 minutes\" \/>\n<script type=\"application\/ld+json\" class=\"yoast-schema-graph\">{\"@context\":\"https:\/\/schema.org\",\"@graph\":[{\"@type\":\"WebPage\",\"@id\":\"https:\/\/gap47.astrosurf.com\/index.php\/how-amateurs\/\",\"url\":\"https:\/\/gap47.astrosurf.com\/index.php\/how-amateurs\/\",\"name\":\"How amateurs can benefit from the use of machines - L&#039;observatoire est ouvert aux visiteurs tous les vendredis soirs \u00e0 21 heures, jusqu&#039;au 3 juillet 2026 inclus, sans r\u00e9servation.\",\"isPartOf\":{\"@id\":\"https:\/\/gap47.astrosurf.com\/#website\"},\"datePublished\":\"2017-06-20T08:48:58+00:00\",\"dateModified\":\"2017-09-21T09:52:24+00:00\",\"breadcrumb\":{\"@id\":\"https:\/\/gap47.astrosurf.com\/index.php\/how-amateurs\/#breadcrumb\"},\"inLanguage\":\"fr-FR\",\"potentialAction\":[{\"@type\":\"ReadAction\",\"target\":[\"https:\/\/gap47.astrosurf.com\/index.php\/how-amateurs\/\"]}]},{\"@type\":\"BreadcrumbList\",\"@id\":\"https:\/\/gap47.astrosurf.com\/index.php\/how-amateurs\/#breadcrumb\",\"itemListElement\":[{\"@type\":\"ListItem\",\"position\":1,\"name\":\"Accueil\",\"item\":\"https:\/\/gap47.astrosurf.com\/\"},{\"@type\":\"ListItem\",\"position\":2,\"name\":\"How amateurs can benefit from the use of machines\"}]},{\"@type\":\"WebSite\",\"@id\":\"https:\/\/gap47.astrosurf.com\/#website\",\"url\":\"https:\/\/gap47.astrosurf.com\/\",\"name\":\"De janvier \u00e0 fin juin 2024, le GAP47 sera ouvert aux visiteurs tous les vendredis \u00e0 21h sans r\u00e9servation, \u00e0 l'exception du vendredi 26 janvier o\u00f9 l'observatoire sera ferm\u00e9 au public.\",\"description\":\"Groupe d&#039;Astronomie Populaire du Lot-et-Garonne, \u00e0 Montayral\",\"potentialAction\":[{\"@type\":\"SearchAction\",\"target\":{\"@type\":\"EntryPoint\",\"urlTemplate\":\"https:\/\/gap47.astrosurf.com\/?s={search_term_string}\"},\"query-input\":{\"@type\":\"PropertyValueSpecification\",\"valueRequired\":true,\"valueName\":\"search_term_string\"}}],\"inLanguage\":\"fr-FR\"}]}<\/script>\n<!-- \/ Yoast SEO plugin. -->","yoast_head_json":{"title":"How amateurs can benefit from the use of machines - L&#039;observatoire est ouvert aux visiteurs tous les vendredis soirs \u00e0 21 heures, jusqu&#039;au 3 juillet 2026 inclus, sans r\u00e9servation.","robots":{"index":"index","follow":"follow","max-snippet":"max-snippet:-1","max-image-preview":"max-image-preview:large","max-video-preview":"max-video-preview:-1"},"canonical":"https:\/\/gap47.astrosurf.com\/index.php\/how-amateurs\/","og_locale":"fr_FR","og_type":"article","og_title":"How amateurs can benefit from the use of machines - L&#039;observatoire est ouvert aux visiteurs tous les vendredis soirs \u00e0 21 heures, jusqu&#039;au 3 juillet 2026 inclus, sans r\u00e9servation.","og_description":"For an amateur, whose production of optical elements is generally limited, the benefits he can get from a machine is somewhat moderate when compared to the needs of the industrial world. Yet, there are indeed some advantages although their impact may be different according to the stage the project is at. Using a machine will &hellip; Continuer la lecture de &laquo;&nbsp;How amateurs can benefit from the use of machines&nbsp;&raquo;","og_url":"https:\/\/gap47.astrosurf.com\/index.php\/how-amateurs\/","og_site_name":"L&#039;observatoire est ouvert aux visiteurs tous les vendredis soirs \u00e0 21 heures, jusqu&#039;au 3 juillet 2026 inclus, sans r\u00e9servation.","article_publisher":"https:\/\/www.facebook.com\/astrogap47\/","article_modified_time":"2017-09-21T09:52:24+00:00","twitter_card":"summary_large_image","twitter_misc":{"Dur\u00e9e de lecture estim\u00e9e":"6 minutes"},"schema":{"@context":"https:\/\/schema.org","@graph":[{"@type":"WebPage","@id":"https:\/\/gap47.astrosurf.com\/index.php\/how-amateurs\/","url":"https:\/\/gap47.astrosurf.com\/index.php\/how-amateurs\/","name":"How amateurs can benefit from the use of machines - L&#039;observatoire est ouvert aux visiteurs tous les vendredis soirs \u00e0 21 heures, jusqu&#039;au 3 juillet 2026 inclus, sans r\u00e9servation.","isPartOf":{"@id":"https:\/\/gap47.astrosurf.com\/#website"},"datePublished":"2017-06-20T08:48:58+00:00","dateModified":"2017-09-21T09:52:24+00:00","breadcrumb":{"@id":"https:\/\/gap47.astrosurf.com\/index.php\/how-amateurs\/#breadcrumb"},"inLanguage":"fr-FR","potentialAction":[{"@type":"ReadAction","target":["https:\/\/gap47.astrosurf.com\/index.php\/how-amateurs\/"]}]},{"@type":"BreadcrumbList","@id":"https:\/\/gap47.astrosurf.com\/index.php\/how-amateurs\/#breadcrumb","itemListElement":[{"@type":"ListItem","position":1,"name":"Accueil","item":"https:\/\/gap47.astrosurf.com\/"},{"@type":"ListItem","position":2,"name":"How amateurs can benefit from the use of machines"}]},{"@type":"WebSite","@id":"https:\/\/gap47.astrosurf.com\/#website","url":"https:\/\/gap47.astrosurf.com\/","name":"De janvier \u00e0 fin juin 2024, le GAP47 sera ouvert aux visiteurs tous les vendredis \u00e0 21h sans r\u00e9servation, \u00e0 l'exception du vendredi 26 janvier o\u00f9 l'observatoire sera ferm\u00e9 au public.","description":"Groupe d&#039;Astronomie Populaire du Lot-et-Garonne, \u00e0 Montayral","potentialAction":[{"@type":"SearchAction","target":{"@type":"EntryPoint","urlTemplate":"https:\/\/gap47.astrosurf.com\/?s={search_term_string}"},"query-input":{"@type":"PropertyValueSpecification","valueRequired":true,"valueName":"search_term_string"}}],"inLanguage":"fr-FR"}]}},"_links":{"self":[{"href":"https:\/\/gap47.astrosurf.com\/index.php\/wp-json\/wp\/v2\/pages\/2583","targetHints":{"allow":["GET"]}}],"collection":[{"href":"https:\/\/gap47.astrosurf.com\/index.php\/wp-json\/wp\/v2\/pages"}],"about":[{"href":"https:\/\/gap47.astrosurf.com\/index.php\/wp-json\/wp\/v2\/types\/page"}],"author":[{"embeddable":true,"href":"https:\/\/gap47.astrosurf.com\/index.php\/wp-json\/wp\/v2\/users\/5"}],"replies":[{"embeddable":true,"href":"https:\/\/gap47.astrosurf.com\/index.php\/wp-json\/wp\/v2\/comments?post=2583"}],"version-history":[{"count":7,"href":"https:\/\/gap47.astrosurf.com\/index.php\/wp-json\/wp\/v2\/pages\/2583\/revisions"}],"predecessor-version":[{"id":5347,"href":"https:\/\/gap47.astrosurf.com\/index.php\/wp-json\/wp\/v2\/pages\/2583\/revisions\/5347"}],"wp:attachment":[{"href":"https:\/\/gap47.astrosurf.com\/index.php\/wp-json\/wp\/v2\/media?parent=2583"}],"curies":[{"name":"wp","href":"https:\/\/api.w.org\/{rel}","templated":true}]}}