 {"id":247,"date":"2017-04-19T01:09:10","date_gmt":"2017-04-18T23:09:10","guid":{"rendered":"http:\/\/gap47.astrosurf.com\/?page_id=247"},"modified":"2024-11-20T00:27:25","modified_gmt":"2024-11-19T22:27:25","slug":"presentation-parcours-systeme-solaire","status":"publish","type":"page","link":"https:\/\/gap47.astrosurf.com\/index.php\/presentation-parcours-systeme-solaire\/","title":{"rendered":"1 &#8211; Pr\u00e9sentation Parcours Syst\u00e8me Solaire"},"content":{"rendered":"<p style=\"text-align: center;\"><a href=\"http:\/\/gap47.astrosurf.com\/wp-content\/uploads\/2017\/12\/01_PanneauPresentation.pdf\" target=\"_blank\" rel=\"noopener noreferrer\"><img loading=\"lazy\" decoding=\"async\" class=\"aligncenter\" src=\"http:\/\/gap47.astrosurf.com\/wp-content\/uploads\/2017\/12\/01_PanneauPresentation.jpg\" alt=\"\" width=\"2268\" height=\"3024\"><\/a><span style=\"font-family: times new roman,times,serif; font-size: 20px;\"><em>Vous pouvez, en cliquant sur l&rsquo;image ci-dessus \u2191, ouvrir le fichier pdf grand format de ce panneau, que vous pourrez enregistrer (ou non) et sur lequel vous pourrez zoomer.<\/em><\/span><\/p>\n<p><span style=\"font-family: times new roman,times,serif; font-size: 20px;\">&nbsp;<\/span><\/p>\n<p><span style=\"font-family: times new roman,times,serif; font-size: 20px;\">Notre parcours Syst\u00e8me Solaire est une maquette, \u00e0 l&rsquo;\u00e9chelle 1\/trois milliardi\u00e8me du syst\u00e8me solaire. Cela veut dire que quand vous avancerez d&rsquo;un m\u00e8tre le long de ce parcours, vous aurez avanc\u00e9 de 1 x 3.000.000.000, soit 3 milliards de m\u00e8tres, soit encore 3 millions de kilom\u00e8tres dans l&rsquo;espace&nbsp;!<br \/>\n<\/span><\/p>\n<p><span style=\"font-family: times new roman,times,serif; font-size: 20px;\">Il commence avec un Soleil (\u00e0 cette \u00e9chelle) de 50 cm de diam\u00e8tre. Les plan\u00e8tes et les autres \u00e9l\u00e9ments du syst\u00e8me solaire sont tous \u00e0 la m\u00eame \u00e9chelle tant pour les dimensions que pour les distances.<br \/>\n<\/span><\/p>\n<p><span style=\"font-family: times new roman,times,serif; font-size: 20px;\">Le syst\u00e8me solaire est compos\u00e9 d&rsquo;une \u00e9toile, le Soleil, et de nombreux autres \u00e9l\u00e9ments : 8 plan\u00e8tes, les satellites qui gravitent autour de 6 de ces 8 plan\u00e8tes, 5 plan\u00e8tes naines et leurs satellites, des ast\u00e9ro\u00efdes, des com\u00e8tes et des \u00ab\u00a0petits corps\u00a0\u00bb dont certains, d\u00e9j\u00e0 identifi\u00e9s, seront certainement class\u00e9s comme plan\u00e8tes naines dans le futur et certains de ces \u00ab\u00a0petits corps\u00a0\u00bb restent certainement \u00e0 d\u00e9couvrir.<\/span><\/p>\n<p><span style=\"font-family: times new roman,times,serif; font-size: 20px;\">Notre parcours va explorer tous les \u00e9l\u00e9ments du syst\u00e8me solaire en fonction des lieux o\u00f9 ils se trouvent, dans l&rsquo;ordre en partant du Soleil et en s&rsquo;\u00e9loignant jusqu&rsquo;\u00e0 ses limites les plus lointaines.<\/span><\/p>\n<p>&nbsp;<\/p>\n<p>&nbsp;<\/p>\n<p style=\"text-align: center;\"><span style=\"font-size: 24px;\"><strong><span style=\"font-family: arial,helvetica,sans-serif;\">1) Informations compl\u00e9mentaires :<\/span> <\/strong><\/span><\/p>\n<p>&nbsp;<\/p>\n<p><span style=\"font-family: arial,helvetica,sans-serif; font-size: 20px;\"><strong>Naissance du syst\u00e8me solaire<\/strong><\/span><\/p>\n<p style=\"margin-bottom: .0001pt;\"><span style=\"font-family: times new roman,times,serif; font-size: 20px;\">Selon le sc\u00e9nario actuellement admis et confirm\u00e9 par l&rsquo;observation, les \u00e9toiles se forment en groupe \u00e0 partir de la contraction gravitationnelle d&rsquo;une n\u00e9buleuse, un nuage de gaz (essentiellement de l&rsquo;hydrog\u00e8ne) et de poussi\u00e8re, qui se fragmente en plusieurs c\u0153urs protostellaires. Ceux-ci se contractent en leur centre en formant chacun une \u00e9toile, tandis que la mati\u00e8re en p\u00e9riph\u00e9rie se retrouve sous forme d&rsquo;une enveloppe et d&rsquo;un disque d&rsquo;accr\u00e9tion. Ce dernier dispara\u00eet g\u00e9n\u00e9ralement avec le temps mais peuvent s&rsquo;y former entre-temps des plan\u00e8tes.<\/span><br \/>\n<span style=\"font-family: times new roman,times,serif; font-size: 20px;\"> &nbsp;<\/span><br \/>\n<span style=\"font-family: times new roman,times,serif; font-size: 20px;\"> L&rsquo;accr\u00e9tion est accompagn\u00e9e d&rsquo;\u00e9jection d&rsquo;une partie significative de la mati\u00e8re chutant sur l&rsquo;\u00e9toile sous la forme de jets d&rsquo;\u00e9jection polaires. Dans le disque d&rsquo;accr\u00e9tion se forment des corps par agr\u00e9gation de poussi\u00e8re appel\u00e9s plan\u00e9t\u00e9simaux. Une fois atteinte une masse critique, ces plan\u00e9t\u00e9simaux se mettent \u00e0 leur tour \u00e0 accr\u00e9ter la mati\u00e8re environnante pour former des plan\u00e8tes. L&rsquo;accr\u00e9tion sur l&rsquo;\u00e9toile et les plan\u00e8tes ainsi que l&rsquo;\u00e9jection finissent par \u00e9puiser la mati\u00e8re pr\u00e9sente autour de l&rsquo;\u00e9toile&nbsp;: celle-ci est alors \u00ab&nbsp;nue&nbsp;\u00bb et entour\u00e9e d&rsquo;un syst\u00e8me plan\u00e9taire.<\/span><\/p>\n<p><span style=\"font-family: times new roman,times,serif; font-size: 20px;\">&nbsp;<\/span><br \/>\n<span style=\"font-family: times new roman,times,serif; font-size: 20px;\"> C&rsquo;est ainsi qu&rsquo;est n\u00e9 notre Soleil, <strong>il y a environ 4,57 milliards d&rsquo;ann\u00e9es<\/strong>, accompagn\u00e9 d&rsquo;un disque protoplan\u00e9taire et d&rsquo;une enveloppe de gaz.<\/span><\/p>\n<p><span style=\"font-family: times new roman,times,serif; font-size: 20px;\">Et notre syst\u00e8me solaire se situe dans un ensemble extr\u00eamement grand, qui s&rsquo;appelle une \u00ab&nbsp;<strong>galaxie<\/strong>&nbsp;\u00bb. Notre galaxie s&rsquo;appelle la \u00ab<strong>&nbsp;Voie Lact\u00e9e&nbsp;<\/strong>\u00bb. C&rsquo;est une galaxie spirale-barr\u00e9e de bonne taille puisqu&rsquo;on estime qu&rsquo;elle compte environ <strong>200 milliards d&rsquo;\u00e9toiles<\/strong> ! Le Soleil n&rsquo;\u00e9tant qu&rsquo;une \u00e9toile parmi les autres. La Voie Lact\u00e9e est un ensemble \u00e9norme puisqu&rsquo;elle a un diam\u00e8tre d&rsquo;environ 100.000 ann\u00e9es-lumi\u00e8re pour une \u00e9paisseur de 15.000 ann\u00e9es-lumi\u00e8re. Dans la Voie Lact\u00e9e le syst\u00e8me solaire est \u00e0 peu pr\u00e8s \u00e0 mi-chemin entre le centre et le bord, \u00e0 environ 27.000 AL du centre. La Voie Lact\u00e9e tourne sur elle-m\u00eame et le syst\u00e8me solaire avec elle (tout tourne dans l&rsquo;Univers) : il lui faut environ 225 \u00e0 250 millions d&rsquo;ann\u00e9es pour faire un tour&nbsp;!<\/span><\/p>\n<p><span style=\"font-size: 20px; color: #008000;\"><strong><span style=\"font-family: arial,helvetica,sans-serif;\">Vous pouvez aussi consulter nos documents pdf :<\/span><\/strong><\/span><br \/>\n<span style=\"font-size: 20px;\"><strong><span style=\"font-family: times new roman,times,serif;\">\u2022 <a href=\"http:\/\/gap47.astrosurf.com\/wp-content\/uploads\/2017\/05\/Un-rapide-survol-du-syste\u0300me-solaire.pdf\" target=\"_blank\" rel=\"noopener noreferrer\">Un rapide survol du syst\u00e8me solaire<\/a><\/span><\/strong><span style=\"font-family: times new roman,times,serif;\"> (26 pages)<\/span><\/span><br \/>\n<span style=\"font-size: 20px;\"><strong> <span style=\"font-family: times new roman,times,serif;\">\u2022 <a href=\"http:\/\/gap47.astrosurf.com\/wp-content\/uploads\/2017\/04\/Le-Syste\u0300me-solaire.pdf\" target=\"_blank\" rel=\"noopener noreferrer\">Le syst\u00e8me solaire et au-del\u00e0<\/a><\/span><\/strong><\/span><span style=\"font-family: times new roman,times,serif; font-size: 20px;\"> (184 pages)<\/span><\/p>\n<p>&nbsp;<\/p>\n<p>&nbsp;<\/p>\n<p style=\"text-align: center;\"><span style=\"font-family: arial,helvetica,sans-serif; font-size: 24px;\"><strong>2) Illustration<\/strong><\/span><\/p>\n<p><a href=\"http:\/\/gap47.astrosurf.com\/wp-content\/uploads\/2017\/04\/SystSolaire.jpg\"><img loading=\"lazy\" decoding=\"async\" class=\"aligncenter wp-image-3766\" src=\"http:\/\/gap47.astrosurf.com\/wp-content\/uploads\/2017\/04\/SystSolaire.jpg\" alt=\"\" width=\"1500\" height=\"842\" srcset=\"https:\/\/gap47.astrosurf.com\/wp-content\/uploads\/2017\/04\/SystSolaire.jpg 1330w, https:\/\/gap47.astrosurf.com\/wp-content\/uploads\/2017\/04\/SystSolaire-300x168.jpg 300w, https:\/\/gap47.astrosurf.com\/wp-content\/uploads\/2017\/04\/SystSolaire-768x431.jpg 768w\" sizes=\"auto, (max-width: 767px) 89vw, (max-width: 1000px) 54vw, (max-width: 1071px) 543px, 580px\" \/><\/a><\/p>\n<p style=\"text-align: center;\"><span style=\"font-family: times new roman,times,serif; font-size: 20px;\"><span style=\"color: #ff0000;\">Attention<\/span> : les tailles respectives du Soleil et des plan\u00e8tes sont proportionnelles et conformes \u00e0 la r\u00e9alit\u00e9, <strong><span style=\"color: #ff0000;\">mais les distances entre les plan\u00e8tes ne le sont pas !<\/span><\/strong><\/span><\/p>\n<p>&nbsp;<\/p>\n<p>&nbsp;<\/p>\n<p style=\"text-align: center;\"><span style=\"font-family: arial,helvetica,sans-serif; font-size: 24px;\"><strong>3) Donn\u00e9es chiffr\u00e9es concernant le syst\u00e8me solaire :<\/strong><\/span><\/p>\n<p><img loading=\"lazy\" decoding=\"async\" class=\"alignnone size-full wp-image-3545\" src=\"http:\/\/gap47.astrosurf.com\/wp-content\/uploads\/2017\/04\/Syste\u0300me-solaire-data.png\" alt=\"\" width=\"1172\" height=\"1212\" srcset=\"https:\/\/gap47.astrosurf.com\/wp-content\/uploads\/2017\/04\/Syste\u0300me-solaire-data.png 1172w, https:\/\/gap47.astrosurf.com\/wp-content\/uploads\/2017\/04\/Syste\u0300me-solaire-data-290x300.png 290w, https:\/\/gap47.astrosurf.com\/wp-content\/uploads\/2017\/04\/Syste\u0300me-solaire-data-768x794.png 768w, https:\/\/gap47.astrosurf.com\/wp-content\/uploads\/2017\/04\/Syste\u0300me-solaire-data-1160x1200.png 1160w\" sizes=\"auto, (max-width: 767px) 89vw, (max-width: 1000px) 54vw, (max-width: 1071px) 543px, 580px\" \/><\/p>\n<hr>\n<p>&nbsp;<\/p>\n","protected":false},"excerpt":{"rendered":"<p>Vous pouvez, en cliquant sur l&rsquo;image ci-dessus \u2191, ouvrir le fichier pdf grand format de ce panneau, que vous pourrez enregistrer (ou non) et sur lequel vous pourrez zoomer. &nbsp; Notre parcours Syst\u00e8me Solaire est une maquette, \u00e0 l&rsquo;\u00e9chelle 1\/trois milliardi\u00e8me du syst\u00e8me solaire. Cela veut dire que quand vous avancerez d&rsquo;un m\u00e8tre le long &hellip; <\/p>\n<p class=\"link-more\"><a href=\"https:\/\/gap47.astrosurf.com\/index.php\/presentation-parcours-systeme-solaire\/\" class=\"more-link\">Continuer la lecture<span class=\"screen-reader-text\"> de &laquo;&nbsp;1 &#8211; Pr\u00e9sentation Parcours Syst\u00e8me Solaire&nbsp;&raquo;<\/span><\/a><\/p>\n","protected":false},"author":5,"featured_media":0,"parent":0,"menu_order":0,"comment_status":"closed","ping_status":"closed","template":"","meta":{"_exactmetrics_skip_tracking":false,"_exactmetrics_sitenote_active":false,"_exactmetrics_sitenote_note":"","_exactmetrics_sitenote_category":0,"ngg_post_thumbnail":0,"footnotes":""},"class_list":["post-247","page","type-page","status-publish","hentry"],"yoast_head":"<!-- This site is optimized with the Yoast SEO plugin v24.8.1 - https:\/\/yoast.com\/wordpress\/plugins\/seo\/ -->\n<title>1 - Pr\u00e9sentation Parcours Syst\u00e8me Solaire - L&#039;observatoire est ouvert aux visiteurs tous les vendredis soirs \u00e0 21 heures, jusqu&#039;au 3 juillet 2026 inclus, sans r\u00e9servation.<\/title>\n<meta name=\"robots\" content=\"index, follow, max-snippet:-1, max-image-preview:large, max-video-preview:-1\" \/>\n<link rel=\"canonical\" href=\"https:\/\/gap47.astrosurf.com\/index.php\/presentation-parcours-systeme-solaire\/\" \/>\n<meta property=\"og:locale\" content=\"fr_FR\" \/>\n<meta property=\"og:type\" content=\"article\" \/>\n<meta property=\"og:title\" content=\"1 - Pr\u00e9sentation Parcours Syst\u00e8me Solaire - L&#039;observatoire est ouvert aux visiteurs tous les vendredis soirs \u00e0 21 heures, jusqu&#039;au 3 juillet 2026 inclus, sans r\u00e9servation.\" \/>\n<meta property=\"og:description\" content=\"Vous pouvez, en cliquant sur l&rsquo;image ci-dessus \u2191, ouvrir le fichier pdf grand format de ce panneau, que vous pourrez enregistrer (ou non) et sur lequel vous pourrez zoomer. &nbsp; Notre parcours Syst\u00e8me Solaire est une maquette, \u00e0 l&rsquo;\u00e9chelle 1\/trois milliardi\u00e8me du syst\u00e8me solaire. Cela veut dire que quand vous avancerez d&rsquo;un m\u00e8tre le long &hellip; Continuer la lecture de &laquo;&nbsp;1 &#8211; Pr\u00e9sentation Parcours Syst\u00e8me Solaire&nbsp;&raquo;\" \/>\n<meta property=\"og:url\" content=\"https:\/\/gap47.astrosurf.com\/index.php\/presentation-parcours-systeme-solaire\/\" \/>\n<meta property=\"og:site_name\" content=\"L&#039;observatoire est ouvert aux visiteurs tous les vendredis soirs \u00e0 21 heures, jusqu&#039;au 3 juillet 2026 inclus, sans r\u00e9servation.\" \/>\n<meta property=\"article:publisher\" content=\"https:\/\/www.facebook.com\/astrogap47\/\" \/>\n<meta property=\"article:modified_time\" content=\"2024-11-19T22:27:25+00:00\" \/>\n<meta property=\"og:image\" content=\"http:\/\/gap47.astrosurf.com\/wp-content\/uploads\/2017\/12\/01_PanneauPresentation.jpg\" \/>\n<meta name=\"twitter:card\" content=\"summary_large_image\" \/>\n<meta name=\"twitter:label1\" content=\"Dur\u00e9e de lecture estim\u00e9e\" \/>\n\t<meta name=\"twitter:data1\" content=\"4 minutes\" \/>\n<script type=\"application\/ld+json\" class=\"yoast-schema-graph\">{\"@context\":\"https:\/\/schema.org\",\"@graph\":[{\"@type\":\"WebPage\",\"@id\":\"https:\/\/gap47.astrosurf.com\/index.php\/presentation-parcours-systeme-solaire\/\",\"url\":\"https:\/\/gap47.astrosurf.com\/index.php\/presentation-parcours-systeme-solaire\/\",\"name\":\"1 - Pr\u00e9sentation Parcours Syst\u00e8me Solaire - L&#039;observatoire est ouvert aux visiteurs tous les vendredis soirs \u00e0 21 heures, jusqu&#039;au 3 juillet 2026 inclus, sans r\u00e9servation.\",\"isPartOf\":{\"@id\":\"https:\/\/gap47.astrosurf.com\/#website\"},\"primaryImageOfPage\":{\"@id\":\"https:\/\/gap47.astrosurf.com\/index.php\/presentation-parcours-systeme-solaire\/#primaryimage\"},\"image\":{\"@id\":\"https:\/\/gap47.astrosurf.com\/index.php\/presentation-parcours-systeme-solaire\/#primaryimage\"},\"thumbnailUrl\":\"http:\/\/gap47.astrosurf.com\/wp-content\/uploads\/2017\/12\/01_PanneauPresentation.jpg\",\"datePublished\":\"2017-04-18T23:09:10+00:00\",\"dateModified\":\"2024-11-19T22:27:25+00:00\",\"breadcrumb\":{\"@id\":\"https:\/\/gap47.astrosurf.com\/index.php\/presentation-parcours-systeme-solaire\/#breadcrumb\"},\"inLanguage\":\"fr-FR\",\"potentialAction\":[{\"@type\":\"ReadAction\",\"target\":[\"https:\/\/gap47.astrosurf.com\/index.php\/presentation-parcours-systeme-solaire\/\"]}]},{\"@type\":\"ImageObject\",\"inLanguage\":\"fr-FR\",\"@id\":\"https:\/\/gap47.astrosurf.com\/index.php\/presentation-parcours-systeme-solaire\/#primaryimage\",\"url\":\"https:\/\/gap47.astrosurf.com\/wp-content\/uploads\/2017\/12\/01_PanneauPresentation.jpg\",\"contentUrl\":\"https:\/\/gap47.astrosurf.com\/wp-content\/uploads\/2017\/12\/01_PanneauPresentation.jpg\",\"width\":2268,\"height\":3024},{\"@type\":\"BreadcrumbList\",\"@id\":\"https:\/\/gap47.astrosurf.com\/index.php\/presentation-parcours-systeme-solaire\/#breadcrumb\",\"itemListElement\":[{\"@type\":\"ListItem\",\"position\":1,\"name\":\"Accueil\",\"item\":\"https:\/\/gap47.astrosurf.com\/\"},{\"@type\":\"ListItem\",\"position\":2,\"name\":\"1 &#8211; Pr\u00e9sentation Parcours Syst\u00e8me Solaire\"}]},{\"@type\":\"WebSite\",\"@id\":\"https:\/\/gap47.astrosurf.com\/#website\",\"url\":\"https:\/\/gap47.astrosurf.com\/\",\"name\":\"De janvier \u00e0 fin juin 2024, le GAP47 sera ouvert aux visiteurs tous les vendredis \u00e0 21h sans r\u00e9servation, \u00e0 l'exception du vendredi 26 janvier o\u00f9 l'observatoire sera ferm\u00e9 au public.\",\"description\":\"Groupe d&#039;Astronomie Populaire du Lot-et-Garonne, \u00e0 Montayral\",\"potentialAction\":[{\"@type\":\"SearchAction\",\"target\":{\"@type\":\"EntryPoint\",\"urlTemplate\":\"https:\/\/gap47.astrosurf.com\/?s={search_term_string}\"},\"query-input\":{\"@type\":\"PropertyValueSpecification\",\"valueRequired\":true,\"valueName\":\"search_term_string\"}}],\"inLanguage\":\"fr-FR\"}]}<\/script>\n<!-- \/ Yoast SEO plugin. -->","yoast_head_json":{"title":"1 - Pr\u00e9sentation Parcours Syst\u00e8me Solaire - L&#039;observatoire est ouvert aux visiteurs tous les vendredis soirs \u00e0 21 heures, jusqu&#039;au 3 juillet 2026 inclus, sans r\u00e9servation.","robots":{"index":"index","follow":"follow","max-snippet":"max-snippet:-1","max-image-preview":"max-image-preview:large","max-video-preview":"max-video-preview:-1"},"canonical":"https:\/\/gap47.astrosurf.com\/index.php\/presentation-parcours-systeme-solaire\/","og_locale":"fr_FR","og_type":"article","og_title":"1 - Pr\u00e9sentation Parcours Syst\u00e8me Solaire - L&#039;observatoire est ouvert aux visiteurs tous les vendredis soirs \u00e0 21 heures, jusqu&#039;au 3 juillet 2026 inclus, sans r\u00e9servation.","og_description":"Vous pouvez, en cliquant sur l&rsquo;image ci-dessus \u2191, ouvrir le fichier pdf grand format de ce panneau, que vous pourrez enregistrer (ou non) et sur lequel vous pourrez zoomer. &nbsp; Notre parcours Syst\u00e8me Solaire est une maquette, \u00e0 l&rsquo;\u00e9chelle 1\/trois milliardi\u00e8me du syst\u00e8me solaire. Cela veut dire que quand vous avancerez d&rsquo;un m\u00e8tre le long &hellip; Continuer la lecture de &laquo;&nbsp;1 &#8211; Pr\u00e9sentation Parcours Syst\u00e8me Solaire&nbsp;&raquo;","og_url":"https:\/\/gap47.astrosurf.com\/index.php\/presentation-parcours-systeme-solaire\/","og_site_name":"L&#039;observatoire est ouvert aux visiteurs tous les vendredis soirs \u00e0 21 heures, jusqu&#039;au 3 juillet 2026 inclus, sans r\u00e9servation.","article_publisher":"https:\/\/www.facebook.com\/astrogap47\/","article_modified_time":"2024-11-19T22:27:25+00:00","og_image":[{"url":"http:\/\/gap47.astrosurf.com\/wp-content\/uploads\/2017\/12\/01_PanneauPresentation.jpg","type":"","width":"","height":""}],"twitter_card":"summary_large_image","twitter_misc":{"Dur\u00e9e de lecture estim\u00e9e":"4 minutes"},"schema":{"@context":"https:\/\/schema.org","@graph":[{"@type":"WebPage","@id":"https:\/\/gap47.astrosurf.com\/index.php\/presentation-parcours-systeme-solaire\/","url":"https:\/\/gap47.astrosurf.com\/index.php\/presentation-parcours-systeme-solaire\/","name":"1 - Pr\u00e9sentation Parcours Syst\u00e8me Solaire - L&#039;observatoire est ouvert aux visiteurs tous les vendredis soirs \u00e0 21 heures, jusqu&#039;au 3 juillet 2026 inclus, sans r\u00e9servation.","isPartOf":{"@id":"https:\/\/gap47.astrosurf.com\/#website"},"primaryImageOfPage":{"@id":"https:\/\/gap47.astrosurf.com\/index.php\/presentation-parcours-systeme-solaire\/#primaryimage"},"image":{"@id":"https:\/\/gap47.astrosurf.com\/index.php\/presentation-parcours-systeme-solaire\/#primaryimage"},"thumbnailUrl":"http:\/\/gap47.astrosurf.com\/wp-content\/uploads\/2017\/12\/01_PanneauPresentation.jpg","datePublished":"2017-04-18T23:09:10+00:00","dateModified":"2024-11-19T22:27:25+00:00","breadcrumb":{"@id":"https:\/\/gap47.astrosurf.com\/index.php\/presentation-parcours-systeme-solaire\/#breadcrumb"},"inLanguage":"fr-FR","potentialAction":[{"@type":"ReadAction","target":["https:\/\/gap47.astrosurf.com\/index.php\/presentation-parcours-systeme-solaire\/"]}]},{"@type":"ImageObject","inLanguage":"fr-FR","@id":"https:\/\/gap47.astrosurf.com\/index.php\/presentation-parcours-systeme-solaire\/#primaryimage","url":"https:\/\/gap47.astrosurf.com\/wp-content\/uploads\/2017\/12\/01_PanneauPresentation.jpg","contentUrl":"https:\/\/gap47.astrosurf.com\/wp-content\/uploads\/2017\/12\/01_PanneauPresentation.jpg","width":2268,"height":3024},{"@type":"BreadcrumbList","@id":"https:\/\/gap47.astrosurf.com\/index.php\/presentation-parcours-systeme-solaire\/#breadcrumb","itemListElement":[{"@type":"ListItem","position":1,"name":"Accueil","item":"https:\/\/gap47.astrosurf.com\/"},{"@type":"ListItem","position":2,"name":"1 &#8211; Pr\u00e9sentation Parcours Syst\u00e8me Solaire"}]},{"@type":"WebSite","@id":"https:\/\/gap47.astrosurf.com\/#website","url":"https:\/\/gap47.astrosurf.com\/","name":"De janvier \u00e0 fin juin 2024, le GAP47 sera ouvert aux visiteurs tous les vendredis \u00e0 21h sans r\u00e9servation, \u00e0 l'exception du vendredi 26 janvier o\u00f9 l'observatoire sera ferm\u00e9 au public.","description":"Groupe d&#039;Astronomie Populaire du Lot-et-Garonne, \u00e0 Montayral","potentialAction":[{"@type":"SearchAction","target":{"@type":"EntryPoint","urlTemplate":"https:\/\/gap47.astrosurf.com\/?s={search_term_string}"},"query-input":{"@type":"PropertyValueSpecification","valueRequired":true,"valueName":"search_term_string"}}],"inLanguage":"fr-FR"}]}},"_links":{"self":[{"href":"https:\/\/gap47.astrosurf.com\/index.php\/wp-json\/wp\/v2\/pages\/247","targetHints":{"allow":["GET"]}}],"collection":[{"href":"https:\/\/gap47.astrosurf.com\/index.php\/wp-json\/wp\/v2\/pages"}],"about":[{"href":"https:\/\/gap47.astrosurf.com\/index.php\/wp-json\/wp\/v2\/types\/page"}],"author":[{"embeddable":true,"href":"https:\/\/gap47.astrosurf.com\/index.php\/wp-json\/wp\/v2\/users\/5"}],"replies":[{"embeddable":true,"href":"https:\/\/gap47.astrosurf.com\/index.php\/wp-json\/wp\/v2\/comments?post=247"}],"version-history":[{"count":60,"href":"https:\/\/gap47.astrosurf.com\/index.php\/wp-json\/wp\/v2\/pages\/247\/revisions"}],"predecessor-version":[{"id":13087,"href":"https:\/\/gap47.astrosurf.com\/index.php\/wp-json\/wp\/v2\/pages\/247\/revisions\/13087"}],"wp:attachment":[{"href":"https:\/\/gap47.astrosurf.com\/index.php\/wp-json\/wp\/v2\/media?parent=247"}],"curies":[{"name":"wp","href":"https:\/\/api.w.org\/{rel}","templated":true}]}}