 {"id":190,"date":"2017-04-01T17:38:09","date_gmt":"2017-04-01T15:38:09","guid":{"rendered":"http:\/\/gap47.astrosurf.com\/?page_id=190"},"modified":"2023-12-27T19:41:41","modified_gmt":"2023-12-27T17:41:41","slug":"choisir-un-instrument","status":"publish","type":"page","link":"https:\/\/gap47.astrosurf.com\/index.php\/astro-debutants\/choisir-un-instrument\/","title":{"rendered":"Choisir un instrument"},"content":{"rendered":"<p><span style=\"font-family: times new roman,times,serif; font-size: 20px;\">Les jumelles sont un instrument id\u00e9al pour le d\u00e9butant qui veut d&rsquo;abord d\u00e9couvrir le ciel dans sa globalit\u00e9, et apprendre \u00e0 situer les objets les plus connus. Elles ont en outre l&rsquo;avantage de n&rsquo;exiger aucun entretien, d&rsquo;\u00eatre facilement transportables et d&rsquo;\u00eatre imm\u00e9diatement op\u00e9rationnelles.<\/span><\/p>\n<p><span style=\"font-family: times new roman,times,serif; font-size: 20px;\">On trouve d&rsquo;excellentes jumelles d\u00e9di\u00e9es \u00e0 l&rsquo;astronomie, dans des diam\u00e8tres allant de 60 mm \u00e0 100 mm mais leur prix est vite important et leur poids impose l&rsquo;utilisation d&rsquo;un tr\u00e9pied. Gr\u00e2ce \u00e0 leur champ de vision important, elles assurent une d\u00e9couverte du ciel vraiment spectaculaire et souvent d\u00e9taill\u00e9e. De par le fait qu&rsquo;elles n&rsquo;inversent pas l&rsquo;image (contrairement aux lunettes et t\u00e9lescopes) elles sont moins perturbantes pour le d\u00e9butant.<\/span><\/p>\n<p><span style=\"font-family: times new roman,times,serif; font-size: 20px;\"><img loading=\"lazy\" decoding=\"async\" class=\"aligncenter wp-image-2988 size-full\" src=\"http:\/\/gap47.astrosurf.com\/wp-content\/uploads\/2017\/04\/jumelles_03.jpg\" alt=\"\" width=\"400\" height=\"397\" srcset=\"https:\/\/gap47.astrosurf.com\/wp-content\/uploads\/2017\/04\/jumelles_03.jpg 400w, https:\/\/gap47.astrosurf.com\/wp-content\/uploads\/2017\/04\/jumelles_03-150x150.jpg 150w, https:\/\/gap47.astrosurf.com\/wp-content\/uploads\/2017\/04\/jumelles_03-300x298.jpg 300w, https:\/\/gap47.astrosurf.com\/wp-content\/uploads\/2017\/04\/jumelles_03-100x100.jpg 100w\" sizes=\"auto, (max-width: 400px) 100vw, 400px\" \/><\/span><\/p>\n<p style=\"text-align: center;\"><span style=\"font-size: 20px;\"><em><span style=\"font-family: times new roman,times,serif;\">Jumelles \u00ab\u00a0Astro\u00a0\u00bb<\/span><\/em><\/span><\/p>\n<p><span style=\"font-family: times new roman,times,serif; font-size: 20px;\">Plus modestement, et avec une mise de fonds bien r\u00e9duite, on peut d\u00e9buter la d\u00e9couverte du ciel gr\u00e2ce \u00e0 des jumelles de diam\u00e8tre compris entre 40 mm et 50 mm et avec un grossissement entre 8 et 10. Elles seront d&rsquo;une manipulation plus ais\u00e9e puisqu&rsquo;on peut, avec elles, se passer d&rsquo;un support, ou se bricoler un support sommaire, mais efficace (un manche \u00e0 balai sur lequel on a clou\u00e9 une planchette qui servira de support).<\/span><\/p>\n<p><span style=\"font-family: times new roman,times,serif; font-size: 20px;\"><img loading=\"lazy\" decoding=\"async\" class=\"aligncenter wp-image-2987 size-full\" src=\"http:\/\/gap47.astrosurf.com\/wp-content\/uploads\/2017\/04\/jumelles_01.jpg\" alt=\"\" width=\"400\" height=\"400\" srcset=\"https:\/\/gap47.astrosurf.com\/wp-content\/uploads\/2017\/04\/jumelles_01.jpg 400w, https:\/\/gap47.astrosurf.com\/wp-content\/uploads\/2017\/04\/jumelles_01-150x150.jpg 150w, https:\/\/gap47.astrosurf.com\/wp-content\/uploads\/2017\/04\/jumelles_01-300x300.jpg 300w, https:\/\/gap47.astrosurf.com\/wp-content\/uploads\/2017\/04\/jumelles_01-100x100.jpg 100w\" sizes=\"auto, (max-width: 400px) 100vw, 400px\" \/><\/span><\/p>\n<p style=\"text-align: center;\"><span style=\"font-size: 20px;\"><em><span style=\"font-family: times new roman,times,serif;\">Jumelles classiques<\/span><\/em><\/span><\/p>\n<p><span style=\"font-family: times new roman,times,serif; font-size: 20px;\">Une originalit\u00e9 arriv\u00e9e r\u00e9cemment sur le march\u00e9 : les \u00ab\u00a0yeux de hibou\u00a0\u00bb, qui donnent un champ immense avec un grossissement de 2 \u00e0 2,5. Mais leur prix et leur sp\u00e9cificit\u00e9 en font plus une curiosit\u00e9 qu&rsquo;un outil de d\u00e9couverte, ou un petit plaisir que se fera l&rsquo;amateur chevronn\u00e9 pour se changer des observations de champs microscopiques.<\/span><\/p>\n<table style=\"width: 580px;\">\n<tbody>\n<tr>\n<td style=\"width: 275px;\"><img loading=\"lazy\" decoding=\"async\" class=\"aligncenter wp-image-2986 size-full\" src=\"http:\/\/gap47.astrosurf.com\/wp-content\/uploads\/2017\/04\/jumelles_05.jpg\" alt=\"\" width=\"400\" height=\"381\" srcset=\"https:\/\/gap47.astrosurf.com\/wp-content\/uploads\/2017\/04\/jumelles_05.jpg 400w, https:\/\/gap47.astrosurf.com\/wp-content\/uploads\/2017\/04\/jumelles_05-300x286.jpg 300w\" sizes=\"auto, (max-width: 400px) 100vw, 400px\" \/><\/td>\n<td style=\"text-align: center; width: 288px;\"><img loading=\"lazy\" decoding=\"async\" class=\"alignnone wp-image-2985 size-full\" src=\"http:\/\/gap47.astrosurf.com\/wp-content\/uploads\/2017\/04\/jumelles_04.jpg\" alt=\"\" width=\"400\" height=\"292\" srcset=\"https:\/\/gap47.astrosurf.com\/wp-content\/uploads\/2017\/04\/jumelles_04.jpg 400w, https:\/\/gap47.astrosurf.com\/wp-content\/uploads\/2017\/04\/jumelles_04-300x219.jpg 300w\" sizes=\"auto, (max-width: 400px) 100vw, 400px\" \/> <span style=\"font-size: 20px;\"><em><span style=\"font-family: times new roman,times,serif;\">Jumelles \u00ab\u00a0yeux de hibou\u00a0\u00bb<\/span><\/em><\/span><\/td>\n<\/tr>\n<\/tbody>\n<\/table>\n<p><span style=\"font-family: times new roman,times,serif; font-size: 20px;\">Pourtant la d\u00e9cision d&rsquo;acqu\u00e9rir un instrument de plus gros diam\u00e8tre et plus performant arrive souvent assez vite. Le choix alors se r\u00e9v\u00e8le plus complexe qu&rsquo;on le pense habituellement. Plusieurs facteurs vont entrer en ligne de compte, le plus \u00e9vident (plus gros sera le diam\u00e8tre plus je verrai de choses peu lumineuses car lointaines&#8230;) n&rsquo;\u00e9tant pas le plus d\u00e9cisif, en fin de compte.<\/span><\/p>\n<p><span style=\"font-family: times new roman,times,serif; font-size: 20px;\"><span style=\"color: #000080;\"><em><strong>Voici un petit tableau qui s&rsquo;efforce de clarifier les choses :<\/strong><\/em><\/span><br \/>\n<\/span><\/p>\n<p><img loading=\"lazy\" decoding=\"async\" class=\"alignnone wp-image-6525 size-full\" src=\"http:\/\/gap47.astrosurf.com\/wp-content\/uploads\/2018\/02\/Tableau-choix.png\" alt=\"\" width=\"1050\" height=\"1684\" srcset=\"https:\/\/gap47.astrosurf.com\/wp-content\/uploads\/2018\/02\/Tableau-choix.png 1050w, https:\/\/gap47.astrosurf.com\/wp-content\/uploads\/2018\/02\/Tableau-choix-187x300.png 187w, https:\/\/gap47.astrosurf.com\/wp-content\/uploads\/2018\/02\/Tableau-choix-768x1232.png 768w, https:\/\/gap47.astrosurf.com\/wp-content\/uploads\/2018\/02\/Tableau-choix-748x1200.png 748w\" sizes=\"auto, (max-width: 767px) 89vw, (max-width: 1000px) 54vw, (max-width: 1071px) 543px, 580px\" \/><\/p>\n<p><span style=\"font-size: 20px; font-family: arial, helvetica, sans-serif;\"><em><strong>collimation<\/strong> : action d&rsquo;aligner rigoureusement les miroirs (primaire et secondaire)<\/em><\/span><\/p>\n<p><span style=\"font-size: 20px; font-family: arial, helvetica, sans-serif;\"><em><strong>turbulence<\/strong> : instabilit\u00e9 de l&rsquo;air due \u00e0 des diff\u00e9rences de temp\u00e9rature et cr\u00e9ant des d\u00e9formations des images<\/em><\/span><\/p>\n<p><span style=\"font-family: times new roman,times,serif; font-size: 20px;\">Ne pas oublier surtout des consid\u00e9rations telles que :<\/span><\/p>\n<p><span style=\"font-family: times new roman,times,serif; font-size: 20px;\">&#8211; quelle est la qualit\u00e9 du ciel sur mon lieu d&rsquo;observation ?<\/span><\/p>\n<p><span style=\"font-family: times new roman,times,serif; font-size: 20px;\">&#8211; de quel espace de rangement (et de transport) je dispose ?<\/span><\/p>\n<p><span style=\"font-family: times new roman,times,serif; font-size: 20px;\">&#8211; serai-je capable de mettre en place mon instrument, sans l&rsquo;aide d&rsquo;une autre personne ?<\/span><\/p>\n<p><span style=\"font-family: times new roman,times,serif; font-size: 20px;\">Enfin, ne pas oublier que les membres d&rsquo;un club d&rsquo;astronomie pr\u00e8s de chez vous seront ravis et bien plac\u00e9s pour discuter avec vous de vos besoins et vous aider \u00e0 bien d\u00e9finir votre futur achat.<\/span><\/p>\n<p>&nbsp;<\/p>\n<p><span style=\"font-size: 20px; font-family: arial,helvetica,sans-serif;\"><strong><em>Quelques crit\u00e8res qui peuvent aider votre choix entre une lunette astronomique (r\u00e9fracteur) et un t\u00e9lescope (r\u00e9flecteur)<\/em><\/strong><\/span><\/p>\n<p>&nbsp;<\/p>\n<p><span style=\"font-family: times new roman,times,serif; font-size: 20px;\"><strong>Les 6 avantages de la lunette astronomique :<\/strong><\/span><\/p>\n<ul>\n<li><span style=\"font-family: times new roman,times,serif; font-size: 20px;\"><strong>La lunette astronomique est un objet solide et robuste.<\/strong> Une fois l\u2019alignement initial r\u00e9alis\u00e9 (en usine), il ne sera plus n\u00e9cessaire de proc\u00e9der \u00e0 un nouveau r\u00e9glage.<\/span><\/li>\n<li><span style=\"font-family: times new roman,times,serif; font-size: 20px;\">La lunette n\u00e9cessite tr\u00e8s peu d\u2019entretien, l&rsquo;air ne circulant pas \u00e0 l&rsquo;int\u00e9rieur du tube.<\/span><\/li>\n<li><span style=\"font-family: times new roman,times,serif; font-size: 20px;\">Du fait qu\u2019elle est herm\u00e9tique, elle est peu affect\u00e9e par la turbulence de l&rsquo;air \u00e0 l&rsquo;int\u00e9rieur du tube. Ceci permet d\u2019obtenir des images plus nettes et plus stables que les t\u00e9lescopes.<\/span><\/li>\n<li><span style=\"font-family: times new roman,times,serif; font-size: 20px;\">Les prix assez bas pour les petits diam\u00e8tres (jusqu\u2019\u00e0 80 ou 90 mm) : de 60 \u20ac \u00e0 environ 350 \u20ac pour une qualit\u00e9 tr\u00e8s acceptable pour d\u00e9buter.<\/span><\/li>\n<li><span style=\"font-family: times new roman,times,serif; font-size: 20px;\">Excellente pour l\u2019observation plan\u00e9taire gr\u00e2ce \u00e0 des focales g\u00e9n\u00e9ralement longues.<\/span><\/li>\n<li><span style=\"font-family: times new roman,times,serif; font-size: 20px;\">Les mod\u00e8les courts permettent de pratiquer l\u2019observation terrestre (nature, oiseaux) en sus de l\u2019observation astronomique, en y ajoutant un prisme redresseur.<\/span><\/li>\n<\/ul>\n<p>&nbsp;<\/p>\n<p><span style=\"font-family: times new roman,times,serif; font-size: 20px;\"><strong>Les 4 inconv\u00e9nients de la lunette astronomique :<\/strong><\/span><\/p>\n<p><span style=\"font-family: times new roman,times,serif; font-size: 20px;\">Bien que l\u2019on fabrique encore d\u2019excellentes lunettes, les inconv\u00e9nients de ce type d\u2019appareil ont largement frein\u00e9 la construction de tr\u00e8s gros r\u00e9fracteurs <strong>dans le domaine de la recherche en astronomie<\/strong>.<\/span><\/p>\n<ul>\n<li><span style=\"font-family: times new roman,times,serif; font-size: 20px;\">La lunette d\u2019astronomie subit un effet appel\u00e9 <em>aberration chromatique<\/em> (dispersion des couleurs). Cet effet produit une sorte d\u2019arc-en-ciel autour de l\u2019image observ\u00e9e. On le limite en complexifiant l&rsquo;objectif (doublet, triplets&#8230;), ce qui a un co\u00fbt.<\/span><\/li>\n<li><span style=\"font-family: times new roman,times,serif; font-size: 20px;\">Le verre de la lentille ne laisse pas passer toutes les longueurs d&rsquo;onde lumineuse de mani\u00e8re \u00e9gale (les rayons ultra-violets en particulier).<\/span><\/li>\n<li><span style=\"font-family: times new roman,times,serif; font-size: 20px;\"><strong>La lunette astronomique n\u2019est pas bien adapt\u00e9e pour observer le ciel profond, \u00e0 cause du diam\u00e8tre limit\u00e9 de son objectif.<\/strong><\/span><\/li>\n<li><span style=\"font-family: times new roman,times,serif; font-size: 20px;\">A diam\u00e8tre \u00e9gal, la lunette donne des images plus fines qu\u2019un t\u00e9lescope, mais avec un prix qui devient vite exorbitant.<\/span><\/li>\n<\/ul>\n<p>&nbsp;<\/p>\n<p><span style=\"font-family: times new roman,times,serif; font-size: 20px;\"><strong>Les 6 avantages des t\u00e9lescopes r\u00e9flecteurs :<\/strong><\/span><\/p>\n<ul>\n<li><span style=\"font-family: times new roman,times,serif; font-size: 20px;\">Le t\u00e9lescope ne subit aucune aberration chromatique car la lumi\u00e8re que r\u00e9fl\u00e9chit le miroir ne souffre d\u2019aucune dispersion.<\/span><\/li>\n<li><span style=\"font-family: times new roman,times,serif; font-size: 20px;\">Le co\u00fbt de fabrication d\u2019un t\u00e9lescope est bien moindre qu\u2019une lunette.<\/span><\/li>\n<li><span style=\"font-family: times new roman,times,serif; font-size: 20px;\">A prix \u00e9gal, un t\u00e9lescope aura un diam\u00e8tre nettement sup\u00e9rieur et collectera donc plus de lumi\u00e8re. Par cons\u00e9quent, le t\u00e9lescope est bien adapt\u00e9 \u00e0 l\u2019observation du ciel profond (N\u00e9buleuses, galaxies, amas globulaires\u2026).<\/span><\/li>\n<li><span style=\"font-family: times new roman,times,serif; font-size: 20px;\">Les t\u00e9lescopes Newton \u00e0 monture Dobson ont une mise en station simplifi\u00e9e.<\/span><\/li>\n<li><span style=\"font-family: times new roman,times,serif; font-size: 20px;\">La position en fond de tube prot\u00e8ge le miroir des t\u00e9lescopes de type Newton contre la bu\u00e9e et le gel.<\/span><\/li>\n<li><span style=\"font-family: times new roman,times,serif; font-size: 20px;\">Le syst\u00e8me optique des Schmitt-Cassegrain et Maksutov leur permet d\u2019\u00eatre compacts.<\/span><\/li>\n<\/ul>\n<p>&nbsp;<\/p>\n<p><span style=\"font-family: times new roman,times,serif; font-size: 20px;\"><strong>Les 6 inconv\u00e9nients des t\u00e9lescopes r\u00e9flecteurs :<\/strong><\/span><\/p>\n<ul>\n<li><span style=\"font-family: times new roman,times,serif; font-size: 20px;\">Assez encombrants s&rsquo;ils doivent \u00eatre transport\u00e9s.<\/span><\/li>\n<li><span style=\"font-family: times new roman,times,serif; font-size: 20px;\"><strong>Plus sensibles aux turbulences atmosph\u00e9riques que les lunettes (pour les mod\u00e8les \u00e0 tube ouvert)<\/strong><strong>.<\/strong><\/span><\/li>\n<li><span style=\"font-family: times new roman,times,serif; font-size: 20px;\">Collimation (parfois difficile), devant \u00eatre faite r\u00e9guli\u00e8rement, surtout lorsque le t\u00e9lescope est transport\u00e9.<\/span><\/li>\n<li><span style=\"font-family: times new roman,times,serif; font-size: 20px;\">Aberration optique: <strong>la coma<\/strong>, qui donne une sorte d\u2019aspect de \u00ab\u00a0com\u00e8te\u00a0\u00bb \u00e0 l\u2019objet observ\u00e9.<\/span><\/li>\n<li><span style=\"font-family: times new roman,times,serif; font-size: 20px;\">Au-del\u00e0 de 200mm de diam\u00e8tre les tubes commencent \u00e0 devenir vraiment encombrants, chers et lourds.<\/span><\/li>\n<li><span style=\"font-family: times new roman,times,serif; font-size: 20px;\">Ces types de t\u00e9lescopes ne sont pas adapt\u00e9s \u00e0 l\u2019observation terrestre.<\/span><\/li>\n<\/ul>\n<hr>\n<p>&nbsp;<\/p>\n","protected":false},"excerpt":{"rendered":"<p>Les jumelles sont un instrument id\u00e9al pour le d\u00e9butant qui veut d&rsquo;abord d\u00e9couvrir le ciel dans sa globalit\u00e9, et apprendre \u00e0 situer les objets les plus connus. Elles ont en outre l&rsquo;avantage de n&rsquo;exiger aucun entretien, d&rsquo;\u00eatre facilement transportables et d&rsquo;\u00eatre imm\u00e9diatement op\u00e9rationnelles. On trouve d&rsquo;excellentes jumelles d\u00e9di\u00e9es \u00e0 l&rsquo;astronomie, dans des diam\u00e8tres allant de &hellip; <\/p>\n<p class=\"link-more\"><a href=\"https:\/\/gap47.astrosurf.com\/index.php\/astro-debutants\/choisir-un-instrument\/\" class=\"more-link\">Continuer la lecture<span class=\"screen-reader-text\"> de &laquo;&nbsp;Choisir un instrument&nbsp;&raquo;<\/span><\/a><\/p>\n","protected":false},"author":5,"featured_media":0,"parent":76,"menu_order":2,"comment_status":"closed","ping_status":"closed","template":"","meta":{"_exactmetrics_skip_tracking":false,"_exactmetrics_sitenote_active":false,"_exactmetrics_sitenote_note":"","_exactmetrics_sitenote_category":0,"ngg_post_thumbnail":0,"footnotes":""},"class_list":["post-190","page","type-page","status-publish","hentry"],"yoast_head":"<!-- This site is optimized with the Yoast SEO plugin v24.8.1 - https:\/\/yoast.com\/wordpress\/plugins\/seo\/ -->\n<title>Choisir un instrument - L&#039;observatoire est ouvert aux visiteurs tous les vendredis soirs \u00e0 21 heures, jusqu&#039;au 3 juillet 2026 inclus, sans r\u00e9servation.<\/title>\n<meta name=\"robots\" content=\"index, follow, max-snippet:-1, max-image-preview:large, max-video-preview:-1\" \/>\n<link rel=\"canonical\" href=\"https:\/\/gap47.astrosurf.com\/index.php\/astro-debutants\/choisir-un-instrument\/\" \/>\n<meta property=\"og:locale\" content=\"fr_FR\" \/>\n<meta property=\"og:type\" content=\"article\" \/>\n<meta property=\"og:title\" content=\"Choisir un instrument - L&#039;observatoire est ouvert aux visiteurs tous les vendredis soirs \u00e0 21 heures, jusqu&#039;au 3 juillet 2026 inclus, sans r\u00e9servation.\" \/>\n<meta property=\"og:description\" content=\"Les jumelles sont un instrument id\u00e9al pour le d\u00e9butant qui veut d&rsquo;abord d\u00e9couvrir le ciel dans sa globalit\u00e9, et apprendre \u00e0 situer les objets les plus connus. Elles ont en outre l&rsquo;avantage de n&rsquo;exiger aucun entretien, d&rsquo;\u00eatre facilement transportables et d&rsquo;\u00eatre imm\u00e9diatement op\u00e9rationnelles. On trouve d&rsquo;excellentes jumelles d\u00e9di\u00e9es \u00e0 l&rsquo;astronomie, dans des diam\u00e8tres allant de &hellip; Continuer la lecture de &laquo;&nbsp;Choisir un instrument&nbsp;&raquo;\" \/>\n<meta property=\"og:url\" content=\"https:\/\/gap47.astrosurf.com\/index.php\/astro-debutants\/choisir-un-instrument\/\" \/>\n<meta property=\"og:site_name\" content=\"L&#039;observatoire est ouvert aux visiteurs tous les vendredis soirs \u00e0 21 heures, jusqu&#039;au 3 juillet 2026 inclus, sans r\u00e9servation.\" \/>\n<meta property=\"article:publisher\" content=\"https:\/\/www.facebook.com\/astrogap47\/\" \/>\n<meta property=\"article:modified_time\" content=\"2023-12-27T17:41:41+00:00\" \/>\n<meta property=\"og:image\" content=\"http:\/\/gap47.astrosurf.com\/wp-content\/uploads\/2017\/04\/jumelles_03.jpg\" \/>\n<meta name=\"twitter:card\" content=\"summary_large_image\" \/>\n<meta name=\"twitter:label1\" content=\"Dur\u00e9e de lecture estim\u00e9e\" \/>\n\t<meta name=\"twitter:data1\" content=\"6 minutes\" \/>\n<script type=\"application\/ld+json\" class=\"yoast-schema-graph\">{\"@context\":\"https:\/\/schema.org\",\"@graph\":[{\"@type\":\"WebPage\",\"@id\":\"https:\/\/gap47.astrosurf.com\/index.php\/astro-debutants\/choisir-un-instrument\/\",\"url\":\"https:\/\/gap47.astrosurf.com\/index.php\/astro-debutants\/choisir-un-instrument\/\",\"name\":\"Choisir un instrument - L&#039;observatoire est ouvert aux visiteurs tous les vendredis soirs \u00e0 21 heures, jusqu&#039;au 3 juillet 2026 inclus, sans r\u00e9servation.\",\"isPartOf\":{\"@id\":\"https:\/\/gap47.astrosurf.com\/#website\"},\"primaryImageOfPage\":{\"@id\":\"https:\/\/gap47.astrosurf.com\/index.php\/astro-debutants\/choisir-un-instrument\/#primaryimage\"},\"image\":{\"@id\":\"https:\/\/gap47.astrosurf.com\/index.php\/astro-debutants\/choisir-un-instrument\/#primaryimage\"},\"thumbnailUrl\":\"http:\/\/gap47.astrosurf.com\/wp-content\/uploads\/2017\/04\/jumelles_03.jpg\",\"datePublished\":\"2017-04-01T15:38:09+00:00\",\"dateModified\":\"2023-12-27T17:41:41+00:00\",\"breadcrumb\":{\"@id\":\"https:\/\/gap47.astrosurf.com\/index.php\/astro-debutants\/choisir-un-instrument\/#breadcrumb\"},\"inLanguage\":\"fr-FR\",\"potentialAction\":[{\"@type\":\"ReadAction\",\"target\":[\"https:\/\/gap47.astrosurf.com\/index.php\/astro-debutants\/choisir-un-instrument\/\"]}]},{\"@type\":\"ImageObject\",\"inLanguage\":\"fr-FR\",\"@id\":\"https:\/\/gap47.astrosurf.com\/index.php\/astro-debutants\/choisir-un-instrument\/#primaryimage\",\"url\":\"https:\/\/gap47.astrosurf.com\/wp-content\/uploads\/2017\/04\/jumelles_03.jpg\",\"contentUrl\":\"https:\/\/gap47.astrosurf.com\/wp-content\/uploads\/2017\/04\/jumelles_03.jpg\",\"width\":400,\"height\":397},{\"@type\":\"BreadcrumbList\",\"@id\":\"https:\/\/gap47.astrosurf.com\/index.php\/astro-debutants\/choisir-un-instrument\/#breadcrumb\",\"itemListElement\":[{\"@type\":\"ListItem\",\"position\":1,\"name\":\"Accueil\",\"item\":\"https:\/\/gap47.astrosurf.com\/\"},{\"@type\":\"ListItem\",\"position\":2,\"name\":\"Astro d\u00e9butants\",\"item\":\"https:\/\/gap47.astrosurf.com\/index.php\/astro-debutants\/\"},{\"@type\":\"ListItem\",\"position\":3,\"name\":\"Choisir un instrument\"}]},{\"@type\":\"WebSite\",\"@id\":\"https:\/\/gap47.astrosurf.com\/#website\",\"url\":\"https:\/\/gap47.astrosurf.com\/\",\"name\":\"De janvier \u00e0 fin juin 2024, le GAP47 sera ouvert aux visiteurs tous les vendredis \u00e0 21h sans r\u00e9servation, \u00e0 l'exception du vendredi 26 janvier o\u00f9 l'observatoire sera ferm\u00e9 au public.\",\"description\":\"Groupe d&#039;Astronomie Populaire du Lot-et-Garonne, \u00e0 Montayral\",\"potentialAction\":[{\"@type\":\"SearchAction\",\"target\":{\"@type\":\"EntryPoint\",\"urlTemplate\":\"https:\/\/gap47.astrosurf.com\/?s={search_term_string}\"},\"query-input\":{\"@type\":\"PropertyValueSpecification\",\"valueRequired\":true,\"valueName\":\"search_term_string\"}}],\"inLanguage\":\"fr-FR\"}]}<\/script>\n<!-- \/ Yoast SEO plugin. -->","yoast_head_json":{"title":"Choisir un instrument - L&#039;observatoire est ouvert aux visiteurs tous les vendredis soirs \u00e0 21 heures, jusqu&#039;au 3 juillet 2026 inclus, sans r\u00e9servation.","robots":{"index":"index","follow":"follow","max-snippet":"max-snippet:-1","max-image-preview":"max-image-preview:large","max-video-preview":"max-video-preview:-1"},"canonical":"https:\/\/gap47.astrosurf.com\/index.php\/astro-debutants\/choisir-un-instrument\/","og_locale":"fr_FR","og_type":"article","og_title":"Choisir un instrument - L&#039;observatoire est ouvert aux visiteurs tous les vendredis soirs \u00e0 21 heures, jusqu&#039;au 3 juillet 2026 inclus, sans r\u00e9servation.","og_description":"Les jumelles sont un instrument id\u00e9al pour le d\u00e9butant qui veut d&rsquo;abord d\u00e9couvrir le ciel dans sa globalit\u00e9, et apprendre \u00e0 situer les objets les plus connus. Elles ont en outre l&rsquo;avantage de n&rsquo;exiger aucun entretien, d&rsquo;\u00eatre facilement transportables et d&rsquo;\u00eatre imm\u00e9diatement op\u00e9rationnelles. On trouve d&rsquo;excellentes jumelles d\u00e9di\u00e9es \u00e0 l&rsquo;astronomie, dans des diam\u00e8tres allant de &hellip; Continuer la lecture de &laquo;&nbsp;Choisir un instrument&nbsp;&raquo;","og_url":"https:\/\/gap47.astrosurf.com\/index.php\/astro-debutants\/choisir-un-instrument\/","og_site_name":"L&#039;observatoire est ouvert aux visiteurs tous les vendredis soirs \u00e0 21 heures, jusqu&#039;au 3 juillet 2026 inclus, sans r\u00e9servation.","article_publisher":"https:\/\/www.facebook.com\/astrogap47\/","article_modified_time":"2023-12-27T17:41:41+00:00","og_image":[{"url":"http:\/\/gap47.astrosurf.com\/wp-content\/uploads\/2017\/04\/jumelles_03.jpg","type":"","width":"","height":""}],"twitter_card":"summary_large_image","twitter_misc":{"Dur\u00e9e de lecture estim\u00e9e":"6 minutes"},"schema":{"@context":"https:\/\/schema.org","@graph":[{"@type":"WebPage","@id":"https:\/\/gap47.astrosurf.com\/index.php\/astro-debutants\/choisir-un-instrument\/","url":"https:\/\/gap47.astrosurf.com\/index.php\/astro-debutants\/choisir-un-instrument\/","name":"Choisir un instrument - L&#039;observatoire est ouvert aux visiteurs tous les vendredis soirs \u00e0 21 heures, jusqu&#039;au 3 juillet 2026 inclus, sans r\u00e9servation.","isPartOf":{"@id":"https:\/\/gap47.astrosurf.com\/#website"},"primaryImageOfPage":{"@id":"https:\/\/gap47.astrosurf.com\/index.php\/astro-debutants\/choisir-un-instrument\/#primaryimage"},"image":{"@id":"https:\/\/gap47.astrosurf.com\/index.php\/astro-debutants\/choisir-un-instrument\/#primaryimage"},"thumbnailUrl":"http:\/\/gap47.astrosurf.com\/wp-content\/uploads\/2017\/04\/jumelles_03.jpg","datePublished":"2017-04-01T15:38:09+00:00","dateModified":"2023-12-27T17:41:41+00:00","breadcrumb":{"@id":"https:\/\/gap47.astrosurf.com\/index.php\/astro-debutants\/choisir-un-instrument\/#breadcrumb"},"inLanguage":"fr-FR","potentialAction":[{"@type":"ReadAction","target":["https:\/\/gap47.astrosurf.com\/index.php\/astro-debutants\/choisir-un-instrument\/"]}]},{"@type":"ImageObject","inLanguage":"fr-FR","@id":"https:\/\/gap47.astrosurf.com\/index.php\/astro-debutants\/choisir-un-instrument\/#primaryimage","url":"https:\/\/gap47.astrosurf.com\/wp-content\/uploads\/2017\/04\/jumelles_03.jpg","contentUrl":"https:\/\/gap47.astrosurf.com\/wp-content\/uploads\/2017\/04\/jumelles_03.jpg","width":400,"height":397},{"@type":"BreadcrumbList","@id":"https:\/\/gap47.astrosurf.com\/index.php\/astro-debutants\/choisir-un-instrument\/#breadcrumb","itemListElement":[{"@type":"ListItem","position":1,"name":"Accueil","item":"https:\/\/gap47.astrosurf.com\/"},{"@type":"ListItem","position":2,"name":"Astro d\u00e9butants","item":"https:\/\/gap47.astrosurf.com\/index.php\/astro-debutants\/"},{"@type":"ListItem","position":3,"name":"Choisir un instrument"}]},{"@type":"WebSite","@id":"https:\/\/gap47.astrosurf.com\/#website","url":"https:\/\/gap47.astrosurf.com\/","name":"De janvier \u00e0 fin juin 2024, le GAP47 sera ouvert aux visiteurs tous les vendredis \u00e0 21h sans r\u00e9servation, \u00e0 l'exception du vendredi 26 janvier o\u00f9 l'observatoire sera ferm\u00e9 au public.","description":"Groupe d&#039;Astronomie Populaire du Lot-et-Garonne, \u00e0 Montayral","potentialAction":[{"@type":"SearchAction","target":{"@type":"EntryPoint","urlTemplate":"https:\/\/gap47.astrosurf.com\/?s={search_term_string}"},"query-input":{"@type":"PropertyValueSpecification","valueRequired":true,"valueName":"search_term_string"}}],"inLanguage":"fr-FR"}]}},"_links":{"self":[{"href":"https:\/\/gap47.astrosurf.com\/index.php\/wp-json\/wp\/v2\/pages\/190","targetHints":{"allow":["GET"]}}],"collection":[{"href":"https:\/\/gap47.astrosurf.com\/index.php\/wp-json\/wp\/v2\/pages"}],"about":[{"href":"https:\/\/gap47.astrosurf.com\/index.php\/wp-json\/wp\/v2\/types\/page"}],"author":[{"embeddable":true,"href":"https:\/\/gap47.astrosurf.com\/index.php\/wp-json\/wp\/v2\/users\/5"}],"replies":[{"embeddable":true,"href":"https:\/\/gap47.astrosurf.com\/index.php\/wp-json\/wp\/v2\/comments?post=190"}],"version-history":[{"count":26,"href":"https:\/\/gap47.astrosurf.com\/index.php\/wp-json\/wp\/v2\/pages\/190\/revisions"}],"predecessor-version":[{"id":12678,"href":"https:\/\/gap47.astrosurf.com\/index.php\/wp-json\/wp\/v2\/pages\/190\/revisions\/12678"}],"up":[{"embeddable":true,"href":"https:\/\/gap47.astrosurf.com\/index.php\/wp-json\/wp\/v2\/pages\/76"}],"wp:attachment":[{"href":"https:\/\/gap47.astrosurf.com\/index.php\/wp-json\/wp\/v2\/media?parent=190"}],"curies":[{"name":"wp","href":"https:\/\/api.w.org\/{rel}","templated":true}]}}