 {"id":127,"date":"2017-04-01T00:13:28","date_gmt":"2017-03-31T22:13:28","guid":{"rendered":"http:\/\/gap47.astrosurf.com\/?page_id=127"},"modified":"2025-04-30T17:28:28","modified_gmt":"2025-04-30T15:28:28","slug":"la-video-du-gap47","status":"publish","type":"page","link":"https:\/\/gap47.astrosurf.com\/index.php\/le-gap47\/qui-sommes-nous\/la-video-du-gap47\/","title":{"rendered":"Vid\u00e9os faites sur le GAP47"},"content":{"rendered":"<div>\n<p style=\"text-align: center;\"><strong><span style=\"font-family: 'times new roman', times, serif; font-size: 24px; color: #993366;\">Extrait d&rsquo;un des \u00ab 100&nbsp; lieux qu&rsquo;il faut voir \u00bb sur la vall\u00e9e du Lot.<\/span><\/strong><br \/>\n<strong><span style=\"font-family: 'times new roman', times, serif; font-size: 24px; color: #993366;\">Le tournage a \u00e9t\u00e9 r\u00e9alis\u00e9 en 2023 par Morgane Production et a \u00e9t\u00e9 diffus\u00e9 sur France 5. Nous avons un accord de diffusion sur la vid\u00e9o ci-dessous.<\/span><\/strong><\/p>\n<p style=\"text-align: center;\"><strong><span style=\"font-family: 'times new roman', times, serif; font-size: 24px; color: #993366;\">Un beau reportage sur notre observatoire du GAP47 <\/span><\/strong><strong><span style=\"font-family: 'times new roman', times, serif; font-size: 24px; color: #993366;\">\u00e0 Montayral.<\/span><\/strong><\/p>\n<p style=\"text-align: center;\"><div style=\"width: 525px;\" class=\"wp-video\"><video class=\"wp-video-shortcode\" id=\"video-127-1\" width=\"525\" height=\"394\" preload=\"metadata\" controls=\"controls\"><source type=\"video\/mp4\" src=\"http:\/\/gap47.astrosurf.com\/wp-content\/uploads\/2025\/04\/GAP47_France4_2.mp4?_=1\" \/><a href=\"http:\/\/gap47.astrosurf.com\/wp-content\/uploads\/2025\/04\/GAP47_France4_2.mp4\">http:\/\/gap47.astrosurf.com\/wp-content\/uploads\/2025\/04\/GAP47_France4_2.mp4<\/a><\/video><\/div><\/p>\n<\/div>\n<div>\n<hr>\n<\/div>\n<div id=\"watch-uploader-info\" style=\"text-align: center;\"><span style=\"font-family: arial, helvetica, sans-serif; font-size: 24px;\"><strong class=\"watch-time-text\">4 janvier 2017<\/strong><\/span><\/div>\n<div id=\"watch-description-text\" class=\"\">\n<p id=\"eow-description\" class=\"\"><span style=\"font-family: times new roman,times,serif; font-size: 20px;\">\u00ab <em>A la rencontre d&rsquo;astronomes amateurs (mais avertis) et bricoleurs de g\u00e9nie, qui nous ouvrent les portes de leur univers. Reportage au GAP47, r\u00e9alis\u00e9 par Corinne K. , Emilien K. et Romain C. Film r\u00e9alis\u00e9 dans le cadre d&rsquo;une formation Spicy Motion<\/em> \u00bb.<\/span><\/p>\n<\/div>\n<p><a href=\"https:\/\/www.youtube.com\/watch?v=QGc5V_53tjU\" target=\"_blank\" rel=\"noopener noreferrer\"><img loading=\"lazy\" decoding=\"async\" class=\"alignnone wp-image-1935\" src=\"http:\/\/gap47.astrosurf.com\/wp-content\/uploads\/2017\/04\/Capture-d\u2019e\u0301cran-2017-06-05-a\u0300-01.02.56.png\" alt=\"\" width=\"800\" height=\"463\" srcset=\"https:\/\/gap47.astrosurf.com\/wp-content\/uploads\/2017\/04\/Capture-d\u2019e\u0301cran-2017-06-05-a\u0300-01.02.56.png 1224w, https:\/\/gap47.astrosurf.com\/wp-content\/uploads\/2017\/04\/Capture-d\u2019e\u0301cran-2017-06-05-a\u0300-01.02.56-300x174.png 300w, https:\/\/gap47.astrosurf.com\/wp-content\/uploads\/2017\/04\/Capture-d\u2019e\u0301cran-2017-06-05-a\u0300-01.02.56-768x444.png 768w\" sizes=\"auto, (max-width: 767px) 89vw, (max-width: 1000px) 54vw, (max-width: 1071px) 543px, 580px\" \/><\/a><\/p>\n<hr>\n","protected":false},"excerpt":{"rendered":"<p>Extrait d&rsquo;un des \u00ab 100&nbsp; lieux qu&rsquo;il faut voir \u00bb sur la vall\u00e9e du Lot. Le tournage a \u00e9t\u00e9 r\u00e9alis\u00e9 en 2023 par Morgane Production et a \u00e9t\u00e9 diffus\u00e9 sur France 5. Nous avons un accord de diffusion sur la vid\u00e9o ci-dessous. Un beau reportage sur notre observatoire du GAP47 \u00e0 Montayral. 4 janvier 2017 &hellip; <\/p>\n<p class=\"link-more\"><a href=\"https:\/\/gap47.astrosurf.com\/index.php\/le-gap47\/qui-sommes-nous\/la-video-du-gap47\/\" class=\"more-link\">Continuer la lecture<span class=\"screen-reader-text\"> de &laquo;&nbsp;Vid\u00e9os faites sur le GAP47&nbsp;&raquo;<\/span><\/a><\/p>\n","protected":false},"author":5,"featured_media":0,"parent":92,"menu_order":2,"comment_status":"closed","ping_status":"closed","template":"","meta":{"_exactmetrics_skip_tracking":false,"_exactmetrics_sitenote_active":false,"_exactmetrics_sitenote_note":"","_exactmetrics_sitenote_category":0,"ngg_post_thumbnail":0,"footnotes":""},"class_list":["post-127","page","type-page","status-publish","hentry"],"yoast_head":"<!-- This site is optimized with the Yoast SEO plugin v24.8.1 - https:\/\/yoast.com\/wordpress\/plugins\/seo\/ -->\n<title>Vid\u00e9os faites sur le GAP47 - L&#039;observatoire est ouvert aux visiteurs tous les vendredis soirs \u00e0 21 heures, jusqu&#039;au 3 juillet 2026 inclus, sans r\u00e9servation.<\/title>\n<meta name=\"robots\" content=\"index, follow, max-snippet:-1, max-image-preview:large, max-video-preview:-1\" \/>\n<link rel=\"canonical\" href=\"https:\/\/gap47.astrosurf.com\/index.php\/le-gap47\/qui-sommes-nous\/la-video-du-gap47\/\" \/>\n<meta property=\"og:locale\" content=\"fr_FR\" \/>\n<meta property=\"og:type\" content=\"article\" \/>\n<meta property=\"og:title\" content=\"Vid\u00e9os faites sur le GAP47 - L&#039;observatoire est ouvert aux visiteurs tous les vendredis soirs \u00e0 21 heures, jusqu&#039;au 3 juillet 2026 inclus, sans r\u00e9servation.\" \/>\n<meta property=\"og:description\" content=\"Extrait d&rsquo;un des \u00ab 100&nbsp; lieux qu&rsquo;il faut voir \u00bb sur la vall\u00e9e du Lot. Le tournage a \u00e9t\u00e9 r\u00e9alis\u00e9 en 2023 par Morgane Production et a \u00e9t\u00e9 diffus\u00e9 sur France 5. Nous avons un accord de diffusion sur la vid\u00e9o ci-dessous. Un beau reportage sur notre observatoire du GAP47 \u00e0 Montayral. 4 janvier 2017 &hellip; Continuer la lecture de &laquo;&nbsp;Vid\u00e9os faites sur le GAP47&nbsp;&raquo;\" \/>\n<meta property=\"og:url\" content=\"https:\/\/gap47.astrosurf.com\/index.php\/le-gap47\/qui-sommes-nous\/la-video-du-gap47\/\" \/>\n<meta property=\"og:site_name\" content=\"L&#039;observatoire est ouvert aux visiteurs tous les vendredis soirs \u00e0 21 heures, jusqu&#039;au 3 juillet 2026 inclus, sans r\u00e9servation.\" \/>\n<meta property=\"article:publisher\" content=\"https:\/\/www.facebook.com\/astrogap47\/\" \/>\n<meta property=\"article:modified_time\" content=\"2025-04-30T15:28:28+00:00\" \/>\n<meta name=\"twitter:card\" content=\"summary_large_image\" \/>\n<meta name=\"twitter:label1\" content=\"Dur\u00e9e de lecture estim\u00e9e\" \/>\n\t<meta name=\"twitter:data1\" content=\"1 minute\" \/>\n<script type=\"application\/ld+json\" class=\"yoast-schema-graph\">{\"@context\":\"https:\/\/schema.org\",\"@graph\":[{\"@type\":\"WebPage\",\"@id\":\"https:\/\/gap47.astrosurf.com\/index.php\/le-gap47\/qui-sommes-nous\/la-video-du-gap47\/\",\"url\":\"https:\/\/gap47.astrosurf.com\/index.php\/le-gap47\/qui-sommes-nous\/la-video-du-gap47\/\",\"name\":\"Vid\u00e9os faites sur le GAP47 - L&#039;observatoire est ouvert aux visiteurs tous les vendredis soirs \u00e0 21 heures, jusqu&#039;au 3 juillet 2026 inclus, sans r\u00e9servation.\",\"isPartOf\":{\"@id\":\"https:\/\/gap47.astrosurf.com\/#website\"},\"datePublished\":\"2017-03-31T22:13:28+00:00\",\"dateModified\":\"2025-04-30T15:28:28+00:00\",\"breadcrumb\":{\"@id\":\"https:\/\/gap47.astrosurf.com\/index.php\/le-gap47\/qui-sommes-nous\/la-video-du-gap47\/#breadcrumb\"},\"inLanguage\":\"fr-FR\",\"potentialAction\":[{\"@type\":\"ReadAction\",\"target\":[\"https:\/\/gap47.astrosurf.com\/index.php\/le-gap47\/qui-sommes-nous\/la-video-du-gap47\/\"]}]},{\"@type\":\"BreadcrumbList\",\"@id\":\"https:\/\/gap47.astrosurf.com\/index.php\/le-gap47\/qui-sommes-nous\/la-video-du-gap47\/#breadcrumb\",\"itemListElement\":[{\"@type\":\"ListItem\",\"position\":1,\"name\":\"Accueil\",\"item\":\"https:\/\/gap47.astrosurf.com\/\"},{\"@type\":\"ListItem\",\"position\":2,\"name\":\"Le GAP47\",\"item\":\"https:\/\/gap47.astrosurf.com\/index.php\/le-gap47\/\"},{\"@type\":\"ListItem\",\"position\":3,\"name\":\"Qui sommes-nous ?\",\"item\":\"https:\/\/gap47.astrosurf.com\/index.php\/le-gap47\/qui-sommes-nous\/\"},{\"@type\":\"ListItem\",\"position\":4,\"name\":\"Vid\u00e9os faites sur le GAP47\"}]},{\"@type\":\"WebSite\",\"@id\":\"https:\/\/gap47.astrosurf.com\/#website\",\"url\":\"https:\/\/gap47.astrosurf.com\/\",\"name\":\"De janvier \u00e0 fin juin 2024, le GAP47 sera ouvert aux visiteurs tous les vendredis \u00e0 21h sans r\u00e9servation, \u00e0 l'exception du vendredi 26 janvier o\u00f9 l'observatoire sera ferm\u00e9 au public.\",\"description\":\"Groupe d&#039;Astronomie Populaire du Lot-et-Garonne, \u00e0 Montayral\",\"potentialAction\":[{\"@type\":\"SearchAction\",\"target\":{\"@type\":\"EntryPoint\",\"urlTemplate\":\"https:\/\/gap47.astrosurf.com\/?s={search_term_string}\"},\"query-input\":{\"@type\":\"PropertyValueSpecification\",\"valueRequired\":true,\"valueName\":\"search_term_string\"}}],\"inLanguage\":\"fr-FR\"}]}<\/script>\n<!-- \/ Yoast SEO plugin. -->","yoast_head_json":{"title":"Vid\u00e9os faites sur le GAP47 - L&#039;observatoire est ouvert aux visiteurs tous les vendredis soirs \u00e0 21 heures, jusqu&#039;au 3 juillet 2026 inclus, sans r\u00e9servation.","robots":{"index":"index","follow":"follow","max-snippet":"max-snippet:-1","max-image-preview":"max-image-preview:large","max-video-preview":"max-video-preview:-1"},"canonical":"https:\/\/gap47.astrosurf.com\/index.php\/le-gap47\/qui-sommes-nous\/la-video-du-gap47\/","og_locale":"fr_FR","og_type":"article","og_title":"Vid\u00e9os faites sur le GAP47 - L&#039;observatoire est ouvert aux visiteurs tous les vendredis soirs \u00e0 21 heures, jusqu&#039;au 3 juillet 2026 inclus, sans r\u00e9servation.","og_description":"Extrait d&rsquo;un des \u00ab 100&nbsp; lieux qu&rsquo;il faut voir \u00bb sur la vall\u00e9e du Lot. Le tournage a \u00e9t\u00e9 r\u00e9alis\u00e9 en 2023 par Morgane Production et a \u00e9t\u00e9 diffus\u00e9 sur France 5. Nous avons un accord de diffusion sur la vid\u00e9o ci-dessous. Un beau reportage sur notre observatoire du GAP47 \u00e0 Montayral. 4 janvier 2017 &hellip; Continuer la lecture de &laquo;&nbsp;Vid\u00e9os faites sur le GAP47&nbsp;&raquo;","og_url":"https:\/\/gap47.astrosurf.com\/index.php\/le-gap47\/qui-sommes-nous\/la-video-du-gap47\/","og_site_name":"L&#039;observatoire est ouvert aux visiteurs tous les vendredis soirs \u00e0 21 heures, jusqu&#039;au 3 juillet 2026 inclus, sans r\u00e9servation.","article_publisher":"https:\/\/www.facebook.com\/astrogap47\/","article_modified_time":"2025-04-30T15:28:28+00:00","twitter_card":"summary_large_image","twitter_misc":{"Dur\u00e9e de lecture estim\u00e9e":"1 minute"},"schema":{"@context":"https:\/\/schema.org","@graph":[{"@type":"WebPage","@id":"https:\/\/gap47.astrosurf.com\/index.php\/le-gap47\/qui-sommes-nous\/la-video-du-gap47\/","url":"https:\/\/gap47.astrosurf.com\/index.php\/le-gap47\/qui-sommes-nous\/la-video-du-gap47\/","name":"Vid\u00e9os faites sur le GAP47 - L&#039;observatoire est ouvert aux visiteurs tous les vendredis soirs \u00e0 21 heures, jusqu&#039;au 3 juillet 2026 inclus, sans r\u00e9servation.","isPartOf":{"@id":"https:\/\/gap47.astrosurf.com\/#website"},"datePublished":"2017-03-31T22:13:28+00:00","dateModified":"2025-04-30T15:28:28+00:00","breadcrumb":{"@id":"https:\/\/gap47.astrosurf.com\/index.php\/le-gap47\/qui-sommes-nous\/la-video-du-gap47\/#breadcrumb"},"inLanguage":"fr-FR","potentialAction":[{"@type":"ReadAction","target":["https:\/\/gap47.astrosurf.com\/index.php\/le-gap47\/qui-sommes-nous\/la-video-du-gap47\/"]}]},{"@type":"BreadcrumbList","@id":"https:\/\/gap47.astrosurf.com\/index.php\/le-gap47\/qui-sommes-nous\/la-video-du-gap47\/#breadcrumb","itemListElement":[{"@type":"ListItem","position":1,"name":"Accueil","item":"https:\/\/gap47.astrosurf.com\/"},{"@type":"ListItem","position":2,"name":"Le GAP47","item":"https:\/\/gap47.astrosurf.com\/index.php\/le-gap47\/"},{"@type":"ListItem","position":3,"name":"Qui sommes-nous ?","item":"https:\/\/gap47.astrosurf.com\/index.php\/le-gap47\/qui-sommes-nous\/"},{"@type":"ListItem","position":4,"name":"Vid\u00e9os faites sur le GAP47"}]},{"@type":"WebSite","@id":"https:\/\/gap47.astrosurf.com\/#website","url":"https:\/\/gap47.astrosurf.com\/","name":"De janvier \u00e0 fin juin 2024, le GAP47 sera ouvert aux visiteurs tous les vendredis \u00e0 21h sans r\u00e9servation, \u00e0 l'exception du vendredi 26 janvier o\u00f9 l'observatoire sera ferm\u00e9 au public.","description":"Groupe d&#039;Astronomie Populaire du Lot-et-Garonne, \u00e0 Montayral","potentialAction":[{"@type":"SearchAction","target":{"@type":"EntryPoint","urlTemplate":"https:\/\/gap47.astrosurf.com\/?s={search_term_string}"},"query-input":{"@type":"PropertyValueSpecification","valueRequired":true,"valueName":"search_term_string"}}],"inLanguage":"fr-FR"}]}},"_links":{"self":[{"href":"https:\/\/gap47.astrosurf.com\/index.php\/wp-json\/wp\/v2\/pages\/127","targetHints":{"allow":["GET"]}}],"collection":[{"href":"https:\/\/gap47.astrosurf.com\/index.php\/wp-json\/wp\/v2\/pages"}],"about":[{"href":"https:\/\/gap47.astrosurf.com\/index.php\/wp-json\/wp\/v2\/types\/page"}],"author":[{"embeddable":true,"href":"https:\/\/gap47.astrosurf.com\/index.php\/wp-json\/wp\/v2\/users\/5"}],"replies":[{"embeddable":true,"href":"https:\/\/gap47.astrosurf.com\/index.php\/wp-json\/wp\/v2\/comments?post=127"}],"version-history":[{"count":29,"href":"https:\/\/gap47.astrosurf.com\/index.php\/wp-json\/wp\/v2\/pages\/127\/revisions"}],"predecessor-version":[{"id":13503,"href":"https:\/\/gap47.astrosurf.com\/index.php\/wp-json\/wp\/v2\/pages\/127\/revisions\/13503"}],"up":[{"embeddable":true,"href":"https:\/\/gap47.astrosurf.com\/index.php\/wp-json\/wp\/v2\/pages\/92"}],"wp:attachment":[{"href":"https:\/\/gap47.astrosurf.com\/index.php\/wp-json\/wp\/v2\/media?parent=127"}],"curies":[{"name":"wp","href":"https:\/\/api.w.org\/{rel}","templated":true}]}}