 {"id":123,"date":"2017-04-01T00:12:13","date_gmt":"2017-03-31T22:12:13","guid":{"rendered":"http:\/\/gap47.astrosurf.com\/?page_id=123"},"modified":"2024-11-16T18:19:41","modified_gmt":"2024-11-16T16:19:41","slug":"vocation-du-gap47","status":"publish","type":"page","link":"https:\/\/gap47.astrosurf.com\/index.php\/le-gap47\/qui-sommes-nous\/vocation-du-gap47\/","title":{"rendered":"Vocation du GAP47"},"content":{"rendered":"<p><span style=\"font-size: 20px;\"><strong><span style=\"font-family: arial,helvetica,sans-serif;\">Notre club est une association d&rsquo;amateurs, dans le cadre de la loi de 1901, ouverte \u00e0 tous, pratiquants passionn\u00e9s ou simples d\u00e9butants ignorant tout des choses de l&rsquo;Univers.<\/span><\/strong><\/span><\/p>\n<p>&nbsp;<\/p>\n<p><span style=\"font-family: times new roman,times,serif; font-size: 20px;\"><strong>Un club autonome aux comp\u00e9tences diversifi\u00e9es<br \/>\n<\/strong><\/span><\/p>\n<p><span style=\"font-family: times new roman,times,serif; font-size: 20px;\">Notre association a f\u00eat\u00e9 ses 40 ans en avril 2023. Le GAP47 s\u2019est toujours attach\u00e9 \u00e0 avoir des pratiques diversifi\u00e9es, r\u00e9pondant ainsi \u00e0 plusieurs projets, compl\u00e9mentaires et non concurrentiels.<\/span><\/p>\n<p><span style=\"font-family: times new roman,times,serif; font-size: 20px;\">N\u00e9 dans une agglom\u00e9ration \u00e0 tradition industrielle, le Groupe d&rsquo;Astronomie Populaire, fid\u00e8le \u00e0 son appellation, a toujours tenu \u00e0 faire partager au plus grand nombre un savoir que l&rsquo;on pourrait consid\u00e9rer, \u00e0 tort, comme r\u00e9serv\u00e9 \u00e0 une \u00e9lite intellectuelle. L&rsquo;accueil du public est donc une priorit\u00e9 constante, et un plaisir. Ces derni\u00e8res ann\u00e9es, ce sont (en moyenne) plus de 2800 visiteurs annuels qui ont profit\u00e9 de nos installations pour s&rsquo;initier \u00e0 l&rsquo;astronomie.<\/span><\/p>\n<p><span style=\"font-family: times new roman,times,serif; font-size: 20px;\">Mettant \u00e0 profit les comp\u00e9tences des membres, le club s&rsquo;est aussi attach\u00e9 \u00e0 la construction des b\u00e2timents et des instruments, \u00e9voluant, ann\u00e9e apr\u00e8s ann\u00e9e, jusqu&rsquo;\u00e0 devenir une structure associative parmi les mieux \u00e9quip\u00e9es de la r\u00e9gion. Et ce dynamisme ne s&rsquo;est jamais d\u00e9menti, pas une ann\u00e9e ne voyant un enrichissement de ses capacit\u00e9s ou de ses \u00e9quipements.<\/span><\/p>\n<p><span style=\"font-family: times new roman,times,serif; font-size: 20px;\">Bien entendu, au GAP47, la pratique de l&rsquo;astronomie reste toujours une activit\u00e9 centrale. Chacun y cultive sa conception personnelle de la chose, observations visuelles, d\u00e9couverte des richesses du ciel, acquisition de connaissances, astrophotographie, dessin, fabrication d&rsquo;instruments, travaux optiques&#8230; les possibilit\u00e9s abondent.<\/span><\/p>\n<p>&nbsp;<\/p>\n<p><span style=\"font-family: times new roman,times,serif; font-size: 20px;\"><strong>Des rythmes tout aussi divers<\/strong><\/span><\/p>\n<p><span style=\"font-family: times new roman,times,serif; font-size: 20px;\">Chaque vendredi soir est, pour les membres, l&rsquo;occasion de se retrouver et de travailler en commun. C&rsquo;est aussi le jour o\u00f9 nous sommes ouvert aux visiteurs, un moment de d\u00e9couvertes multiples, de surprises et d&rsquo;\u00e9merveillement devant le spectacle des objets cach\u00e9s du ciel. Nous sommes ouverts \u00e0 21h00 tous les vendredis soirs et sans r\u00e9servation, de septembre \u00e0 juin. En \u00e9t\u00e9 nous sommes ouverts \u00e0 20h30 avec r\u00e9servation obligatoire.<\/span><\/p>\n<p><span style=\"font-family: times new roman,times,serif; font-size: 20px;\">A la demande (sur rendez-vous et r\u00e9servation), les animateurs b\u00e9n\u00e9voles&nbsp; peuvent recevoir en semaine des visites de groupes, en particulier de groupes scolaires, mais aussi des groupes priv\u00e9s.<\/span><\/p>\n<p><span style=\"font-family: times new roman,times,serif; font-size: 20px;\">Pour les plus assidus d&rsquo;entre nous chaque nuit sans nuage est une possibilit\u00e9 de monter ouvrir les coupoles sur une pratique en comit\u00e9 r\u00e9duit, en t\u00eate \u00e0 t\u00eate avec les \u00e9toiles.<\/span><\/p>\n<p>&nbsp;<\/p>\n<p><span style=\"font-size: 20px;\"><strong><span style=\"font-family: times new roman,times,serif;\">Le GAP47 construit ses t\u00e9lescopes :<\/span><\/strong><\/span><\/p>\n<p align=\"left\"><span style=\"font-size: 20px; font-family: times new roman,times,serif;\">La plupart des instruments install\u00e9s au GAP ont \u00e9t\u00e9 fabriqu\u00e9s par les membres du club. Au fil des difficult\u00e9s nous avons ainsi accumul\u00e9 un savoir pratique non n\u00e9gligeable, tant en m\u00e9canique qu&rsquo;en optique. Suivant les \u00e9volutions de l&rsquo;ensemble du monde de l&rsquo;astronomie, nous avons remplac\u00e9 progressivement nos anciennes connaissances en photographie argentique par l&rsquo;usage du num\u00e9rique et de nouvelles comp\u00e9tences en informatique car, dans ce domaine, les choses avancent tr\u00e8s vite.<\/span><\/p>\n<p align=\"left\"><span style=\"font-size: 20px; font-family: times new roman,times,serif;\">Bien s\u00fbr, construire prend beaucoup de temps et le club s&rsquo;est rapidement d\u00e9velopp\u00e9. Tout ceci un peu au d\u00e9triment des projets de travail d&rsquo;astronomie proprement dite. Mais qui s&rsquo;en plaint vraiment, au vu de la qualit\u00e9 nos locaux et nos \u00e9quipements ?<\/span><\/p>\n<p align=\"left\"><span style=\"font-family: times new roman,times,serif; font-size: 20px;\"><b>La r\u00e9alisation des t\u00e9lescopes du club<\/b><\/span><\/p>\n<p style=\"text-align: left;\" align=\"justify\"><span style=\"font-size: 20px; font-family: times new roman,times,serif;\">D\u00e8s les d\u00e9buts du club, les membres ont tenu \u00e0 assurer la fabrication de leurs instruments, personnels d&rsquo;abord, et de diam\u00e8tres moyens, puis ceux du club lui-m\u00eame, avec de plus grands diam\u00e8tres.<\/span><\/p>\n<p align=\"justify\">&nbsp;<\/p>\n<p align=\"justify\"><span style=\"font-size: 20px; font-family: arial,helvetica,sans-serif;\"><strong>Construction d&rsquo; instruments :<\/strong><\/span><\/p>\n<p style=\"text-align: left;\" align=\"justify\"><span style=\"font-size: 20px; font-family: times new roman,times,serif;\">Une des particularit\u00e9s du GAP47 est sa capacit\u00e9 \u00e0 construire des instruments d&rsquo;observation astronomique, des t\u00e9lescopes. Les deux principaux t\u00e9lescopes de l&rsquo;observatoire install\u00e9s sous coupoles, un 510 mm et un 305 mm, ont ainsi \u00e9t\u00e9 enti\u00e8rement r\u00e9alis\u00e9s par les membres du club y compris l&rsquo;optique (miroirs primaire et secondaire). De nombreux autres t\u00e9lescopes personnels sont r\u00e9guli\u00e8rement r\u00e9alis\u00e9s dans les locaux de l&rsquo;observatoire et, il y a trois ans un Dobson de 407 mm. L&rsquo;association propose \u00e9galement une assistance technique et le contr\u00f4le des optiques \u00e0 tout constructeur d&rsquo;instrument ext\u00e9rieur au club.<\/span><\/p>\n<table style=\"width: 741px;\">\n<tbody>\n<tr style=\"height: 245.117px;\">\n<td style=\"width: 342.433px; height: 245.117px;\"><img loading=\"lazy\" decoding=\"async\" class=\"alignnone size-full wp-image-4647\" src=\"http:\/\/gap47.astrosurf.com\/wp-content\/uploads\/2017\/04\/taille500a.gif\" alt=\"\" width=\"352\" height=\"246\"><\/td>\n<td style=\"width: 382.767px; height: 245.117px;\"><img loading=\"lazy\" decoding=\"async\" class=\"alignnone size-full wp-image-4648\" src=\"http:\/\/gap47.astrosurf.com\/wp-content\/uploads\/2017\/04\/taille500e.gif\" alt=\"\" width=\"356\" height=\"246\"><\/td>\n<\/tr>\n<tr style=\"height: 26px;\">\n<td style=\"width: 342.433px; height: 26px; text-align: center;\"><span style=\"font-size: 20px;\"><em><span style=\"font-family: times new roman,times,serif;\">P. Bignone au doucissage du T510<\/span><\/em><\/span><\/td>\n<td style=\"width: 382.767px; height: 26px; text-align: center;\"><span style=\"font-size: 20px;\"><em><span style=\"font-family: times new roman,times,serif;\">H. Lepic pr\u00e9parant une sech\u00e9e au doucissage du T510<\/span><\/em><\/span><\/td>\n<\/tr>\n<tr style=\"height: 488px;\">\n<td style=\"width: 739px; height: 488px;\" colspan=\"2\">&nbsp;<\/p>\n<p><img loading=\"lazy\" decoding=\"async\" class=\"wp-image-4649 aligncenter\" src=\"http:\/\/gap47.astrosurf.com\/wp-content\/uploads\/2017\/04\/taille500b.gif\" alt=\"\" width=\"400\" height=\"588\"><\/p>\n<p>&nbsp;<\/td>\n<\/tr>\n<tr style=\"height: 26px;\">\n<td style=\"width: 739px; height: 26px; text-align: center;\" colspan=\"2\"><span style=\"font-size: 20px;\"><em><span style=\"font-family: times new roman,times,serif;\">Polissoir du secondaire et en haut de l&rsquo;image le secondaire du T510 glant\u00e9 dans un carr\u00e9 de verre<\/span><\/em><\/span><\/p>\n<p>&nbsp;<\/td>\n<\/tr>\n<tr style=\"height: 26px;\">\n<td style=\"width: 739px; height: 26px; text-align: center;\"><span style=\"font-size: 16px;\"><em><span style=\"font-family: times new roman,times,serif;\"><img loading=\"lazy\" decoding=\"async\" class=\"alignnone size-full wp-image-4650\" src=\"http:\/\/gap47.astrosurf.com\/wp-content\/uploads\/2017\/04\/taille500c.gif\" alt=\"\" width=\"356\" height=\"241\"><\/span><\/em><\/span><\/td>\n<td style=\"width: 739px; height: 26px; text-align: center;\"><img loading=\"lazy\" decoding=\"async\" class=\"alignnone size-full wp-image-4651\" src=\"http:\/\/gap47.astrosurf.com\/wp-content\/uploads\/2017\/04\/taille500d.gif\" alt=\"\" width=\"356\" height=\"240\"><\/td>\n<\/tr>\n<tr style=\"height: 26px;\">\n<td style=\"width: 739px; height: 26px; text-align: center;\"><span style=\"font-size: 20px;\"><em><span style=\"font-family: times new roman,times,serif;\">P. Mourg\u00e8s aux commandes de la machine \u00e0 polir qu&rsquo;il a con\u00e7ue<\/span><\/em><\/span><\/td>\n<td style=\"width: 739px; height: 26px; text-align: center;\"><span style=\"font-size: 20px;\"><em><span style=\"font-family: times new roman,times,serif;\">Discussion sur l&rsquo;amplitude des mouvements \u00e0 donner au polissoir pour \u00e9viter tout d\u00e9sagr\u00e9ment par la suite<\/span><\/em><\/span><\/td>\n<\/tr>\n<\/tbody>\n<\/table>\n<p>&nbsp;<\/p>\n<p><span style=\"font-size: 20px;\"><strong><span style=\"font-family: arial,helvetica,sans-serif;\">La taille des miroirs<\/span><\/strong><\/span><\/p>\n<p><span style=\"font-size: 20px; font-family: times new roman,times,serif;\">Une ancienne pratique pourrait bien \u00eatre en passe de trouver une nouvelle jeunesse.<\/span><\/p>\n<p><img loading=\"lazy\" decoding=\"async\" class=\"size-full wp-image-4652 alignleft\" src=\"http:\/\/gap47.astrosurf.com\/wp-content\/uploads\/2017\/04\/2006-09_miroir01.jpg\" alt=\"\" width=\"400\" height=\"300\" srcset=\"https:\/\/gap47.astrosurf.com\/wp-content\/uploads\/2017\/04\/2006-09_miroir01.jpg 400w, https:\/\/gap47.astrosurf.com\/wp-content\/uploads\/2017\/04\/2006-09_miroir01-300x225.jpg 300w\" sizes=\"auto, (max-width: 400px) 100vw, 400px\" \/><span style=\"font-size: 20px; font-family: times new roman,times,serif;\">La fabrication de miroirs a \u00e9t\u00e9 l&rsquo;une des premi\u00e8res activit\u00e9s lors de la fondation du GAP47. Tous les membres \u00e9tant depuis longtemps \u00e9quip\u00e9s et le club se satisfaisant de ses coupoles, les instruments d&rsquo;usinages avaient \u00e9t\u00e9 remis\u00e9s depuis quelque temps.<\/span><\/p>\n<p>&nbsp;<\/p>\n<p>&nbsp;<\/p>\n<p><img loading=\"lazy\" decoding=\"async\" class=\"size-full wp-image-4653 alignright\" src=\"http:\/\/gap47.astrosurf.com\/wp-content\/uploads\/2017\/04\/2006-09_miroir02.jpg\" alt=\"\" width=\"400\" height=\"300\" srcset=\"https:\/\/gap47.astrosurf.com\/wp-content\/uploads\/2017\/04\/2006-09_miroir02.jpg 400w, https:\/\/gap47.astrosurf.com\/wp-content\/uploads\/2017\/04\/2006-09_miroir02-300x225.jpg 300w\" sizes=\"auto, (max-width: 400px) 100vw, 400px\" \/><span style=\"font-size: 20px; font-family: times new roman,times,serif;\">Daniel montre \u00e0 Fran\u00e7ois les premiers gestes du polisseur. <\/span><span style=\"font-size: 20px; font-family: times new roman,times,serif;\">Amandine observe&#8230; Un jour peut-\u00eatre&#8230;<\/span><\/p>\n<p>&nbsp;<\/p>\n<p>&nbsp;<\/p>\n<p>&nbsp;<\/p>\n<p>&nbsp;<\/p>\n<p>&nbsp;<\/p>\n<p><span style=\"font-size: 20px; font-family: times new roman,times,serif;\"><img loading=\"lazy\" decoding=\"async\" class=\"size-full wp-image-4654 alignleft\" src=\"http:\/\/gap47.astrosurf.com\/wp-content\/uploads\/2017\/04\/2006-09_miroir03.jpg\" alt=\"\" width=\"400\" height=\"300\" srcset=\"https:\/\/gap47.astrosurf.com\/wp-content\/uploads\/2017\/04\/2006-09_miroir03.jpg 400w, https:\/\/gap47.astrosurf.com\/wp-content\/uploads\/2017\/04\/2006-09_miroir03-300x225.jpg 300w\" sizes=\"auto, (max-width: 400px) 100vw, 400px\" \/>Puis tout est all\u00e9 tr\u00e8s vite&nbsp;: Fran\u00e7ois d\u00e9cide de passer au niveau d&rsquo;\u00e9quipement sup\u00e9rieur, Daniel se souvient qu&rsquo;il a chez lui un kit a peine \u00e9bauch\u00e9 r\u00e9cup\u00e9r\u00e9 lors d&rsquo;un \u00ab\u00a0chat\u00a0\u00bb internet&#8230; et la machine reprend du service&nbsp;!<\/span><\/p>\n<p>&nbsp;<\/p>\n<p>&nbsp;<\/p>\n<p>&nbsp;<\/p>\n<p><img loading=\"lazy\" decoding=\"async\" class=\"size-full wp-image-4655 alignright\" src=\"http:\/\/gap47.astrosurf.com\/wp-content\/uploads\/2017\/04\/2006-09_miroir04.jpg\" alt=\"\" width=\"400\" height=\"300\" srcset=\"https:\/\/gap47.astrosurf.com\/wp-content\/uploads\/2017\/04\/2006-09_miroir04.jpg 400w, https:\/\/gap47.astrosurf.com\/wp-content\/uploads\/2017\/04\/2006-09_miroir04-300x225.jpg 300w\" sizes=\"auto, (max-width: 400px) 100vw, 400px\" \/><span style=\"font-size: 20px; font-family: times new roman,times,serif;\">Fran\u00e7ois se lance, et Laurent, dans l&rsquo;ombre, n&rsquo;en perd pas une miette. Martin et Gilbert appr\u00e9cient calmement. Ils sont d\u00e9j\u00e0 bien \u00e9quip\u00e9s.<\/span><\/p>\n<p>&nbsp;<\/p>\n<p>&nbsp;<\/p>\n<p>&nbsp;<\/p>\n<p>&nbsp;<\/p>\n<p>&nbsp;<\/p>\n<p><img loading=\"lazy\" decoding=\"async\" class=\"size-full wp-image-4656 alignleft\" src=\"http:\/\/gap47.astrosurf.com\/wp-content\/uploads\/2017\/04\/2006-09_miroir05.jpg\" alt=\"\" width=\"400\" height=\"300\" srcset=\"https:\/\/gap47.astrosurf.com\/wp-content\/uploads\/2017\/04\/2006-09_miroir05.jpg 400w, https:\/\/gap47.astrosurf.com\/wp-content\/uploads\/2017\/04\/2006-09_miroir05-300x225.jpg 300w\" sizes=\"auto, (max-width: 400px) 100vw, 400px\" \/><span style=\"font-size: 20px; font-family: times new roman,times,serif;\">Voila un beau projet d&rsquo;activit\u00e9 pour les mois \u00e0 venir, la construction compl\u00e8te d&rsquo;un t\u00e9lescope ? C&rsquo;est g\u00e9n\u00e9ralement l&rsquo;assurance de belles soir\u00e9es \u00e0 passer ensemble.<\/span><\/p>\n<p>&nbsp;<\/p>\n<p>&nbsp;<\/p>\n<p>&nbsp;<\/p>\n<p>&nbsp;<\/p>\n<hr>\n<p>&nbsp;<\/p>\n","protected":false},"excerpt":{"rendered":"<p>Notre club est une association d&rsquo;amateurs, dans le cadre de la loi de 1901, ouverte \u00e0 tous, pratiquants passionn\u00e9s ou simples d\u00e9butants ignorant tout des choses de l&rsquo;Univers. &nbsp; Un club autonome aux comp\u00e9tences diversifi\u00e9es Notre association a f\u00eat\u00e9 ses 40 ans en avril 2023. Le GAP47 s\u2019est toujours attach\u00e9 \u00e0 avoir des pratiques diversifi\u00e9es, &hellip; <\/p>\n<p class=\"link-more\"><a href=\"https:\/\/gap47.astrosurf.com\/index.php\/le-gap47\/qui-sommes-nous\/vocation-du-gap47\/\" class=\"more-link\">Continuer la lecture<span class=\"screen-reader-text\"> de &laquo;&nbsp;Vocation du GAP47&nbsp;&raquo;<\/span><\/a><\/p>\n","protected":false},"author":5,"featured_media":0,"parent":92,"menu_order":0,"comment_status":"closed","ping_status":"closed","template":"","meta":{"_exactmetrics_skip_tracking":false,"_exactmetrics_sitenote_active":false,"_exactmetrics_sitenote_note":"","_exactmetrics_sitenote_category":0,"ngg_post_thumbnail":0,"footnotes":""},"class_list":["post-123","page","type-page","status-publish","hentry"],"yoast_head":"<!-- This site is optimized with the Yoast SEO plugin v24.8.1 - https:\/\/yoast.com\/wordpress\/plugins\/seo\/ -->\n<title>Vocation du GAP47 - L&#039;observatoire est ouvert aux visiteurs tous les vendredis soirs \u00e0 21 heures, jusqu&#039;au 3 juillet 2026 inclus, sans r\u00e9servation.<\/title>\n<meta name=\"robots\" content=\"index, follow, max-snippet:-1, max-image-preview:large, max-video-preview:-1\" \/>\n<link rel=\"canonical\" href=\"https:\/\/gap47.astrosurf.com\/index.php\/le-gap47\/qui-sommes-nous\/vocation-du-gap47\/\" \/>\n<meta property=\"og:locale\" content=\"fr_FR\" \/>\n<meta property=\"og:type\" content=\"article\" \/>\n<meta property=\"og:title\" content=\"Vocation du GAP47 - L&#039;observatoire est ouvert aux visiteurs tous les vendredis soirs \u00e0 21 heures, jusqu&#039;au 3 juillet 2026 inclus, sans r\u00e9servation.\" \/>\n<meta property=\"og:description\" content=\"Notre club est une association d&rsquo;amateurs, dans le cadre de la loi de 1901, ouverte \u00e0 tous, pratiquants passionn\u00e9s ou simples d\u00e9butants ignorant tout des choses de l&rsquo;Univers. &nbsp; Un club autonome aux comp\u00e9tences diversifi\u00e9es Notre association a f\u00eat\u00e9 ses 40 ans en avril 2023. Le GAP47 s\u2019est toujours attach\u00e9 \u00e0 avoir des pratiques diversifi\u00e9es, &hellip; Continuer la lecture de &laquo;&nbsp;Vocation du GAP47&nbsp;&raquo;\" \/>\n<meta property=\"og:url\" content=\"https:\/\/gap47.astrosurf.com\/index.php\/le-gap47\/qui-sommes-nous\/vocation-du-gap47\/\" \/>\n<meta property=\"og:site_name\" content=\"L&#039;observatoire est ouvert aux visiteurs tous les vendredis soirs \u00e0 21 heures, jusqu&#039;au 3 juillet 2026 inclus, sans r\u00e9servation.\" \/>\n<meta property=\"article:publisher\" content=\"https:\/\/www.facebook.com\/astrogap47\/\" \/>\n<meta property=\"article:modified_time\" content=\"2024-11-16T16:19:41+00:00\" \/>\n<meta property=\"og:image\" content=\"http:\/\/gap47.astrosurf.com\/wp-content\/uploads\/2017\/04\/taille500a.gif\" \/>\n<meta name=\"twitter:card\" content=\"summary_large_image\" \/>\n<meta name=\"twitter:label1\" content=\"Dur\u00e9e de lecture estim\u00e9e\" \/>\n\t<meta name=\"twitter:data1\" content=\"7 minutes\" \/>\n<script type=\"application\/ld+json\" class=\"yoast-schema-graph\">{\"@context\":\"https:\/\/schema.org\",\"@graph\":[{\"@type\":\"WebPage\",\"@id\":\"https:\/\/gap47.astrosurf.com\/index.php\/le-gap47\/qui-sommes-nous\/vocation-du-gap47\/\",\"url\":\"https:\/\/gap47.astrosurf.com\/index.php\/le-gap47\/qui-sommes-nous\/vocation-du-gap47\/\",\"name\":\"Vocation du GAP47 - L&#039;observatoire est ouvert aux visiteurs tous les vendredis soirs \u00e0 21 heures, jusqu&#039;au 3 juillet 2026 inclus, sans r\u00e9servation.\",\"isPartOf\":{\"@id\":\"https:\/\/gap47.astrosurf.com\/#website\"},\"primaryImageOfPage\":{\"@id\":\"https:\/\/gap47.astrosurf.com\/index.php\/le-gap47\/qui-sommes-nous\/vocation-du-gap47\/#primaryimage\"},\"image\":{\"@id\":\"https:\/\/gap47.astrosurf.com\/index.php\/le-gap47\/qui-sommes-nous\/vocation-du-gap47\/#primaryimage\"},\"thumbnailUrl\":\"http:\/\/gap47.astrosurf.com\/wp-content\/uploads\/2017\/04\/taille500a.gif\",\"datePublished\":\"2017-03-31T22:12:13+00:00\",\"dateModified\":\"2024-11-16T16:19:41+00:00\",\"breadcrumb\":{\"@id\":\"https:\/\/gap47.astrosurf.com\/index.php\/le-gap47\/qui-sommes-nous\/vocation-du-gap47\/#breadcrumb\"},\"inLanguage\":\"fr-FR\",\"potentialAction\":[{\"@type\":\"ReadAction\",\"target\":[\"https:\/\/gap47.astrosurf.com\/index.php\/le-gap47\/qui-sommes-nous\/vocation-du-gap47\/\"]}]},{\"@type\":\"ImageObject\",\"inLanguage\":\"fr-FR\",\"@id\":\"https:\/\/gap47.astrosurf.com\/index.php\/le-gap47\/qui-sommes-nous\/vocation-du-gap47\/#primaryimage\",\"url\":\"https:\/\/gap47.astrosurf.com\/wp-content\/uploads\/2017\/04\/taille500a.gif\",\"contentUrl\":\"https:\/\/gap47.astrosurf.com\/wp-content\/uploads\/2017\/04\/taille500a.gif\",\"width\":352,\"height\":246},{\"@type\":\"BreadcrumbList\",\"@id\":\"https:\/\/gap47.astrosurf.com\/index.php\/le-gap47\/qui-sommes-nous\/vocation-du-gap47\/#breadcrumb\",\"itemListElement\":[{\"@type\":\"ListItem\",\"position\":1,\"name\":\"Accueil\",\"item\":\"https:\/\/gap47.astrosurf.com\/\"},{\"@type\":\"ListItem\",\"position\":2,\"name\":\"Le GAP47\",\"item\":\"https:\/\/gap47.astrosurf.com\/index.php\/le-gap47\/\"},{\"@type\":\"ListItem\",\"position\":3,\"name\":\"Qui sommes-nous ?\",\"item\":\"https:\/\/gap47.astrosurf.com\/index.php\/le-gap47\/qui-sommes-nous\/\"},{\"@type\":\"ListItem\",\"position\":4,\"name\":\"Vocation du GAP47\"}]},{\"@type\":\"WebSite\",\"@id\":\"https:\/\/gap47.astrosurf.com\/#website\",\"url\":\"https:\/\/gap47.astrosurf.com\/\",\"name\":\"De janvier \u00e0 fin juin 2024, le GAP47 sera ouvert aux visiteurs tous les vendredis \u00e0 21h sans r\u00e9servation, \u00e0 l'exception du vendredi 26 janvier o\u00f9 l'observatoire sera ferm\u00e9 au public.\",\"description\":\"Groupe d&#039;Astronomie Populaire du Lot-et-Garonne, \u00e0 Montayral\",\"potentialAction\":[{\"@type\":\"SearchAction\",\"target\":{\"@type\":\"EntryPoint\",\"urlTemplate\":\"https:\/\/gap47.astrosurf.com\/?s={search_term_string}\"},\"query-input\":{\"@type\":\"PropertyValueSpecification\",\"valueRequired\":true,\"valueName\":\"search_term_string\"}}],\"inLanguage\":\"fr-FR\"}]}<\/script>\n<!-- \/ Yoast SEO plugin. -->","yoast_head_json":{"title":"Vocation du GAP47 - L&#039;observatoire est ouvert aux visiteurs tous les vendredis soirs \u00e0 21 heures, jusqu&#039;au 3 juillet 2026 inclus, sans r\u00e9servation.","robots":{"index":"index","follow":"follow","max-snippet":"max-snippet:-1","max-image-preview":"max-image-preview:large","max-video-preview":"max-video-preview:-1"},"canonical":"https:\/\/gap47.astrosurf.com\/index.php\/le-gap47\/qui-sommes-nous\/vocation-du-gap47\/","og_locale":"fr_FR","og_type":"article","og_title":"Vocation du GAP47 - L&#039;observatoire est ouvert aux visiteurs tous les vendredis soirs \u00e0 21 heures, jusqu&#039;au 3 juillet 2026 inclus, sans r\u00e9servation.","og_description":"Notre club est une association d&rsquo;amateurs, dans le cadre de la loi de 1901, ouverte \u00e0 tous, pratiquants passionn\u00e9s ou simples d\u00e9butants ignorant tout des choses de l&rsquo;Univers. &nbsp; Un club autonome aux comp\u00e9tences diversifi\u00e9es Notre association a f\u00eat\u00e9 ses 40 ans en avril 2023. Le GAP47 s\u2019est toujours attach\u00e9 \u00e0 avoir des pratiques diversifi\u00e9es, &hellip; Continuer la lecture de &laquo;&nbsp;Vocation du GAP47&nbsp;&raquo;","og_url":"https:\/\/gap47.astrosurf.com\/index.php\/le-gap47\/qui-sommes-nous\/vocation-du-gap47\/","og_site_name":"L&#039;observatoire est ouvert aux visiteurs tous les vendredis soirs \u00e0 21 heures, jusqu&#039;au 3 juillet 2026 inclus, sans r\u00e9servation.","article_publisher":"https:\/\/www.facebook.com\/astrogap47\/","article_modified_time":"2024-11-16T16:19:41+00:00","og_image":[{"url":"http:\/\/gap47.astrosurf.com\/wp-content\/uploads\/2017\/04\/taille500a.gif","type":"","width":"","height":""}],"twitter_card":"summary_large_image","twitter_misc":{"Dur\u00e9e de lecture estim\u00e9e":"7 minutes"},"schema":{"@context":"https:\/\/schema.org","@graph":[{"@type":"WebPage","@id":"https:\/\/gap47.astrosurf.com\/index.php\/le-gap47\/qui-sommes-nous\/vocation-du-gap47\/","url":"https:\/\/gap47.astrosurf.com\/index.php\/le-gap47\/qui-sommes-nous\/vocation-du-gap47\/","name":"Vocation du GAP47 - L&#039;observatoire est ouvert aux visiteurs tous les vendredis soirs \u00e0 21 heures, jusqu&#039;au 3 juillet 2026 inclus, sans r\u00e9servation.","isPartOf":{"@id":"https:\/\/gap47.astrosurf.com\/#website"},"primaryImageOfPage":{"@id":"https:\/\/gap47.astrosurf.com\/index.php\/le-gap47\/qui-sommes-nous\/vocation-du-gap47\/#primaryimage"},"image":{"@id":"https:\/\/gap47.astrosurf.com\/index.php\/le-gap47\/qui-sommes-nous\/vocation-du-gap47\/#primaryimage"},"thumbnailUrl":"http:\/\/gap47.astrosurf.com\/wp-content\/uploads\/2017\/04\/taille500a.gif","datePublished":"2017-03-31T22:12:13+00:00","dateModified":"2024-11-16T16:19:41+00:00","breadcrumb":{"@id":"https:\/\/gap47.astrosurf.com\/index.php\/le-gap47\/qui-sommes-nous\/vocation-du-gap47\/#breadcrumb"},"inLanguage":"fr-FR","potentialAction":[{"@type":"ReadAction","target":["https:\/\/gap47.astrosurf.com\/index.php\/le-gap47\/qui-sommes-nous\/vocation-du-gap47\/"]}]},{"@type":"ImageObject","inLanguage":"fr-FR","@id":"https:\/\/gap47.astrosurf.com\/index.php\/le-gap47\/qui-sommes-nous\/vocation-du-gap47\/#primaryimage","url":"https:\/\/gap47.astrosurf.com\/wp-content\/uploads\/2017\/04\/taille500a.gif","contentUrl":"https:\/\/gap47.astrosurf.com\/wp-content\/uploads\/2017\/04\/taille500a.gif","width":352,"height":246},{"@type":"BreadcrumbList","@id":"https:\/\/gap47.astrosurf.com\/index.php\/le-gap47\/qui-sommes-nous\/vocation-du-gap47\/#breadcrumb","itemListElement":[{"@type":"ListItem","position":1,"name":"Accueil","item":"https:\/\/gap47.astrosurf.com\/"},{"@type":"ListItem","position":2,"name":"Le GAP47","item":"https:\/\/gap47.astrosurf.com\/index.php\/le-gap47\/"},{"@type":"ListItem","position":3,"name":"Qui sommes-nous ?","item":"https:\/\/gap47.astrosurf.com\/index.php\/le-gap47\/qui-sommes-nous\/"},{"@type":"ListItem","position":4,"name":"Vocation du GAP47"}]},{"@type":"WebSite","@id":"https:\/\/gap47.astrosurf.com\/#website","url":"https:\/\/gap47.astrosurf.com\/","name":"De janvier \u00e0 fin juin 2024, le GAP47 sera ouvert aux visiteurs tous les vendredis \u00e0 21h sans r\u00e9servation, \u00e0 l'exception du vendredi 26 janvier o\u00f9 l'observatoire sera ferm\u00e9 au public.","description":"Groupe d&#039;Astronomie Populaire du Lot-et-Garonne, \u00e0 Montayral","potentialAction":[{"@type":"SearchAction","target":{"@type":"EntryPoint","urlTemplate":"https:\/\/gap47.astrosurf.com\/?s={search_term_string}"},"query-input":{"@type":"PropertyValueSpecification","valueRequired":true,"valueName":"search_term_string"}}],"inLanguage":"fr-FR"}]}},"_links":{"self":[{"href":"https:\/\/gap47.astrosurf.com\/index.php\/wp-json\/wp\/v2\/pages\/123","targetHints":{"allow":["GET"]}}],"collection":[{"href":"https:\/\/gap47.astrosurf.com\/index.php\/wp-json\/wp\/v2\/pages"}],"about":[{"href":"https:\/\/gap47.astrosurf.com\/index.php\/wp-json\/wp\/v2\/types\/page"}],"author":[{"embeddable":true,"href":"https:\/\/gap47.astrosurf.com\/index.php\/wp-json\/wp\/v2\/users\/5"}],"replies":[{"embeddable":true,"href":"https:\/\/gap47.astrosurf.com\/index.php\/wp-json\/wp\/v2\/comments?post=123"}],"version-history":[{"count":39,"href":"https:\/\/gap47.astrosurf.com\/index.php\/wp-json\/wp\/v2\/pages\/123\/revisions"}],"predecessor-version":[{"id":13079,"href":"https:\/\/gap47.astrosurf.com\/index.php\/wp-json\/wp\/v2\/pages\/123\/revisions\/13079"}],"up":[{"embeddable":true,"href":"https:\/\/gap47.astrosurf.com\/index.php\/wp-json\/wp\/v2\/pages\/92"}],"wp:attachment":[{"href":"https:\/\/gap47.astrosurf.com\/index.php\/wp-json\/wp\/v2\/media?parent=123"}],"curies":[{"name":"wp","href":"https:\/\/api.w.org\/{rel}","templated":true}]}}