 {"id":11037,"date":"2021-10-17T18:18:35","date_gmt":"2021-10-17T16:18:35","guid":{"rendered":"http:\/\/gap47.astrosurf.com\/?page_id=11037"},"modified":"2021-10-28T16:00:33","modified_gmt":"2021-10-28T14:00:33","slug":"jean-pierre-maillard","status":"publish","type":"page","link":"https:\/\/gap47.astrosurf.com\/index.php\/jean-pierre-maillard\/","title":{"rendered":"Jean-Pierre Maillard"},"content":{"rendered":"<p style=\"text-align: justify;\"><span style=\"font-family: 'times new roman', times, serif; font-size: 20px;\">Astrophysicien \u00e0 l&rsquo;Institut d&rsquo;astrophysique de Paris (IAP-CNRS-SU), directeur de recherche \u00e9m\u00e9rite au CNRS, Jean-Pierre Maillard a consacr\u00e9 une grande partie de sa carri\u00e8re \u00e0 la conception et \u00e0 la mise en \u0153uvre d&rsquo;instruments d\u00e9di\u00e9s \u00e0 l&rsquo;observation du ciel en \u00ab&nbsp;spectroscopie infrarouge \u00e0 haute r\u00e9solution dite par transformation de Fourier \u00bb. Il a d&rsquo;abord con\u00e7u un spectrom\u00e8tre par transformation de Fourier pour le t\u00e9lescope Canada-France-Hawa\u00ef au vu des qualit\u00e9s en infrarouge de cet instrument situ\u00e9 \u00e0 4.200 m\u00e8tres d&rsquo;altitude sur la grande \u00eele de Hawa\u00ef. Il a ensuite fait \u00e9voluer cet instrument en spectro-imageur, dot\u00e9 d&rsquo;une cam\u00e9ra infrarouge, ce qui a donn\u00e9 BEAR (<strong>B<\/strong>idimensional <strong>E<\/strong>xperience with <strong>A<\/strong>rray <strong>R<\/strong>eceiver) install\u00e9 au foyer du t\u00e9lescope Canada-France-Hawaii. De ce fait, il a r\u00e9sid\u00e9 plusieurs ann\u00e9es \u00e0 Hawa\u00ef pour contribuer \u00e0 la mise en service du t\u00e9lescope CFH (Canada-France-Hawa\u00ef).<\/span><\/p>\n<p style=\"text-align: justify;\"><span style=\"font-family: 'times new roman', times, serif; font-size: 20px;\">Ses sp\u00e9cialit\u00e9s : Spectro-imagerie infrarouge, &nbsp;Interf\u00e9rom\u00e8trie, Milieu interstellaire, Centre galactique&#8230; Il a, gr\u00e2ce \u00e0 l&rsquo;instrumentation qu&rsquo;il a d\u00e9velopp\u00e9e, fait beaucoup d&rsquo;\u00e9tudes sur la composition chimique des atmosph\u00e8res plan\u00e9taires (principalement V\u00e9nus, Mars, Jupiter, Saturne, Titan), des atmosph\u00e8res des \u00e9toiles froides (types K et M), des n\u00e9buleuses plan\u00e9taires, du milieu interstellaire, de l&rsquo;environnement du Centre Galactique, tout cela&nbsp; par spectroscopie. Il a aussi fait des observations sismologiques sur Saturne, qui avaient \u00e9t\u00e9 pr\u00e9c\u00e9d\u00e9es de ce m\u00eame type d&rsquo;observations avec succ\u00e8s sur Jupiter, mais aucune d\u00e9tection n&rsquo;a pu \u00eatre r\u00e9alis\u00e9e sur Saturne. Il a \u00e9galement appliqu\u00e9 cette recherche sur l&rsquo;\u00e9toile Procyon.<\/span><\/p>\n<p style=\"text-align: justify;\"><span style=\"font-family: 'times new roman', times, serif; font-size: 20px;\">Parmi les tr\u00e8s nombreuses th\u00e8ses a dirig\u00e9es, notons celles de deux doctorants sur : 1) <\/span><span style=\"font-family: 'times new roman', times, serif; font-size: 20px;\">Etude de la cin\u00e9matique et de la population stellaire du Centre Galactique. et 2) <\/span><span style=\"font-family: 'times new roman', times, serif; font-size: 20px;\">M\u00e9thodes de d\u00e9tection du spectre des oscillations acoustiques des plan\u00e8tes g\u00e9antes : application \u00e0 Saturne.<\/span><\/p>\n<p style=\"text-align: justify;\"><span style=\"font-family: 'times new roman', times, serif; font-size: 20px;\">Il a aussi \u00e9t\u00e9 membre du jury lors de nombreuses soutenances de th\u00e8ses, notamment sur des sujets relatifs \u00e0 l&rsquo;imagerie interf\u00e9rom\u00e9trique infrarouge (d\u00e9velopp\u00e9e par lui-m\u00eame) et sur les perspectives pour l&rsquo;observation interf\u00e9rom\u00e9trique du Centre Galactique : le projet GRAVITY.<\/span><\/p>\n<p style=\"text-align: justify;\"><span style=\"font-family: 'times new roman', times, serif; font-size: 20px;\">Ses recherches sur les milieux stellaires et plan\u00e9taires ont notamment port\u00e9 sur le d\u00e9pouillement des donn\u00e9es de spectroscopie infrarouge des impacts de la com\u00e8te Shoemaker-Levy 9 qui s&rsquo;\u00e9tait \u00e9cras\u00e9e en plusieurs morceaux sur Jupiter en juillet 1994. Article sur des observations de n\u00e9buleuses plan\u00e9taires en spectro-imagerie infrarouge.&nbsp; Pr\u00e9paration de futures observations sismologiques de Saturne.<\/span><\/p>\n<p style=\"text-align: justify;\"><span style=\"font-family: 'times new roman', times, serif; font-size: 20px;\">Enfin, en tant qu&rsquo;auteur et\/ou co-auteur, il a publi\u00e9 plus de 450 articles dans les revues sp\u00e9cialis\u00e9es d&rsquo;astrophysique, plus quelques articles de vulgarisation dans La Recherche.<\/span><\/p>\n<p style=\"text-align: justify;\"><span style=\"font-family: 'times new roman', times, serif; font-size: 20px;\">Il a publi\u00e9 r\u00e9cemment un pdf sur \u00ab Mesurer la distance des \u00e9toiles, de l&rsquo;Antiquit\u00e9 au XXI\u00b0 si\u00e8cle \u00bb. Cliquez sur l&rsquo;image pour y acc\u00e9der <span style=\"font-size: 24px;\"><strong>\u21d3<\/strong><\/span> <\/span><\/p>\n<p><a href=\"http:\/\/gap47.astrosurf.com\/wp-content\/uploads\/2021\/10\/Pre\u0301sentation-Jean-Pierre-Maillard2-29.01.20.pdf\" target=\"_blank\" rel=\"noopener\"><img loading=\"lazy\" decoding=\"async\" class=\"aligncenter wp-image-11046 size-large\" src=\"http:\/\/gap47.astrosurf.com\/wp-content\/uploads\/2021\/10\/Maillard-1638x1200.jpg\" alt=\"\" width=\"525\" height=\"385\" srcset=\"https:\/\/gap47.astrosurf.com\/wp-content\/uploads\/2021\/10\/Maillard-1638x1200.jpg 1638w, https:\/\/gap47.astrosurf.com\/wp-content\/uploads\/2021\/10\/Maillard-300x220.jpg 300w, https:\/\/gap47.astrosurf.com\/wp-content\/uploads\/2021\/10\/Maillard-768x563.jpg 768w, https:\/\/gap47.astrosurf.com\/wp-content\/uploads\/2021\/10\/Maillard-1536x1126.jpg 1536w, https:\/\/gap47.astrosurf.com\/wp-content\/uploads\/2021\/10\/Maillard.jpg 1886w\" sizes=\"auto, (max-width: 525px) 100vw, 525px\" \/><\/a><\/p>\n<p><span style=\"font-family: 'times new roman', times, serif; font-size: 20px;\">Conf\u00e9rence de Jean-Pierre Maillard \u00e0 l&rsquo;espace Mend\u00e8s-France \u00e0 Poitiers le 18 f\u00e9vrier 2020 sur la mesure des distances aux \u00e9toiles :<\/span><\/p>\n<div class=\"ose-youtube ose-uid-62c352ab7fc31681ed44bf71ffb20350 ose-embedpress-responsive\" style=\"width:600px; height:550px; max-height:550px; max-width:100%; display:inline-block;\" data-embed-type=\"Youtube\"><iframe loading=\"lazy\" allowFullScreen=\"true\" title=\"Mesurer la distance des \u00e9toiles - Jean-Pierre Maillard\" width=\"600\" height=\"550\" src=\"https:\/\/www.youtube.com\/embed\/qfTFudVRwDw?feature=oembed&color=red&rel=0&controls=1&start=&end=&fs=0&iv_load_policy=0&autoplay=0&mute=0&modestbranding=0&cc_load_policy=1&playsinline=1\" frameborder=\"0\" allow=\"accelerometer; encrypted-media;accelerometer;autoplay;clipboard-write;gyroscope;picture-in-picture clipboard-write; encrypted-media; gyroscope; picture-in-picture; web-share\" referrerpolicy=\"strict-origin-when-cross-origin\" allowfullscreen><\/iframe><\/div>\n<hr>\n","protected":false},"excerpt":{"rendered":"<p>Astrophysicien \u00e0 l&rsquo;Institut d&rsquo;astrophysique de Paris (IAP-CNRS-SU), directeur de recherche \u00e9m\u00e9rite au CNRS, Jean-Pierre Maillard a consacr\u00e9 une grande partie de sa carri\u00e8re \u00e0 la conception et \u00e0 la mise en \u0153uvre d&rsquo;instruments d\u00e9di\u00e9s \u00e0 l&rsquo;observation du ciel en \u00ab&nbsp;spectroscopie infrarouge \u00e0 haute r\u00e9solution dite par transformation de Fourier \u00bb. Il a d&rsquo;abord con\u00e7u un &hellip; <\/p>\n<p class=\"link-more\"><a href=\"https:\/\/gap47.astrosurf.com\/index.php\/jean-pierre-maillard\/\" class=\"more-link\">Continuer la lecture<span class=\"screen-reader-text\"> de &laquo;&nbsp;Jean-Pierre Maillard&nbsp;&raquo;<\/span><\/a><\/p>\n","protected":false},"author":5,"featured_media":0,"parent":0,"menu_order":0,"comment_status":"closed","ping_status":"closed","template":"","meta":{"_exactmetrics_skip_tracking":false,"_exactmetrics_sitenote_active":false,"_exactmetrics_sitenote_note":"","_exactmetrics_sitenote_category":0,"ngg_post_thumbnail":0,"footnotes":""},"class_list":["post-11037","page","type-page","status-publish","hentry"],"yoast_head":"<!-- This site is optimized with the Yoast SEO plugin v24.8.1 - https:\/\/yoast.com\/wordpress\/plugins\/seo\/ -->\n<title>Jean-Pierre Maillard - L&#039;observatoire est ouvert aux visiteurs tous les vendredis soirs \u00e0 21 heures, jusqu&#039;au 3 juillet 2026 inclus, sans r\u00e9servation.<\/title>\n<meta name=\"robots\" content=\"index, follow, max-snippet:-1, max-image-preview:large, max-video-preview:-1\" \/>\n<link rel=\"canonical\" href=\"https:\/\/gap47.astrosurf.com\/index.php\/jean-pierre-maillard\/\" \/>\n<meta property=\"og:locale\" content=\"fr_FR\" \/>\n<meta property=\"og:type\" content=\"article\" \/>\n<meta property=\"og:title\" content=\"Jean-Pierre Maillard - L&#039;observatoire est ouvert aux visiteurs tous les vendredis soirs \u00e0 21 heures, jusqu&#039;au 3 juillet 2026 inclus, sans r\u00e9servation.\" \/>\n<meta property=\"og:description\" content=\"Astrophysicien \u00e0 l&rsquo;Institut d&rsquo;astrophysique de Paris (IAP-CNRS-SU), directeur de recherche \u00e9m\u00e9rite au CNRS, Jean-Pierre Maillard a consacr\u00e9 une grande partie de sa carri\u00e8re \u00e0 la conception et \u00e0 la mise en \u0153uvre d&rsquo;instruments d\u00e9di\u00e9s \u00e0 l&rsquo;observation du ciel en \u00ab&nbsp;spectroscopie infrarouge \u00e0 haute r\u00e9solution dite par transformation de Fourier \u00bb. Il a d&rsquo;abord con\u00e7u un &hellip; Continuer la lecture de &laquo;&nbsp;Jean-Pierre Maillard&nbsp;&raquo;\" \/>\n<meta property=\"og:url\" content=\"https:\/\/gap47.astrosurf.com\/index.php\/jean-pierre-maillard\/\" \/>\n<meta property=\"og:site_name\" content=\"L&#039;observatoire est ouvert aux visiteurs tous les vendredis soirs \u00e0 21 heures, jusqu&#039;au 3 juillet 2026 inclus, sans r\u00e9servation.\" \/>\n<meta property=\"article:publisher\" content=\"https:\/\/www.facebook.com\/astrogap47\/\" \/>\n<meta property=\"article:modified_time\" content=\"2021-10-28T14:00:33+00:00\" \/>\n<meta property=\"og:image\" content=\"http:\/\/gap47.astrosurf.com\/wp-content\/uploads\/2021\/10\/Maillard-1638x1200.jpg\" \/>\n<meta name=\"twitter:card\" content=\"summary_large_image\" \/>\n<meta name=\"twitter:label1\" content=\"Dur\u00e9e de lecture estim\u00e9e\" \/>\n\t<meta name=\"twitter:data1\" content=\"3 minutes\" \/>\n<script type=\"application\/ld+json\" class=\"yoast-schema-graph\">{\"@context\":\"https:\/\/schema.org\",\"@graph\":[{\"@type\":\"WebPage\",\"@id\":\"https:\/\/gap47.astrosurf.com\/index.php\/jean-pierre-maillard\/\",\"url\":\"https:\/\/gap47.astrosurf.com\/index.php\/jean-pierre-maillard\/\",\"name\":\"Jean-Pierre Maillard - L&#039;observatoire est ouvert aux visiteurs tous les vendredis soirs \u00e0 21 heures, jusqu&#039;au 3 juillet 2026 inclus, sans r\u00e9servation.\",\"isPartOf\":{\"@id\":\"https:\/\/gap47.astrosurf.com\/#website\"},\"primaryImageOfPage\":{\"@id\":\"https:\/\/gap47.astrosurf.com\/index.php\/jean-pierre-maillard\/#primaryimage\"},\"image\":{\"@id\":\"https:\/\/gap47.astrosurf.com\/index.php\/jean-pierre-maillard\/#primaryimage\"},\"thumbnailUrl\":\"http:\/\/gap47.astrosurf.com\/wp-content\/uploads\/2021\/10\/Maillard-1638x1200.jpg\",\"datePublished\":\"2021-10-17T16:18:35+00:00\",\"dateModified\":\"2021-10-28T14:00:33+00:00\",\"breadcrumb\":{\"@id\":\"https:\/\/gap47.astrosurf.com\/index.php\/jean-pierre-maillard\/#breadcrumb\"},\"inLanguage\":\"fr-FR\",\"potentialAction\":[{\"@type\":\"ReadAction\",\"target\":[\"https:\/\/gap47.astrosurf.com\/index.php\/jean-pierre-maillard\/\"]}]},{\"@type\":\"ImageObject\",\"inLanguage\":\"fr-FR\",\"@id\":\"https:\/\/gap47.astrosurf.com\/index.php\/jean-pierre-maillard\/#primaryimage\",\"url\":\"https:\/\/gap47.astrosurf.com\/wp-content\/uploads\/2021\/10\/Maillard.jpg\",\"contentUrl\":\"https:\/\/gap47.astrosurf.com\/wp-content\/uploads\/2021\/10\/Maillard.jpg\",\"width\":1886,\"height\":1382},{\"@type\":\"BreadcrumbList\",\"@id\":\"https:\/\/gap47.astrosurf.com\/index.php\/jean-pierre-maillard\/#breadcrumb\",\"itemListElement\":[{\"@type\":\"ListItem\",\"position\":1,\"name\":\"Accueil\",\"item\":\"https:\/\/gap47.astrosurf.com\/\"},{\"@type\":\"ListItem\",\"position\":2,\"name\":\"Jean-Pierre Maillard\"}]},{\"@type\":\"WebSite\",\"@id\":\"https:\/\/gap47.astrosurf.com\/#website\",\"url\":\"https:\/\/gap47.astrosurf.com\/\",\"name\":\"De janvier \u00e0 fin juin 2024, le GAP47 sera ouvert aux visiteurs tous les vendredis \u00e0 21h sans r\u00e9servation, \u00e0 l'exception du vendredi 26 janvier o\u00f9 l'observatoire sera ferm\u00e9 au public.\",\"description\":\"Groupe d&#039;Astronomie Populaire du Lot-et-Garonne, \u00e0 Montayral\",\"potentialAction\":[{\"@type\":\"SearchAction\",\"target\":{\"@type\":\"EntryPoint\",\"urlTemplate\":\"https:\/\/gap47.astrosurf.com\/?s={search_term_string}\"},\"query-input\":{\"@type\":\"PropertyValueSpecification\",\"valueRequired\":true,\"valueName\":\"search_term_string\"}}],\"inLanguage\":\"fr-FR\"}]}<\/script>\n<!-- \/ Yoast SEO plugin. -->","yoast_head_json":{"title":"Jean-Pierre Maillard - L&#039;observatoire est ouvert aux visiteurs tous les vendredis soirs \u00e0 21 heures, jusqu&#039;au 3 juillet 2026 inclus, sans r\u00e9servation.","robots":{"index":"index","follow":"follow","max-snippet":"max-snippet:-1","max-image-preview":"max-image-preview:large","max-video-preview":"max-video-preview:-1"},"canonical":"https:\/\/gap47.astrosurf.com\/index.php\/jean-pierre-maillard\/","og_locale":"fr_FR","og_type":"article","og_title":"Jean-Pierre Maillard - L&#039;observatoire est ouvert aux visiteurs tous les vendredis soirs \u00e0 21 heures, jusqu&#039;au 3 juillet 2026 inclus, sans r\u00e9servation.","og_description":"Astrophysicien \u00e0 l&rsquo;Institut d&rsquo;astrophysique de Paris (IAP-CNRS-SU), directeur de recherche \u00e9m\u00e9rite au CNRS, Jean-Pierre Maillard a consacr\u00e9 une grande partie de sa carri\u00e8re \u00e0 la conception et \u00e0 la mise en \u0153uvre d&rsquo;instruments d\u00e9di\u00e9s \u00e0 l&rsquo;observation du ciel en \u00ab&nbsp;spectroscopie infrarouge \u00e0 haute r\u00e9solution dite par transformation de Fourier \u00bb. Il a d&rsquo;abord con\u00e7u un &hellip; Continuer la lecture de &laquo;&nbsp;Jean-Pierre Maillard&nbsp;&raquo;","og_url":"https:\/\/gap47.astrosurf.com\/index.php\/jean-pierre-maillard\/","og_site_name":"L&#039;observatoire est ouvert aux visiteurs tous les vendredis soirs \u00e0 21 heures, jusqu&#039;au 3 juillet 2026 inclus, sans r\u00e9servation.","article_publisher":"https:\/\/www.facebook.com\/astrogap47\/","article_modified_time":"2021-10-28T14:00:33+00:00","og_image":[{"url":"http:\/\/gap47.astrosurf.com\/wp-content\/uploads\/2021\/10\/Maillard-1638x1200.jpg","type":"","width":"","height":""}],"twitter_card":"summary_large_image","twitter_misc":{"Dur\u00e9e de lecture estim\u00e9e":"3 minutes"},"schema":{"@context":"https:\/\/schema.org","@graph":[{"@type":"WebPage","@id":"https:\/\/gap47.astrosurf.com\/index.php\/jean-pierre-maillard\/","url":"https:\/\/gap47.astrosurf.com\/index.php\/jean-pierre-maillard\/","name":"Jean-Pierre Maillard - L&#039;observatoire est ouvert aux visiteurs tous les vendredis soirs \u00e0 21 heures, jusqu&#039;au 3 juillet 2026 inclus, sans r\u00e9servation.","isPartOf":{"@id":"https:\/\/gap47.astrosurf.com\/#website"},"primaryImageOfPage":{"@id":"https:\/\/gap47.astrosurf.com\/index.php\/jean-pierre-maillard\/#primaryimage"},"image":{"@id":"https:\/\/gap47.astrosurf.com\/index.php\/jean-pierre-maillard\/#primaryimage"},"thumbnailUrl":"http:\/\/gap47.astrosurf.com\/wp-content\/uploads\/2021\/10\/Maillard-1638x1200.jpg","datePublished":"2021-10-17T16:18:35+00:00","dateModified":"2021-10-28T14:00:33+00:00","breadcrumb":{"@id":"https:\/\/gap47.astrosurf.com\/index.php\/jean-pierre-maillard\/#breadcrumb"},"inLanguage":"fr-FR","potentialAction":[{"@type":"ReadAction","target":["https:\/\/gap47.astrosurf.com\/index.php\/jean-pierre-maillard\/"]}]},{"@type":"ImageObject","inLanguage":"fr-FR","@id":"https:\/\/gap47.astrosurf.com\/index.php\/jean-pierre-maillard\/#primaryimage","url":"https:\/\/gap47.astrosurf.com\/wp-content\/uploads\/2021\/10\/Maillard.jpg","contentUrl":"https:\/\/gap47.astrosurf.com\/wp-content\/uploads\/2021\/10\/Maillard.jpg","width":1886,"height":1382},{"@type":"BreadcrumbList","@id":"https:\/\/gap47.astrosurf.com\/index.php\/jean-pierre-maillard\/#breadcrumb","itemListElement":[{"@type":"ListItem","position":1,"name":"Accueil","item":"https:\/\/gap47.astrosurf.com\/"},{"@type":"ListItem","position":2,"name":"Jean-Pierre Maillard"}]},{"@type":"WebSite","@id":"https:\/\/gap47.astrosurf.com\/#website","url":"https:\/\/gap47.astrosurf.com\/","name":"De janvier \u00e0 fin juin 2024, le GAP47 sera ouvert aux visiteurs tous les vendredis \u00e0 21h sans r\u00e9servation, \u00e0 l'exception du vendredi 26 janvier o\u00f9 l'observatoire sera ferm\u00e9 au public.","description":"Groupe d&#039;Astronomie Populaire du Lot-et-Garonne, \u00e0 Montayral","potentialAction":[{"@type":"SearchAction","target":{"@type":"EntryPoint","urlTemplate":"https:\/\/gap47.astrosurf.com\/?s={search_term_string}"},"query-input":{"@type":"PropertyValueSpecification","valueRequired":true,"valueName":"search_term_string"}}],"inLanguage":"fr-FR"}]}},"_links":{"self":[{"href":"https:\/\/gap47.astrosurf.com\/index.php\/wp-json\/wp\/v2\/pages\/11037","targetHints":{"allow":["GET"]}}],"collection":[{"href":"https:\/\/gap47.astrosurf.com\/index.php\/wp-json\/wp\/v2\/pages"}],"about":[{"href":"https:\/\/gap47.astrosurf.com\/index.php\/wp-json\/wp\/v2\/types\/page"}],"author":[{"embeddable":true,"href":"https:\/\/gap47.astrosurf.com\/index.php\/wp-json\/wp\/v2\/users\/5"}],"replies":[{"embeddable":true,"href":"https:\/\/gap47.astrosurf.com\/index.php\/wp-json\/wp\/v2\/comments?post=11037"}],"version-history":[{"count":17,"href":"https:\/\/gap47.astrosurf.com\/index.php\/wp-json\/wp\/v2\/pages\/11037\/revisions"}],"predecessor-version":[{"id":11161,"href":"https:\/\/gap47.astrosurf.com\/index.php\/wp-json\/wp\/v2\/pages\/11037\/revisions\/11161"}],"wp:attachment":[{"href":"https:\/\/gap47.astrosurf.com\/index.php\/wp-json\/wp\/v2\/media?parent=11037"}],"curies":[{"name":"wp","href":"https:\/\/api.w.org\/{rel}","templated":true}]}}