 {"id":11020,"date":"2021-10-17T17:30:12","date_gmt":"2021-10-17T15:30:12","guid":{"rendered":"http:\/\/gap47.astrosurf.com\/?page_id=11020"},"modified":"2021-10-28T19:54:23","modified_gmt":"2021-10-28T17:54:23","slug":"visite-de-2-astrophysiciens","status":"publish","type":"page","link":"https:\/\/gap47.astrosurf.com\/index.php\/visite-de-2-astrophysiciens\/","title":{"rendered":"La visite de 2 astrophysiciens"},"content":{"rendered":"<p style=\"text-align: center;\"><span style=\"font-size: 24px; color: #0000ff;\"><strong><span style=\"font-family: arial, helvetica, sans-serif;\">Le samedi 16 octobre, nous avons eu, gr\u00e2ce \u00e0 Martine M., membre du GAP47, le privil\u00e8ge de recevoir la visite de deux c\u00e9l\u00e8bres astrophysiciens fran\u00e7ais.<\/span><\/strong><\/span><\/p>\n<p style=\"text-align: center;\"><span style=\"font-family: 'arial black', sans-serif;\"><strong><span style=\"font-size: 20px;\">Il s&rsquo;agit de Dominique Proust et de Jean-Pierre Maillard.<\/span><\/strong><\/span><\/p>\n<p style=\"text-align: justify;\"><span style=\"font-family: 'times new roman', times, serif; font-size: 20px;\">De passage dans le Lot, ces chercheurs du CNRS sont rattach\u00e9s, l&rsquo;un \u00e0 l&rsquo;observatoire de Paris, sur le site de Meudon, et l&rsquo;autre \u00e0 l&rsquo;Institut d&rsquo;Astrophysique de Paris. <\/span><\/p>\n<p style=\"text-align: justify;\"><span style=\"font-family: 'times new roman', times, serif; font-size: 20px;\">Pourquoi \u00e9taient-ils venus dans notre r\u00e9gion ? Pour donner un concert (intitul\u00e9 \u00ab\u00a0Orgue et Cosmos\u00a0\u00bb) dans la cath\u00e9drale de Cahors la veille de leur visite au GAP47. En effet Dominique Proust est astrophysicien mais \u00e9galement organiste de renom. Jean-Pierre Maillard quant \u00e0 lui, a r\u00e9alis\u00e9 la mise en images de la repr\u00e9sentation gr\u00e2ce \u00e0 des images astronomiques projet\u00e9es durant le concert, une symbiose entre la musique (pi\u00e8ces d&rsquo;orgue en lien avec l&rsquo;astronomie) et une vision cosmologique.<\/span><\/p>\n<p style=\"text-align: justify;\"><span style=\"font-family: 'times new roman', times, serif; font-size: 20px;\">Par une connaissance commune lors de leur s\u00e9jour \u00e0 Cahors, ils ont entendu parler de notre association d&rsquo;astronomes amateurs et ont souhait\u00e9 visiter nos locaux. Ce sont pourtant des astrophysiciens de grand talent qui ont pu faire des observations sur les plus grands t\u00e9lescopes terrestres du Monde, ceux du VLT au Chili, ceux d&rsquo;Hawa\u00ef et bien d&rsquo;autres. Ce fut un honneur de les accueillir chaleureusement, ils sont rest\u00e9s environ 1h30 et nous avons \u00e9t\u00e9 frapp\u00e9s par leur simplicit\u00e9 et leur gentillesse.<\/span><\/p>\n<p style=\"text-align: center;\"><a href=\"http:\/\/gap47.astrosurf.com\/wp-content\/uploads\/2021\/10\/DSC_0002.jpg\"><img loading=\"lazy\" decoding=\"async\" class=\"aligncenter wp-image-11055\" src=\"http:\/\/gap47.astrosurf.com\/wp-content\/uploads\/2021\/10\/DSC_0002.jpg\" alt=\"\" width=\"2000\" height=\"1333\" srcset=\"https:\/\/gap47.astrosurf.com\/wp-content\/uploads\/2021\/10\/DSC_0002.jpg 2500w, https:\/\/gap47.astrosurf.com\/wp-content\/uploads\/2021\/10\/DSC_0002-300x200.jpg 300w, https:\/\/gap47.astrosurf.com\/wp-content\/uploads\/2021\/10\/DSC_0002-1801x1200.jpg 1801w, https:\/\/gap47.astrosurf.com\/wp-content\/uploads\/2021\/10\/DSC_0002-768x512.jpg 768w, https:\/\/gap47.astrosurf.com\/wp-content\/uploads\/2021\/10\/DSC_0002-1536x1024.jpg 1536w, https:\/\/gap47.astrosurf.com\/wp-content\/uploads\/2021\/10\/DSC_0002-2048x1365.jpg 2048w\" sizes=\"auto, (max-width: 767px) 89vw, (max-width: 1000px) 54vw, (max-width: 1071px) 543px, 580px\" \/><\/a><span style=\"font-family: 'times new roman', times, serif; font-size: 20px;\"><em>L&rsquo;arriv\u00e9e et la r\u00e9ception de nos deux invit\u00e9s<\/em><\/span><\/p>\n<p style=\"text-align: center;\"><img loading=\"lazy\" decoding=\"async\" class=\"aligncenter wp-image-11056\" src=\"http:\/\/gap47.astrosurf.com\/wp-content\/uploads\/2021\/10\/DSC_0004.jpg\" alt=\"\" width=\"1333\" height=\"2000\" srcset=\"https:\/\/gap47.astrosurf.com\/wp-content\/uploads\/2021\/10\/DSC_0004.jpg 1706w, https:\/\/gap47.astrosurf.com\/wp-content\/uploads\/2021\/10\/DSC_0004-200x300.jpg 200w, https:\/\/gap47.astrosurf.com\/wp-content\/uploads\/2021\/10\/DSC_0004-800x1200.jpg 800w, https:\/\/gap47.astrosurf.com\/wp-content\/uploads\/2021\/10\/DSC_0004-768x1152.jpg 768w, https:\/\/gap47.astrosurf.com\/wp-content\/uploads\/2021\/10\/DSC_0004-1024x1536.jpg 1024w, https:\/\/gap47.astrosurf.com\/wp-content\/uploads\/2021\/10\/DSC_0004-1365x2048.jpg 1365w\" sizes=\"auto, (max-width: 767px) 89vw, (max-width: 1000px) 54vw, (max-width: 1071px) 543px, 580px\" \/><em><span style=\"font-family: 'times new roman', times, serif; font-size: 20px;\">La visite de notre toute derni\u00e8re production, notre Dobson de 400mm<\/span><\/em><\/p>\n<p style=\"text-align: center;\"><a href=\"http:\/\/gap47.astrosurf.com\/wp-content\/uploads\/2021\/10\/DSC_0005.jpg\"><img loading=\"lazy\" decoding=\"async\" class=\"aligncenter wp-image-11057\" src=\"http:\/\/gap47.astrosurf.com\/wp-content\/uploads\/2021\/10\/DSC_0005.jpg\" alt=\"\" width=\"2000\" height=\"1333\" srcset=\"https:\/\/gap47.astrosurf.com\/wp-content\/uploads\/2021\/10\/DSC_0005.jpg 2500w, https:\/\/gap47.astrosurf.com\/wp-content\/uploads\/2021\/10\/DSC_0005-300x200.jpg 300w, https:\/\/gap47.astrosurf.com\/wp-content\/uploads\/2021\/10\/DSC_0005-1801x1200.jpg 1801w, https:\/\/gap47.astrosurf.com\/wp-content\/uploads\/2021\/10\/DSC_0005-768x512.jpg 768w, https:\/\/gap47.astrosurf.com\/wp-content\/uploads\/2021\/10\/DSC_0005-1536x1024.jpg 1536w, https:\/\/gap47.astrosurf.com\/wp-content\/uploads\/2021\/10\/DSC_0005-2048x1365.jpg 2048w\" sizes=\"auto, (max-width: 767px) 89vw, (max-width: 1000px) 54vw, (max-width: 1071px) 543px, 580px\" \/><\/a><em><span style=\"font-family: 'times new roman', times, serif; font-size: 20px;\">Nous montrons notre machine \u00e0 polir les miroirs<\/span><\/em><\/p>\n<p style=\"text-align: center;\"><a href=\"http:\/\/gap47.astrosurf.com\/wp-content\/uploads\/2021\/10\/IMG_9205-2.jpg\"><img loading=\"lazy\" decoding=\"async\" class=\"aligncenter size-full wp-image-11134\" src=\"http:\/\/gap47.astrosurf.com\/wp-content\/uploads\/2021\/10\/IMG_9205-2.jpg\" alt=\"\" width=\"2000\" height=\"1500\" srcset=\"https:\/\/gap47.astrosurf.com\/wp-content\/uploads\/2021\/10\/IMG_9205-2.jpg 2000w, https:\/\/gap47.astrosurf.com\/wp-content\/uploads\/2021\/10\/IMG_9205-2-300x225.jpg 300w, https:\/\/gap47.astrosurf.com\/wp-content\/uploads\/2021\/10\/IMG_9205-2-1600x1200.jpg 1600w, https:\/\/gap47.astrosurf.com\/wp-content\/uploads\/2021\/10\/IMG_9205-2-768x576.jpg 768w, https:\/\/gap47.astrosurf.com\/wp-content\/uploads\/2021\/10\/IMG_9205-2-1536x1152.jpg 1536w\" sizes=\"auto, (max-width: 767px) 89vw, (max-width: 1000px) 54vw, (max-width: 1071px) 543px, 580px\" \/><\/a><em><span style=\"font-family: 'times new roman', times, serif; font-size: 20px;\">Quelques explications de Daniel sur notre interf\u00e9rom\u00e8tre<\/span><\/em><\/p>\n<p style=\"text-align: center;\"><a href=\"http:\/\/gap47.astrosurf.com\/wp-content\/uploads\/2021\/10\/DSC_0008.jpg\"><img loading=\"lazy\" decoding=\"async\" class=\"aligncenter wp-image-11058\" src=\"http:\/\/gap47.astrosurf.com\/wp-content\/uploads\/2021\/10\/DSC_0008.jpg\" alt=\"\" width=\"2000\" height=\"1333\" srcset=\"https:\/\/gap47.astrosurf.com\/wp-content\/uploads\/2021\/10\/DSC_0008.jpg 2500w, https:\/\/gap47.astrosurf.com\/wp-content\/uploads\/2021\/10\/DSC_0008-300x200.jpg 300w, https:\/\/gap47.astrosurf.com\/wp-content\/uploads\/2021\/10\/DSC_0008-1801x1200.jpg 1801w, https:\/\/gap47.astrosurf.com\/wp-content\/uploads\/2021\/10\/DSC_0008-768x512.jpg 768w, https:\/\/gap47.astrosurf.com\/wp-content\/uploads\/2021\/10\/DSC_0008-1536x1024.jpg 1536w, https:\/\/gap47.astrosurf.com\/wp-content\/uploads\/2021\/10\/DSC_0008-2048x1365.jpg 2048w\" sizes=\"auto, (max-width: 767px) 89vw, (max-width: 1000px) 54vw, (max-width: 1071px) 543px, 580px\" \/><\/a><em><span style=\"font-family: 'times new roman', times, serif; font-size: 20px;\">Tour de notre grande salle de 50 places, maquettes, explications sur nos r\u00e9alisations<\/span><\/em><\/p>\n<p style=\"text-align: center;\"><a href=\"http:\/\/gap47.astrosurf.com\/wp-content\/uploads\/2021\/10\/DSC_0009.jpg\"><img loading=\"lazy\" decoding=\"async\" class=\"aligncenter wp-image-11059\" src=\"http:\/\/gap47.astrosurf.com\/wp-content\/uploads\/2021\/10\/DSC_0009.jpg\" alt=\"\" width=\"2000\" height=\"1333\" srcset=\"https:\/\/gap47.astrosurf.com\/wp-content\/uploads\/2021\/10\/DSC_0009.jpg 2500w, https:\/\/gap47.astrosurf.com\/wp-content\/uploads\/2021\/10\/DSC_0009-300x200.jpg 300w, https:\/\/gap47.astrosurf.com\/wp-content\/uploads\/2021\/10\/DSC_0009-1801x1200.jpg 1801w, https:\/\/gap47.astrosurf.com\/wp-content\/uploads\/2021\/10\/DSC_0009-768x512.jpg 768w, https:\/\/gap47.astrosurf.com\/wp-content\/uploads\/2021\/10\/DSC_0009-1536x1024.jpg 1536w, https:\/\/gap47.astrosurf.com\/wp-content\/uploads\/2021\/10\/DSC_0009-2048x1365.jpg 2048w\" sizes=\"auto, (max-width: 767px) 89vw, (max-width: 1000px) 54vw, (max-width: 1071px) 543px, 580px\" \/><\/a><em><span style=\"font-family: 'times new roman', times, serif; font-size: 20px;\">Un petit \u00ab\u00a0pot de l&rsquo;amiti\u00e9\u00a0\u00bb avant leur d\u00e9part&#8230;<\/span><\/em><\/p>\n<p style=\"text-align: center;\"><a href=\"http:\/\/gap47.astrosurf.com\/wp-content\/uploads\/2021\/10\/IMG_9206-2.jpg\"><img loading=\"lazy\" decoding=\"async\" class=\"aligncenter size-full wp-image-11135\" src=\"http:\/\/gap47.astrosurf.com\/wp-content\/uploads\/2021\/10\/IMG_9206-2.jpg\" alt=\"\" width=\"2000\" height=\"1500\" srcset=\"https:\/\/gap47.astrosurf.com\/wp-content\/uploads\/2021\/10\/IMG_9206-2.jpg 2000w, https:\/\/gap47.astrosurf.com\/wp-content\/uploads\/2021\/10\/IMG_9206-2-300x225.jpg 300w, https:\/\/gap47.astrosurf.com\/wp-content\/uploads\/2021\/10\/IMG_9206-2-1600x1200.jpg 1600w, https:\/\/gap47.astrosurf.com\/wp-content\/uploads\/2021\/10\/IMG_9206-2-768x576.jpg 768w, https:\/\/gap47.astrosurf.com\/wp-content\/uploads\/2021\/10\/IMG_9206-2-1536x1152.jpg 1536w\" sizes=\"auto, (max-width: 767px) 89vw, (max-width: 1000px) 54vw, (max-width: 1071px) 543px, 580px\" \/><\/a><em><span style=\"font-family: 'times new roman', times, serif; font-size: 20px;\">Jean-Pierre Maillard signe notre livre d&rsquo;or<\/span><\/em><\/p>\n<p style=\"text-align: center;\"><a href=\"http:\/\/gap47.astrosurf.com\/wp-content\/uploads\/2021\/10\/DSC_0011.jpg\"><img loading=\"lazy\" decoding=\"async\" class=\"aligncenter wp-image-11061\" src=\"http:\/\/gap47.astrosurf.com\/wp-content\/uploads\/2021\/10\/DSC_0011.jpg\" alt=\"\" width=\"2000\" height=\"1333\" srcset=\"https:\/\/gap47.astrosurf.com\/wp-content\/uploads\/2021\/10\/DSC_0011.jpg 2500w, https:\/\/gap47.astrosurf.com\/wp-content\/uploads\/2021\/10\/DSC_0011-300x200.jpg 300w, https:\/\/gap47.astrosurf.com\/wp-content\/uploads\/2021\/10\/DSC_0011-1801x1200.jpg 1801w, https:\/\/gap47.astrosurf.com\/wp-content\/uploads\/2021\/10\/DSC_0011-768x512.jpg 768w, https:\/\/gap47.astrosurf.com\/wp-content\/uploads\/2021\/10\/DSC_0011-1536x1024.jpg 1536w, https:\/\/gap47.astrosurf.com\/wp-content\/uploads\/2021\/10\/DSC_0011-2048x1365.jpg 2048w\" sizes=\"auto, (max-width: 767px) 89vw, (max-width: 1000px) 54vw, (max-width: 1071px) 543px, 580px\" \/><\/a><em><span style=\"font-family: 'times new roman', times, serif; font-size: 20px;\">Dominique Proust signe le livre d&rsquo;or \u00e0 son tour<\/span><\/em><\/p>\n<p style=\"text-align: center;\"><a href=\"http:\/\/gap47.astrosurf.com\/wp-content\/uploads\/2021\/10\/DSC_0014.jpg\"><img loading=\"lazy\" decoding=\"async\" class=\"aligncenter wp-image-11066\" src=\"http:\/\/gap47.astrosurf.com\/wp-content\/uploads\/2021\/10\/DSC_0014.jpg\" alt=\"\" width=\"2000\" height=\"1333\" srcset=\"https:\/\/gap47.astrosurf.com\/wp-content\/uploads\/2021\/10\/DSC_0014.jpg 2500w, https:\/\/gap47.astrosurf.com\/wp-content\/uploads\/2021\/10\/DSC_0014-300x200.jpg 300w, https:\/\/gap47.astrosurf.com\/wp-content\/uploads\/2021\/10\/DSC_0014-1801x1200.jpg 1801w, https:\/\/gap47.astrosurf.com\/wp-content\/uploads\/2021\/10\/DSC_0014-768x512.jpg 768w, https:\/\/gap47.astrosurf.com\/wp-content\/uploads\/2021\/10\/DSC_0014-1536x1024.jpg 1536w, https:\/\/gap47.astrosurf.com\/wp-content\/uploads\/2021\/10\/DSC_0014-2048x1365.jpg 2048w\" sizes=\"auto, (max-width: 767px) 89vw, (max-width: 1000px) 54vw, (max-width: 1071px) 543px, 580px\" \/><\/a><em><span style=\"font-family: 'times new roman', times, serif; font-size: 20px;\">Nos deux invit\u00e9s et Martine, sur le d\u00e9part<\/span><\/em><\/p>\n<p style=\"text-align: center;\"><span style=\"font-family: 'times new roman', times, serif; font-size: 20px;\">Pour plus d&rsquo;informations sur Dominique Proust, <a href=\"http:\/\/gap47.astrosurf.com\/index.php\/dominique-proust\/\" target=\"_blank\" rel=\"noopener\">cliquez ici<\/a>.&nbsp;<\/span><br \/>\n<span style=\"font-family: 'times new roman', times, serif; font-size: 20px;\">Pour plus d&rsquo;informations sur Jean-Pierre Maillard, <a href=\"http:\/\/gap47.astrosurf.com\/index.php\/jean-pierre-maillard\/\" target=\"_blank\" rel=\"noopener\">cliquez ici<\/a> :<\/span><\/p>\n<hr>\n","protected":false},"excerpt":{"rendered":"<p>Le samedi 16 octobre, nous avons eu, gr\u00e2ce \u00e0 Martine M., membre du GAP47, le privil\u00e8ge de recevoir la visite de deux c\u00e9l\u00e8bres astrophysiciens fran\u00e7ais. Il s&rsquo;agit de Dominique Proust et de Jean-Pierre Maillard. De passage dans le Lot, ces chercheurs du CNRS sont rattach\u00e9s, l&rsquo;un \u00e0 l&rsquo;observatoire de Paris, sur le site de Meudon, &hellip; <\/p>\n<p class=\"link-more\"><a href=\"https:\/\/gap47.astrosurf.com\/index.php\/visite-de-2-astrophysiciens\/\" class=\"more-link\">Continuer la lecture<span class=\"screen-reader-text\"> de &laquo;&nbsp;La visite de 2 astrophysiciens&nbsp;&raquo;<\/span><\/a><\/p>\n","protected":false},"author":5,"featured_media":0,"parent":0,"menu_order":0,"comment_status":"closed","ping_status":"closed","template":"","meta":{"_exactmetrics_skip_tracking":false,"_exactmetrics_sitenote_active":false,"_exactmetrics_sitenote_note":"","_exactmetrics_sitenote_category":0,"ngg_post_thumbnail":0,"footnotes":""},"class_list":["post-11020","page","type-page","status-publish","hentry"],"yoast_head":"<!-- This site is optimized with the Yoast SEO plugin v24.8.1 - https:\/\/yoast.com\/wordpress\/plugins\/seo\/ -->\n<title>La visite de 2 astrophysiciens - L&#039;observatoire est ouvert aux visiteurs tous les vendredis soirs \u00e0 21 heures, jusqu&#039;au 3 juillet 2026 inclus, sans r\u00e9servation.<\/title>\n<meta name=\"robots\" content=\"index, follow, max-snippet:-1, max-image-preview:large, max-video-preview:-1\" \/>\n<link rel=\"canonical\" href=\"https:\/\/gap47.astrosurf.com\/index.php\/visite-de-2-astrophysiciens\/\" \/>\n<meta property=\"og:locale\" content=\"fr_FR\" \/>\n<meta property=\"og:type\" content=\"article\" \/>\n<meta property=\"og:title\" content=\"La visite de 2 astrophysiciens - L&#039;observatoire est ouvert aux visiteurs tous les vendredis soirs \u00e0 21 heures, jusqu&#039;au 3 juillet 2026 inclus, sans r\u00e9servation.\" \/>\n<meta property=\"og:description\" content=\"Le samedi 16 octobre, nous avons eu, gr\u00e2ce \u00e0 Martine M., membre du GAP47, le privil\u00e8ge de recevoir la visite de deux c\u00e9l\u00e8bres astrophysiciens fran\u00e7ais. Il s&rsquo;agit de Dominique Proust et de Jean-Pierre Maillard. De passage dans le Lot, ces chercheurs du CNRS sont rattach\u00e9s, l&rsquo;un \u00e0 l&rsquo;observatoire de Paris, sur le site de Meudon, &hellip; Continuer la lecture de &laquo;&nbsp;La visite de 2 astrophysiciens&nbsp;&raquo;\" \/>\n<meta property=\"og:url\" content=\"https:\/\/gap47.astrosurf.com\/index.php\/visite-de-2-astrophysiciens\/\" \/>\n<meta property=\"og:site_name\" content=\"L&#039;observatoire est ouvert aux visiteurs tous les vendredis soirs \u00e0 21 heures, jusqu&#039;au 3 juillet 2026 inclus, sans r\u00e9servation.\" \/>\n<meta property=\"article:publisher\" content=\"https:\/\/www.facebook.com\/astrogap47\/\" \/>\n<meta property=\"article:modified_time\" content=\"2021-10-28T17:54:23+00:00\" \/>\n<meta property=\"og:image\" content=\"http:\/\/gap47.astrosurf.com\/wp-content\/uploads\/2021\/10\/DSC_0002.jpg\" \/>\n<meta name=\"twitter:card\" content=\"summary_large_image\" \/>\n<meta name=\"twitter:label1\" content=\"Dur\u00e9e de lecture estim\u00e9e\" \/>\n\t<meta name=\"twitter:data1\" content=\"4 minutes\" \/>\n<script type=\"application\/ld+json\" class=\"yoast-schema-graph\">{\"@context\":\"https:\/\/schema.org\",\"@graph\":[{\"@type\":\"WebPage\",\"@id\":\"https:\/\/gap47.astrosurf.com\/index.php\/visite-de-2-astrophysiciens\/\",\"url\":\"https:\/\/gap47.astrosurf.com\/index.php\/visite-de-2-astrophysiciens\/\",\"name\":\"La visite de 2 astrophysiciens - L&#039;observatoire est ouvert aux visiteurs tous les vendredis soirs \u00e0 21 heures, jusqu&#039;au 3 juillet 2026 inclus, sans r\u00e9servation.\",\"isPartOf\":{\"@id\":\"https:\/\/gap47.astrosurf.com\/#website\"},\"primaryImageOfPage\":{\"@id\":\"https:\/\/gap47.astrosurf.com\/index.php\/visite-de-2-astrophysiciens\/#primaryimage\"},\"image\":{\"@id\":\"https:\/\/gap47.astrosurf.com\/index.php\/visite-de-2-astrophysiciens\/#primaryimage\"},\"thumbnailUrl\":\"http:\/\/gap47.astrosurf.com\/wp-content\/uploads\/2021\/10\/DSC_0002.jpg\",\"datePublished\":\"2021-10-17T15:30:12+00:00\",\"dateModified\":\"2021-10-28T17:54:23+00:00\",\"breadcrumb\":{\"@id\":\"https:\/\/gap47.astrosurf.com\/index.php\/visite-de-2-astrophysiciens\/#breadcrumb\"},\"inLanguage\":\"fr-FR\",\"potentialAction\":[{\"@type\":\"ReadAction\",\"target\":[\"https:\/\/gap47.astrosurf.com\/index.php\/visite-de-2-astrophysiciens\/\"]}]},{\"@type\":\"ImageObject\",\"inLanguage\":\"fr-FR\",\"@id\":\"https:\/\/gap47.astrosurf.com\/index.php\/visite-de-2-astrophysiciens\/#primaryimage\",\"url\":\"https:\/\/gap47.astrosurf.com\/wp-content\/uploads\/2021\/10\/DSC_0002.jpg\",\"contentUrl\":\"https:\/\/gap47.astrosurf.com\/wp-content\/uploads\/2021\/10\/DSC_0002.jpg\",\"width\":2500,\"height\":1666},{\"@type\":\"BreadcrumbList\",\"@id\":\"https:\/\/gap47.astrosurf.com\/index.php\/visite-de-2-astrophysiciens\/#breadcrumb\",\"itemListElement\":[{\"@type\":\"ListItem\",\"position\":1,\"name\":\"Accueil\",\"item\":\"https:\/\/gap47.astrosurf.com\/\"},{\"@type\":\"ListItem\",\"position\":2,\"name\":\"La visite de 2 astrophysiciens\"}]},{\"@type\":\"WebSite\",\"@id\":\"https:\/\/gap47.astrosurf.com\/#website\",\"url\":\"https:\/\/gap47.astrosurf.com\/\",\"name\":\"De janvier \u00e0 fin juin 2024, le GAP47 sera ouvert aux visiteurs tous les vendredis \u00e0 21h sans r\u00e9servation, \u00e0 l'exception du vendredi 26 janvier o\u00f9 l'observatoire sera ferm\u00e9 au public.\",\"description\":\"Groupe d&#039;Astronomie Populaire du Lot-et-Garonne, \u00e0 Montayral\",\"potentialAction\":[{\"@type\":\"SearchAction\",\"target\":{\"@type\":\"EntryPoint\",\"urlTemplate\":\"https:\/\/gap47.astrosurf.com\/?s={search_term_string}\"},\"query-input\":{\"@type\":\"PropertyValueSpecification\",\"valueRequired\":true,\"valueName\":\"search_term_string\"}}],\"inLanguage\":\"fr-FR\"}]}<\/script>\n<!-- \/ Yoast SEO plugin. -->","yoast_head_json":{"title":"La visite de 2 astrophysiciens - L&#039;observatoire est ouvert aux visiteurs tous les vendredis soirs \u00e0 21 heures, jusqu&#039;au 3 juillet 2026 inclus, sans r\u00e9servation.","robots":{"index":"index","follow":"follow","max-snippet":"max-snippet:-1","max-image-preview":"max-image-preview:large","max-video-preview":"max-video-preview:-1"},"canonical":"https:\/\/gap47.astrosurf.com\/index.php\/visite-de-2-astrophysiciens\/","og_locale":"fr_FR","og_type":"article","og_title":"La visite de 2 astrophysiciens - L&#039;observatoire est ouvert aux visiteurs tous les vendredis soirs \u00e0 21 heures, jusqu&#039;au 3 juillet 2026 inclus, sans r\u00e9servation.","og_description":"Le samedi 16 octobre, nous avons eu, gr\u00e2ce \u00e0 Martine M., membre du GAP47, le privil\u00e8ge de recevoir la visite de deux c\u00e9l\u00e8bres astrophysiciens fran\u00e7ais. Il s&rsquo;agit de Dominique Proust et de Jean-Pierre Maillard. De passage dans le Lot, ces chercheurs du CNRS sont rattach\u00e9s, l&rsquo;un \u00e0 l&rsquo;observatoire de Paris, sur le site de Meudon, &hellip; Continuer la lecture de &laquo;&nbsp;La visite de 2 astrophysiciens&nbsp;&raquo;","og_url":"https:\/\/gap47.astrosurf.com\/index.php\/visite-de-2-astrophysiciens\/","og_site_name":"L&#039;observatoire est ouvert aux visiteurs tous les vendredis soirs \u00e0 21 heures, jusqu&#039;au 3 juillet 2026 inclus, sans r\u00e9servation.","article_publisher":"https:\/\/www.facebook.com\/astrogap47\/","article_modified_time":"2021-10-28T17:54:23+00:00","og_image":[{"url":"http:\/\/gap47.astrosurf.com\/wp-content\/uploads\/2021\/10\/DSC_0002.jpg","type":"","width":"","height":""}],"twitter_card":"summary_large_image","twitter_misc":{"Dur\u00e9e de lecture estim\u00e9e":"4 minutes"},"schema":{"@context":"https:\/\/schema.org","@graph":[{"@type":"WebPage","@id":"https:\/\/gap47.astrosurf.com\/index.php\/visite-de-2-astrophysiciens\/","url":"https:\/\/gap47.astrosurf.com\/index.php\/visite-de-2-astrophysiciens\/","name":"La visite de 2 astrophysiciens - L&#039;observatoire est ouvert aux visiteurs tous les vendredis soirs \u00e0 21 heures, jusqu&#039;au 3 juillet 2026 inclus, sans r\u00e9servation.","isPartOf":{"@id":"https:\/\/gap47.astrosurf.com\/#website"},"primaryImageOfPage":{"@id":"https:\/\/gap47.astrosurf.com\/index.php\/visite-de-2-astrophysiciens\/#primaryimage"},"image":{"@id":"https:\/\/gap47.astrosurf.com\/index.php\/visite-de-2-astrophysiciens\/#primaryimage"},"thumbnailUrl":"http:\/\/gap47.astrosurf.com\/wp-content\/uploads\/2021\/10\/DSC_0002.jpg","datePublished":"2021-10-17T15:30:12+00:00","dateModified":"2021-10-28T17:54:23+00:00","breadcrumb":{"@id":"https:\/\/gap47.astrosurf.com\/index.php\/visite-de-2-astrophysiciens\/#breadcrumb"},"inLanguage":"fr-FR","potentialAction":[{"@type":"ReadAction","target":["https:\/\/gap47.astrosurf.com\/index.php\/visite-de-2-astrophysiciens\/"]}]},{"@type":"ImageObject","inLanguage":"fr-FR","@id":"https:\/\/gap47.astrosurf.com\/index.php\/visite-de-2-astrophysiciens\/#primaryimage","url":"https:\/\/gap47.astrosurf.com\/wp-content\/uploads\/2021\/10\/DSC_0002.jpg","contentUrl":"https:\/\/gap47.astrosurf.com\/wp-content\/uploads\/2021\/10\/DSC_0002.jpg","width":2500,"height":1666},{"@type":"BreadcrumbList","@id":"https:\/\/gap47.astrosurf.com\/index.php\/visite-de-2-astrophysiciens\/#breadcrumb","itemListElement":[{"@type":"ListItem","position":1,"name":"Accueil","item":"https:\/\/gap47.astrosurf.com\/"},{"@type":"ListItem","position":2,"name":"La visite de 2 astrophysiciens"}]},{"@type":"WebSite","@id":"https:\/\/gap47.astrosurf.com\/#website","url":"https:\/\/gap47.astrosurf.com\/","name":"De janvier \u00e0 fin juin 2024, le GAP47 sera ouvert aux visiteurs tous les vendredis \u00e0 21h sans r\u00e9servation, \u00e0 l'exception du vendredi 26 janvier o\u00f9 l'observatoire sera ferm\u00e9 au public.","description":"Groupe d&#039;Astronomie Populaire du Lot-et-Garonne, \u00e0 Montayral","potentialAction":[{"@type":"SearchAction","target":{"@type":"EntryPoint","urlTemplate":"https:\/\/gap47.astrosurf.com\/?s={search_term_string}"},"query-input":{"@type":"PropertyValueSpecification","valueRequired":true,"valueName":"search_term_string"}}],"inLanguage":"fr-FR"}]}},"_links":{"self":[{"href":"https:\/\/gap47.astrosurf.com\/index.php\/wp-json\/wp\/v2\/pages\/11020","targetHints":{"allow":["GET"]}}],"collection":[{"href":"https:\/\/gap47.astrosurf.com\/index.php\/wp-json\/wp\/v2\/pages"}],"about":[{"href":"https:\/\/gap47.astrosurf.com\/index.php\/wp-json\/wp\/v2\/types\/page"}],"author":[{"embeddable":true,"href":"https:\/\/gap47.astrosurf.com\/index.php\/wp-json\/wp\/v2\/users\/5"}],"replies":[{"embeddable":true,"href":"https:\/\/gap47.astrosurf.com\/index.php\/wp-json\/wp\/v2\/comments?post=11020"}],"version-history":[{"count":34,"href":"https:\/\/gap47.astrosurf.com\/index.php\/wp-json\/wp\/v2\/pages\/11020\/revisions"}],"predecessor-version":[{"id":11165,"href":"https:\/\/gap47.astrosurf.com\/index.php\/wp-json\/wp\/v2\/pages\/11020\/revisions\/11165"}],"wp:attachment":[{"href":"https:\/\/gap47.astrosurf.com\/index.php\/wp-json\/wp\/v2\/media?parent=11020"}],"curies":[{"name":"wp","href":"https:\/\/api.w.org\/{rel}","templated":true}]}}