 {"id":10629,"date":"2021-05-22T12:14:35","date_gmt":"2021-05-22T10:14:35","guid":{"rendered":"http:\/\/gap47.astrosurf.com\/?page_id=10629"},"modified":"2025-12-19T18:50:35","modified_gmt":"2025-12-19T16:50:35","slug":"reservations","status":"publish","type":"page","link":"https:\/\/gap47.astrosurf.com\/index.php\/accueil-visiteurs\/reservations\/","title":{"rendered":"R\u00e9servations"},"content":{"rendered":"<p style=\"text-align: center;\"><span style=\"font-family: 'arial black', sans-serif; color: #000000; font-size: 24px;\"><strong>De septembre 2025 jusqu&rsquo;au 3 juillet 2026 inclus, il n&rsquo;est pas n\u00e9cessaire de r\u00e9server pour nous rendre visite les vendredis soirs.<\/strong><\/span><\/p>\n<p style=\"text-align: center;\"><span style=\"color: #800080;\"><strong><span style=\"font-family: 'times new roman', times, serif; font-size: 24px;\"><a href=\"http:\/\/gap47.astrosurf.com\/index.php\/accueil-visiteurs\/visiteurs-libres\/\" target=\"_blank\" rel=\"noopener\">http:\/\/gap47.astrosurf.com\/index.php\/accueil-visiteurs\/visiteurs-libres\/<\/a><\/span><\/strong><\/span><\/p>\n<p style=\"text-align: center;\"><span style=\"font-size: 14px;\"><strong><span style=\"font-family: 'times new roman', times, serif;\"><span style=\"color: #008000; font-family: arial, helvetica, sans-serif;\">&nbsp;<\/span><\/span><\/strong><\/span><\/p>\n<p style=\"text-align: center;\"><span style=\"font-size: 28px;\"><strong><span style=\"font-family: 'times new roman', times, serif;\"><span style=\"color: #008000; font-family: arial, helvetica, sans-serif;\">Mais, \u00e0 partir du vendredi 10 juillet 2026 jusqu&rsquo;au 28 ao\u00fbt inclus, un syst\u00e8me de r\u00e9servation (du m\u00eame type que depuis 2022) est mis en place avec accueil \u00e0 20h30.<\/span><\/span><\/strong><\/span><\/p>\n<p style=\"text-align: center;\"><span style=\"font-size: 28px;\"><strong><span style=\"font-family: arial, helvetica, sans-serif; color: #008000;\">Les modalit\u00e9s de r\u00e9servations sont les suivantes :<\/span><\/strong><\/span><\/p>\n<p style=\"text-align: justify;\"><strong><span style=\"color: #000000; font-family: 'book antiqua', palatino, serif; font-size: 28px;\">Il sera possible de r\u00e9server au choix pour les 10, 17, 24 et 31 juillet, <em>et<\/em> <em>\u00e9galement pour les 6, 7 et 8 ao\u00fbt pour nos nuits de l&rsquo;Astronomie, <\/em>ainsi que pour les 14, 21 et 28 ao\u00fbt. Il est tr\u00e8s important que vous soyez ponctuels car nous organisons des groupes, notamment pour les s\u00e9ances de plan\u00e9tarium et les explications dans notre grande salle !<\/span><\/strong><\/p>\n<p><strong><span style=\"color: #008000; font-family: arial, helvetica, sans-serif; font-size: 24px;\">Chaque personne qui fera une r\u00e9servation (pour un groupe ou une famille) devra imp\u00e9rativement mentionner les \u00e9l\u00e9ments suivants :<\/span><\/strong><br \/>\n<span style=\"font-size: 24px;\"><strong>1 \u2013 Pr\u00e9cisez la date de votre choix <\/strong><em>(on vous dira si cette date est disponible)<\/em>.<\/span><br \/>\n<span style=\"font-size: 24px;\"><strong>2 \u2013 Pr\u00e9cisez le nombre de personnes dans la r\u00e9servation choisie en d\u00e9taillant : les adultes (18 ans et plus) \u2013 les adolescents (12 \u00e0 17 ans) \u2013 les enfants (11 ans et moins).<\/strong><\/span><br \/>\n<span style=\"font-size: 24px;\"><strong>3&nbsp;\u2013 Nous communiquer votre email <span style=\"color: #993366;\"><em>et un n\u00b0 de t\u00e9l\u00e9phone portable.<\/em><\/span><\/strong><\/span><br \/>\n<span style=\"font-size: 24px;\"><strong>4 \u2013 Soyez le plus possible \u00e0 l\u2019heure pour l\u2019ouverture (20h30), pour des raisons d\u2019organisation.<\/strong><\/span><br \/>\n<span style=\"font-size: 24px; color: #993366;\"><em><strong>5 \u2013 Attention :&nbsp;Les r\u00e9servations incompl\u00e8tes ne seront pas prises en compte.<\/strong><\/em><\/span><\/p>\n<p style=\"text-align: center;\"><span style=\"color: #ff0000; font-size: 28px;\"><strong><span style=\"font-family: arial, helvetica, sans-serif;\">Vous devrez imp\u00e9rativement envoyer votre r\u00e9servation au seul mail suivant : <span style=\"font-size: 48px;\">gap47@orange.fr<\/span><\/span><\/strong><\/span><\/p>\n<p style=\"text-align: justify;\"><span style=\"color: #008000; font-size: 24px; font-family: arial, helvetica, sans-serif;\"><strong>D\u00e8s que nous aurons re\u00e7u votre r\u00e9servation, un e-mail de confirmation vous sera envoy\u00e9 pour valider votre choix (ou pas). Si vous d\u00e9cidez d&rsquo;annuler ou de modifier votre r\u00e9servation, pensez aux autres et soyez gentils de nous pr\u00e9venir \u00e0 l\u2019avance de votre d\u00e9sistement. En cas de souhait de modification de date, choisissez une autre date en v\u00e9rifiant sa disponibilit\u00e9. G\u00e9n\u00e9ralement nous ne d\u00e9passons pas la limite d\u2019environ 100 personnes par soir\u00e9e. Les soir\u00e9es totalement compl\u00e8tes seront imm\u00e9diatement mentionn\u00e9es sur cette page pour indiquer qu\u2019il est inutile de tenter de r\u00e9server \u00e0 ces dates l\u00e0.<\/strong><\/span><\/p>\n<p style=\"text-align: center;\"><span style=\"color: #0000ff;\"><strong><span style=\"font-size: 24px; font-family: 'book antiqua', palatino, serif;\">\u00c0 partir de septembre 2026 et jusqu\u2019au 2 juillet 2027, les visites des vendredis soirs se feront comme d\u2019habitude, sans r\u00e9servation avec arriv\u00e9e \u00e0 21h00.<\/span><\/strong><\/span><\/p>\n<p style=\"text-align: center;\"><span style=\"font-size: 24px;\"><em><span style=\"color: #808080; font-family: arial, helvetica, sans-serif;\"><strong>Les paiements s&rsquo;effectuent \u00e0 l&rsquo;arriv\u00e9e \u00e0 l&rsquo;observatoire. Nous acceptons les paiements en esp\u00e8ces, par ch\u00e8que et par carte de cr\u00e9dit.<\/strong><\/span><\/em><\/span><\/p>\n<p style=\"text-align: center;\"><strong><span style=\"font-family: 'comic sans ms', sans-serif; font-size: 24px; color: #808080;\">Nos tarifs, quelles que soient les dates, sont toujours inchang\u00e9s :<br \/>\nadultes (18 ans et plus) : 6 \u20ac<\/span><\/strong><br \/>\n<strong><span style=\"color: #808080; font-family: 'comic sans ms', sans-serif;\"><span style=\"font-size: 24px;\">adolescents (de 12 \u00e0 17 ans) : 3 \u20ac<\/span><\/span><\/strong><br \/>\n<strong><span style=\"color: #808080; font-family: 'comic sans ms', sans-serif;\"><span style=\"font-size: 24px;\">enfants (11 ans et moins) : gratuits<\/span><\/span><\/strong><\/p>\n<hr>\n<p style=\"text-align: center;\"><strong><span style=\"font-family: 'times new roman', times, serif; font-size: 24px; color: #993300;\"><span style=\"font-size: 28px;\">Attention :<\/span> &nbsp;en dehors des vendredis soirs et toute l&rsquo;ann\u00e9e, les r\u00e9servations restent n\u00e9cessaires pour les scolaires, les groupes des centres de loisirs et les groupes priv\u00e9s souhaitant une r\u00e9servation particuli\u00e8re en journ\u00e9e et\/ou en soir\u00e9e : Dans ce cas, nous contacter exclusivement par mail \u00e0 <span style=\"font-size: 32px;\"><a style=\"color: #993300;\" href=\"mailto:gap47@laposte.net\">gap47@laposte.net<\/a><\/span><\/span><\/strong><\/p>\n<p style=\"text-align: center;\"><span style=\"font-size: 24px; color: #800080;\"><strong><span style=\"font-family: 'comic sans ms', sans-serif;\">Voir, <a style=\"color: #800080;\" href=\"http:\/\/gap47.astrosurf.com\/index.php\/accueil-visiteurs\/groupes-scolaires\/\" target=\"_blank\" rel=\"noopener\">les scolaires<\/a>, <a style=\"color: #800080;\" href=\"http:\/\/gap47.astrosurf.com\/index.php\/accueil-visiteurs\/autres-groupes\/\" target=\"_blank\" rel=\"noopener\">les autres groupes<\/a>&nbsp;et <a style=\"color: #800080;\" href=\"http:\/\/gap47.astrosurf.com\/index.php\/groupes-prives\/\" target=\"_blank\" rel=\"noopener\">les groupes priv\u00e9s<\/a><\/span><\/strong><span style=\"font-family: 'comic sans ms', sans-serif;\">.<\/span><\/span><\/p>\n<hr>\n<div class=\"lh0 pos741\">\n<div class=\"lh0 pos742\">&nbsp;<\/div>\n<\/div>\n","protected":false},"excerpt":{"rendered":"<p>De septembre 2025 jusqu&rsquo;au 3 juillet 2026 inclus, il n&rsquo;est pas n\u00e9cessaire de r\u00e9server pour nous rendre visite les vendredis soirs. http:\/\/gap47.astrosurf.com\/index.php\/accueil-visiteurs\/visiteurs-libres\/ &nbsp; Mais, \u00e0 partir du vendredi 10 juillet 2026 jusqu&rsquo;au 28 ao\u00fbt inclus, un syst\u00e8me de r\u00e9servation (du m\u00eame type que depuis 2022) est mis en place avec accueil \u00e0 20h30. Les modalit\u00e9s &hellip; <\/p>\n<p class=\"link-more\"><a href=\"https:\/\/gap47.astrosurf.com\/index.php\/accueil-visiteurs\/reservations\/\" class=\"more-link\">Continuer la lecture<span class=\"screen-reader-text\"> de &laquo;&nbsp;R\u00e9servations&nbsp;&raquo;<\/span><\/a><\/p>\n","protected":false},"author":5,"featured_media":0,"parent":29,"menu_order":0,"comment_status":"closed","ping_status":"closed","template":"","meta":{"_exactmetrics_skip_tracking":false,"_exactmetrics_sitenote_active":false,"_exactmetrics_sitenote_note":"","_exactmetrics_sitenote_category":0,"ngg_post_thumbnail":0,"footnotes":""},"class_list":["post-10629","page","type-page","status-publish","hentry"],"yoast_head":"<!-- This site is optimized with the Yoast SEO plugin v24.8.1 - https:\/\/yoast.com\/wordpress\/plugins\/seo\/ -->\n<title>R\u00e9servations - L&#039;observatoire est ouvert aux visiteurs tous les vendredis soirs \u00e0 21 heures, jusqu&#039;au 3 juillet 2026 inclus, sans r\u00e9servation.<\/title>\n<meta name=\"robots\" content=\"index, follow, max-snippet:-1, max-image-preview:large, max-video-preview:-1\" \/>\n<link rel=\"canonical\" href=\"https:\/\/gap47.astrosurf.com\/index.php\/accueil-visiteurs\/reservations\/\" \/>\n<meta property=\"og:locale\" content=\"fr_FR\" \/>\n<meta property=\"og:type\" content=\"article\" \/>\n<meta property=\"og:title\" content=\"R\u00e9servations - L&#039;observatoire est ouvert aux visiteurs tous les vendredis soirs \u00e0 21 heures, jusqu&#039;au 3 juillet 2026 inclus, sans r\u00e9servation.\" \/>\n<meta property=\"og:description\" content=\"De septembre 2025 jusqu&rsquo;au 3 juillet 2026 inclus, il n&rsquo;est pas n\u00e9cessaire de r\u00e9server pour nous rendre visite les vendredis soirs. http:\/\/gap47.astrosurf.com\/index.php\/accueil-visiteurs\/visiteurs-libres\/ &nbsp; Mais, \u00e0 partir du vendredi 10 juillet 2026 jusqu&rsquo;au 28 ao\u00fbt inclus, un syst\u00e8me de r\u00e9servation (du m\u00eame type que depuis 2022) est mis en place avec accueil \u00e0 20h30. Les modalit\u00e9s &hellip; Continuer la lecture de &laquo;&nbsp;R\u00e9servations&nbsp;&raquo;\" \/>\n<meta property=\"og:url\" content=\"https:\/\/gap47.astrosurf.com\/index.php\/accueil-visiteurs\/reservations\/\" \/>\n<meta property=\"og:site_name\" content=\"L&#039;observatoire est ouvert aux visiteurs tous les vendredis soirs \u00e0 21 heures, jusqu&#039;au 3 juillet 2026 inclus, sans r\u00e9servation.\" \/>\n<meta property=\"article:publisher\" content=\"https:\/\/www.facebook.com\/astrogap47\/\" \/>\n<meta property=\"article:modified_time\" content=\"2025-12-19T16:50:35+00:00\" \/>\n<meta name=\"twitter:card\" content=\"summary_large_image\" \/>\n<meta name=\"twitter:label1\" content=\"Dur\u00e9e de lecture estim\u00e9e\" \/>\n\t<meta name=\"twitter:data1\" content=\"3 minutes\" \/>\n<script type=\"application\/ld+json\" class=\"yoast-schema-graph\">{\"@context\":\"https:\/\/schema.org\",\"@graph\":[{\"@type\":\"WebPage\",\"@id\":\"https:\/\/gap47.astrosurf.com\/index.php\/accueil-visiteurs\/reservations\/\",\"url\":\"https:\/\/gap47.astrosurf.com\/index.php\/accueil-visiteurs\/reservations\/\",\"name\":\"R\u00e9servations - L&#039;observatoire est ouvert aux visiteurs tous les vendredis soirs \u00e0 21 heures, jusqu&#039;au 3 juillet 2026 inclus, sans r\u00e9servation.\",\"isPartOf\":{\"@id\":\"https:\/\/gap47.astrosurf.com\/#website\"},\"datePublished\":\"2021-05-22T10:14:35+00:00\",\"dateModified\":\"2025-12-19T16:50:35+00:00\",\"breadcrumb\":{\"@id\":\"https:\/\/gap47.astrosurf.com\/index.php\/accueil-visiteurs\/reservations\/#breadcrumb\"},\"inLanguage\":\"fr-FR\",\"potentialAction\":[{\"@type\":\"ReadAction\",\"target\":[\"https:\/\/gap47.astrosurf.com\/index.php\/accueil-visiteurs\/reservations\/\"]}]},{\"@type\":\"BreadcrumbList\",\"@id\":\"https:\/\/gap47.astrosurf.com\/index.php\/accueil-visiteurs\/reservations\/#breadcrumb\",\"itemListElement\":[{\"@type\":\"ListItem\",\"position\":1,\"name\":\"Accueil\",\"item\":\"https:\/\/gap47.astrosurf.com\/\"},{\"@type\":\"ListItem\",\"position\":2,\"name\":\"Accueil visiteurs\",\"item\":\"https:\/\/gap47.astrosurf.com\/index.php\/accueil-visiteurs\/\"},{\"@type\":\"ListItem\",\"position\":3,\"name\":\"R\u00e9servations\"}]},{\"@type\":\"WebSite\",\"@id\":\"https:\/\/gap47.astrosurf.com\/#website\",\"url\":\"https:\/\/gap47.astrosurf.com\/\",\"name\":\"De janvier \u00e0 fin juin 2024, le GAP47 sera ouvert aux visiteurs tous les vendredis \u00e0 21h sans r\u00e9servation, \u00e0 l'exception du vendredi 26 janvier o\u00f9 l'observatoire sera ferm\u00e9 au public.\",\"description\":\"Groupe d&#039;Astronomie Populaire du Lot-et-Garonne, \u00e0 Montayral\",\"potentialAction\":[{\"@type\":\"SearchAction\",\"target\":{\"@type\":\"EntryPoint\",\"urlTemplate\":\"https:\/\/gap47.astrosurf.com\/?s={search_term_string}\"},\"query-input\":{\"@type\":\"PropertyValueSpecification\",\"valueRequired\":true,\"valueName\":\"search_term_string\"}}],\"inLanguage\":\"fr-FR\"}]}<\/script>\n<!-- \/ Yoast SEO plugin. -->","yoast_head_json":{"title":"R\u00e9servations - L&#039;observatoire est ouvert aux visiteurs tous les vendredis soirs \u00e0 21 heures, jusqu&#039;au 3 juillet 2026 inclus, sans r\u00e9servation.","robots":{"index":"index","follow":"follow","max-snippet":"max-snippet:-1","max-image-preview":"max-image-preview:large","max-video-preview":"max-video-preview:-1"},"canonical":"https:\/\/gap47.astrosurf.com\/index.php\/accueil-visiteurs\/reservations\/","og_locale":"fr_FR","og_type":"article","og_title":"R\u00e9servations - L&#039;observatoire est ouvert aux visiteurs tous les vendredis soirs \u00e0 21 heures, jusqu&#039;au 3 juillet 2026 inclus, sans r\u00e9servation.","og_description":"De septembre 2025 jusqu&rsquo;au 3 juillet 2026 inclus, il n&rsquo;est pas n\u00e9cessaire de r\u00e9server pour nous rendre visite les vendredis soirs. http:\/\/gap47.astrosurf.com\/index.php\/accueil-visiteurs\/visiteurs-libres\/ &nbsp; Mais, \u00e0 partir du vendredi 10 juillet 2026 jusqu&rsquo;au 28 ao\u00fbt inclus, un syst\u00e8me de r\u00e9servation (du m\u00eame type que depuis 2022) est mis en place avec accueil \u00e0 20h30. Les modalit\u00e9s &hellip; Continuer la lecture de &laquo;&nbsp;R\u00e9servations&nbsp;&raquo;","og_url":"https:\/\/gap47.astrosurf.com\/index.php\/accueil-visiteurs\/reservations\/","og_site_name":"L&#039;observatoire est ouvert aux visiteurs tous les vendredis soirs \u00e0 21 heures, jusqu&#039;au 3 juillet 2026 inclus, sans r\u00e9servation.","article_publisher":"https:\/\/www.facebook.com\/astrogap47\/","article_modified_time":"2025-12-19T16:50:35+00:00","twitter_card":"summary_large_image","twitter_misc":{"Dur\u00e9e de lecture estim\u00e9e":"3 minutes"},"schema":{"@context":"https:\/\/schema.org","@graph":[{"@type":"WebPage","@id":"https:\/\/gap47.astrosurf.com\/index.php\/accueil-visiteurs\/reservations\/","url":"https:\/\/gap47.astrosurf.com\/index.php\/accueil-visiteurs\/reservations\/","name":"R\u00e9servations - L&#039;observatoire est ouvert aux visiteurs tous les vendredis soirs \u00e0 21 heures, jusqu&#039;au 3 juillet 2026 inclus, sans r\u00e9servation.","isPartOf":{"@id":"https:\/\/gap47.astrosurf.com\/#website"},"datePublished":"2021-05-22T10:14:35+00:00","dateModified":"2025-12-19T16:50:35+00:00","breadcrumb":{"@id":"https:\/\/gap47.astrosurf.com\/index.php\/accueil-visiteurs\/reservations\/#breadcrumb"},"inLanguage":"fr-FR","potentialAction":[{"@type":"ReadAction","target":["https:\/\/gap47.astrosurf.com\/index.php\/accueil-visiteurs\/reservations\/"]}]},{"@type":"BreadcrumbList","@id":"https:\/\/gap47.astrosurf.com\/index.php\/accueil-visiteurs\/reservations\/#breadcrumb","itemListElement":[{"@type":"ListItem","position":1,"name":"Accueil","item":"https:\/\/gap47.astrosurf.com\/"},{"@type":"ListItem","position":2,"name":"Accueil visiteurs","item":"https:\/\/gap47.astrosurf.com\/index.php\/accueil-visiteurs\/"},{"@type":"ListItem","position":3,"name":"R\u00e9servations"}]},{"@type":"WebSite","@id":"https:\/\/gap47.astrosurf.com\/#website","url":"https:\/\/gap47.astrosurf.com\/","name":"De janvier \u00e0 fin juin 2024, le GAP47 sera ouvert aux visiteurs tous les vendredis \u00e0 21h sans r\u00e9servation, \u00e0 l'exception du vendredi 26 janvier o\u00f9 l'observatoire sera ferm\u00e9 au public.","description":"Groupe d&#039;Astronomie Populaire du Lot-et-Garonne, \u00e0 Montayral","potentialAction":[{"@type":"SearchAction","target":{"@type":"EntryPoint","urlTemplate":"https:\/\/gap47.astrosurf.com\/?s={search_term_string}"},"query-input":{"@type":"PropertyValueSpecification","valueRequired":true,"valueName":"search_term_string"}}],"inLanguage":"fr-FR"}]}},"_links":{"self":[{"href":"https:\/\/gap47.astrosurf.com\/index.php\/wp-json\/wp\/v2\/pages\/10629","targetHints":{"allow":["GET"]}}],"collection":[{"href":"https:\/\/gap47.astrosurf.com\/index.php\/wp-json\/wp\/v2\/pages"}],"about":[{"href":"https:\/\/gap47.astrosurf.com\/index.php\/wp-json\/wp\/v2\/types\/page"}],"author":[{"embeddable":true,"href":"https:\/\/gap47.astrosurf.com\/index.php\/wp-json\/wp\/v2\/users\/5"}],"replies":[{"embeddable":true,"href":"https:\/\/gap47.astrosurf.com\/index.php\/wp-json\/wp\/v2\/comments?post=10629"}],"version-history":[{"count":238,"href":"https:\/\/gap47.astrosurf.com\/index.php\/wp-json\/wp\/v2\/pages\/10629\/revisions"}],"predecessor-version":[{"id":13776,"href":"https:\/\/gap47.astrosurf.com\/index.php\/wp-json\/wp\/v2\/pages\/10629\/revisions\/13776"}],"up":[{"embeddable":true,"href":"https:\/\/gap47.astrosurf.com\/index.php\/wp-json\/wp\/v2\/pages\/29"}],"wp:attachment":[{"href":"https:\/\/gap47.astrosurf.com\/index.php\/wp-json\/wp\/v2\/media?parent=10629"}],"curies":[{"name":"wp","href":"https:\/\/api.w.org\/{rel}","templated":true}]}}